{"id":5872,"date":"2020-01-23T06:09:54","date_gmt":"2020-01-23T06:09:54","guid":{"rendered":"https:\/\/icwpredflag.org\/wp\/wordpress\/?page_id=5872"},"modified":"2020-01-23T06:15:51","modified_gmt":"2020-01-23T06:15:51","slug":"en-francais-les-masses-levent-les-poings-pour-la-revolution-communiste","status":"publish","type":"page","link":"https:\/\/icwpredflag.org\/wp\/wordpress\/volume-10-number-17\/en-francais-les-masses-levent-les-poings-pour-la-revolution-communiste\/","title":{"rendered":"En Fran\u00e7ais: Les masses l\u00e8vent les poings pour la r\u00e9volution communiste"},"content":{"rendered":"<p style=\"text-align: justify;\">Le vendredi 20 d\u00e9cembre 2019 ne ressemble \u00e0 aucun autre jour dans l&#8217;histoire du Bengaluru, en Inde.<\/p>\n<p style=\"text-align: justify;\">Divers groupes antifascistes avaient appel\u00e9 massivement aux gens pour qu&#8217;ils se rassemblent devant la plus grande mosqu\u00e9e de la ville. Les organisateurs s&#8217;attendaient \u00e0 ce qu&#8217;un lakh (100.000 personnes) se pr\u00e9sente contre les lois fascistes et x\u00e9nophobes adopt\u00e9es par le gouvernement en Inde.<\/p>\n<p style=\"text-align: justify;\">Bengaluru est la capitale de l&#8217;Etat du Karnataka, qui est contr\u00f4l\u00e9 par le BJP fasciste. Ils avaient cr\u00e9\u00e9 tous les obstacles possibles.\u00a0\u00a0 Les services de m\u00e9tro ont \u00e9t\u00e9 suspendus, les routes principales ont \u00e9t\u00e9 barricad\u00e9es. En utilisant une loi de l&#8217;\u00e9poque coloniale, la loi militaire a \u00e9t\u00e9 d\u00e9clar\u00e9e avec des milliers de policiers vicieux et racistes en vigueur.<\/p>\n<p style=\"text-align: justify;\">Des jours \u00e0 l&#8217;avance, des camarades techniciens avaient cr\u00e9\u00e9 des messages &#8221; afficher et supprimer &#8221; sur des micro groupes de m\u00e9dias sociaux. Ceux-ci disaient que seule la r\u00e9volution communiste, sans fronti\u00e8res et sans argent, peut vaincre le capitalisme et le fascisme. Ces messages ont \u00e9t\u00e9 r\u00e9affich\u00e9s, atteignant des milliers de personnes.<\/p>\n<p style=\"text-align: justify;\">Un groupe de membres du PCIT, pour la plupart des femmes ouvri\u00e8res de la confection, leurs voisins et amis, se joignirent \u00e0 la marche. Nous avons imm\u00e9diatement lanc\u00e9 des slogans communistes.<\/p>\n<p style=\"text-align: justify;\">Un slogan populaire dans les manifestations de rue va comme suit : Une personne crie : &#8221; De la faim et de la famine &#8221; et la foule irradie : &#8221; Azadi ! &#8221; (le mot hindi pour la libert\u00e9). &#8220;De la bigoterie religieuse&#8221; et la foule r\u00e9pond, &#8220;Azadi !&#8221; Et \u00e7a continue encore et encore, d\u00e9non\u00e7ant la police, les attaques contre les femmes, les viols, le sectarisme &#8211; &#8220;Azadi !&#8221;<\/p>\n<p style=\"text-align: justify;\">Nos camarades ont commenc\u00e9 \u00e0 r\u00e9pondre &#8220;R\u00e9volution communiste !&#8221; De nombreux hindous, musulmans, dalits, la\u00efcs, femmes et hommes, travailleurs de la confection et professionnels de l&#8217;informatique ont lev\u00e9 le poing \u00e0 l&#8217;unisson en chantant haut et fort &#8221; R\u00e9volution communiste &#8221; !<\/p>\n<p style=\"text-align: justify;\">A partir d&#8217;un lakh au d\u00e9part, la marche a commenc\u00e9 \u00e0 gonfler en nombre et en militantisme. La pr\u00e9sence \u00e9crasante de non-musulmans et de femmes, et leur col\u00e8re contre les lois fascistes, nous ont montr\u00e9 qu&#8217;ils \u00e9taient ouverts au communisme.<\/p>\n<p style=\"text-align: justify;\">Bient\u00f4t, la marche avait atteint le million ! Notre contingent a essay\u00e9 de rester ensemble, mais c&#8217;\u00e9tait impossible. O\u00f9 que nous soyons, nous avons essay\u00e9 de soulever la politique communiste.<\/p>\n<p style=\"text-align: justify;\">Nous sommes retourn\u00e9s dans notre quartier apr\u00e8s avoir d\u00e9fil\u00e9 et chant\u00e9 pendant plus de 10 heures. Nous \u00e9tions \u00e9puis\u00e9s mais pleins d&#8217;\u00e9nergie, \u00e0 parler, \u00e0 bavarder et \u00e0 chanter des chansons communistes.<\/p>\n<p style=\"text-align: justify;\">Notre exp\u00e9rience se traduira par un recrutement plus important pour le PCIT. Nous allons diffuser notre litt\u00e9rature et nos messages plus vigoureusement dans les usines, les \u00e9coles et les quartiers.<\/p>\n<p style=\"text-align: justify;\">-Collectif du parti au Bengaluru, Inde<\/p>\n<p><img loading=\"lazy\" decoding=\"async\" class=\"wp-image-5791 aligncenter\" src=\"https:\/\/icwpredflag.org\/wp\/wordpress\/wp-content\/uploads\/2020\/01\/indiacops-300x298.jpg\" alt=\"\" width=\"649\" height=\"645\" srcset=\"https:\/\/icwpredflag.org\/wp\/wordpress\/wp-content\/uploads\/2020\/01\/indiacops-300x298.jpg 300w, https:\/\/icwpredflag.org\/wp\/wordpress\/wp-content\/uploads\/2020\/01\/indiacops-150x150.jpg 150w, https:\/\/icwpredflag.org\/wp\/wordpress\/wp-content\/uploads\/2020\/01\/indiacops.jpg 574w\" sizes=\"auto, (max-width: 649px) 100vw, 649px\" \/><\/p>\n<p style=\"text-align: center;\"><strong>Des \u00e9tudiantes musulmanes Jamia Milia prot\u00e9geant un \u00e9tudiant de la police<\/strong><\/p>\n<h4><a href=\"https:\/\/icwpredflag.org\/wp\/wordpress\/\">Premi\u00e8re page de ce num\u00e9ro<\/a><\/h4>\n","protected":false},"excerpt":{"rendered":"<p>Le vendredi 20 d\u00e9cembre 2019 ne ressemble \u00e0 aucun autre jour dans l&#8217;histoire du Bengaluru, en Inde. Divers groupes antifascistes avaient appel\u00e9 massivement aux gens pour qu&#8217;ils se rassemblent devant la plus grande mosqu\u00e9e de la ville. Les organisateurs s&#8217;attendaient \u00e0 ce qu&#8217;un lakh (100.000 personnes) se pr\u00e9sente contre les lois fascistes et x\u00e9nophobes adopt\u00e9es &hellip; <a href=\"https:\/\/icwpredflag.org\/wp\/wordpress\/volume-10-number-17\/en-francais-les-masses-levent-les-poings-pour-la-revolution-communiste\/\" class=\"more-link\">Continue reading <span class=\"screen-reader-text\">En Fran\u00e7ais: Les masses l\u00e8vent les poings pour la r\u00e9volution communiste<\/span><\/a><\/p>\n","protected":false},"author":1,"featured_media":4193,"parent":5800,"menu_order":0,"comment_status":"closed","ping_status":"closed","template":"","meta":{"footnotes":""},"class_list":["post-5872","page","type-page","status-publish","has-post-thumbnail","hentry"],"_links":{"self":[{"href":"https:\/\/icwpredflag.org\/wp\/wordpress\/wp-json\/wp\/v2\/pages\/5872","targetHints":{"allow":["GET"]}}],"collection":[{"href":"https:\/\/icwpredflag.org\/wp\/wordpress\/wp-json\/wp\/v2\/pages"}],"about":[{"href":"https:\/\/icwpredflag.org\/wp\/wordpress\/wp-json\/wp\/v2\/types\/page"}],"author":[{"embeddable":true,"href":"https:\/\/icwpredflag.org\/wp\/wordpress\/wp-json\/wp\/v2\/users\/1"}],"replies":[{"embeddable":true,"href":"https:\/\/icwpredflag.org\/wp\/wordpress\/wp-json\/wp\/v2\/comments?post=5872"}],"version-history":[{"count":5,"href":"https:\/\/icwpredflag.org\/wp\/wordpress\/wp-json\/wp\/v2\/pages\/5872\/revisions"}],"predecessor-version":[{"id":5877,"href":"https:\/\/icwpredflag.org\/wp\/wordpress\/wp-json\/wp\/v2\/pages\/5872\/revisions\/5877"}],"up":[{"embeddable":true,"href":"https:\/\/icwpredflag.org\/wp\/wordpress\/wp-json\/wp\/v2\/pages\/5800"}],"wp:featuredmedia":[{"embeddable":true,"href":"https:\/\/icwpredflag.org\/wp\/wordpress\/wp-json\/wp\/v2\/media\/4193"}],"wp:attachment":[{"href":"https:\/\/icwpredflag.org\/wp\/wordpress\/wp-json\/wp\/v2\/media?parent=5872"}],"curies":[{"name":"wp","href":"https:\/\/api.w.org\/{rel}","templated":true}]}}