{"id":10196,"date":"2023-04-02T09:35:24","date_gmt":"2023-04-02T09:35:24","guid":{"rendered":"https:\/\/icwpredflag.org\/wp\/wordpress\/wps\/?page_id=10196"},"modified":"2023-04-02T09:35:24","modified_gmt":"2023-04-02T09:35:24","slug":"sudafrica-crisis-capitalista-exige-revolucion-comunista-no-reforma-socialista","status":"publish","type":"page","link":"https:\/\/icwpredflag.org\/wp\/wordpress\/wps\/volumen-14-numero-4\/sudafrica-crisis-capitalista-exige-revolucion-comunista-no-reforma-socialista\/","title":{"rendered":"Sud\u00e1frica: Crisis Capitalista Exige Revoluci\u00f3n Comunista, no Reforma Socialista"},"content":{"rendered":"<p style=\"text-align: center\"><strong>Luchando con las Masas por la Revoluci\u00f3n Comunista, no Por la Reforma Socialista\u00a0<a class=\"icwp-emph\" href=\"#1\">aqu\u00ed \u2666<\/a>\u00a0Las masas en Kenia Echan a Correr a la Polic\u00eda\u00a0<a class=\"icwp-emph\" href=\"#2\">aqu\u00ed \u2666<\/a><\/strong><\/p>\n<p><img loading=\"lazy\" decoding=\"async\" class=\"aligncenter wp-image-10184\" src=\"https:\/\/icwpredflag.org\/wp\/wordpress\/wps\/wp-content\/uploads\/sites\/2\/2023\/03\/portelz.jpg\" alt=\"\" width=\"701\" height=\"659\" srcset=\"https:\/\/icwpredflag.org\/wp\/wordpress\/wps\/wp-content\/uploads\/sites\/2\/2023\/03\/portelz.jpg 350w, https:\/\/icwpredflag.org\/wp\/wordpress\/wps\/wp-content\/uploads\/sites\/2\/2023\/03\/portelz-300x282.jpg 300w\" sizes=\"auto, (max-width: 701px) 100vw, 701px\" \/><\/p>\n<h4 id=\"1\" style=\"text-align: center\"><span style=\"color: #ff0000\"><strong>Para Acabar con la Crisis Capitalista: Luchemos por la Revoluci\u00f3n Comunista, No por Reformas Socialistas<\/strong><\/span><\/h4>\n<p style=\"text-align: justify\">GQEBERHA (Sud\u00e1frica), 20 de marzo &#8211; Masas se manifestaron hoy por todas las ciudades sudafricanas, contra el presidente Ramaphosa y la crisis del capitalismo caracterizada por la explotaci\u00f3n, la pobreza, el hambre, el crimen, los apagones y la corrupci\u00f3n. En todo el continente tambi\u00e9n hubo manifestaciones, como en Kenia y Nigeria. En todo el mundo hay manifestaciones similares.<\/p>\n<p style=\"text-align: justify\">Aunque la huelga estaba dirigida por los reformistas socialistas EFF (Luchadores por una Libertad Econ\u00f3mica) y la Federaci\u00f3n Sudafricana de Sindicatos, nosotros, como PCOI, no obstante, participamos y distribuimos Bandera Roja a las masas. Nuestra l\u00ednea era que deb\u00edamos luchar directamente por el comunismo, no por el socialismo, que nos lleva inevitablemente al mismo lugar del capitalismo. La historia de los comunistas en el pasado lo ha demostrado.<\/p>\n<p style=\"text-align: justify\">Tuvimos interesantes conversaciones con los manifestantes, incluidos miembros de EFF. Mostraron entusiasmo mientras distribu\u00edamos los 120 ejemplares del peri\u00f3dico que ten\u00edamos.<\/p>\n<p>Un camionero pregunt\u00f3: \u00ab\u00bfQu\u00e9 es esto, camarada?<\/p>\n<p style=\"text-align: justify\">El camarada N respondi\u00f3: \u00abEs Bandera Roja, un peri\u00f3dico comunista. Somos miembros del PCOI\u00bb.<\/p>\n<p>\u00abNunca he o\u00eddo hablar del PCOI, \u00bfes un partido nuevo?<\/p>\n<p style=\"text-align: justify\">\u00abNo somos nuevos\u00bb, respondi\u00f3 el camarada N. \u00abHace casi 10 a\u00f1os que el partido opera en Sud\u00e1frica, especialmente aqu\u00ed en Gqeberha. Llamamos a luchar directamente por la revoluci\u00f3n comunista. Los capitalistas nos han explotado durante mucho tiempo, y si no luchamos para cambiarlo, nada cambiar\u00e1\u00bb.<\/p>\n<p style=\"text-align: justify\">El camarada camionero respondi\u00f3: \u00abS\u00ed, en efecto, luchamos contra lo mismo. Por eso estoy aqu\u00ed. El capitalismo debe caer. Seguiremos adelante con el socialismo\u00bb.<\/p>\n<p style=\"text-align: justify\">Otro camarada del PCOI replic\u00f3: \u00abCreemos que el socialismo nos llevar\u00e1 al mismo lugar en el que estamos ahora. Estamos de acuerdo con el FEP en que el capitalismo debe caer. Sin embargo, no estamos de acuerdo con la l\u00ednea socialista porque el socialismo s\u00f3lo quiere reformar el sistema y no erradicarlo. Por lo tanto, es otra forma de capitalismo\u00bb.<\/p>\n<p style=\"text-align: justify\">El camarada dijo entonces: \u00abVaya, te escucho, es una perspectiva interesante. Nunca lo hab\u00eda visto as\u00ed. Ll\u00e9vate, mi Facebook, y quiz\u00e1 podamos charlar m\u00e1s, aunque siempre estoy ocupado porque siempre estoy de viaje\u00bb.<\/p>\n<p style=\"text-align: justify\">Estas son a menudo el tipo de conversaciones que encontramos con las masas que est\u00e1n enfadadas y quieren alternativas. La mayor\u00eda de las veces quieren reformas.<\/p>\n<p style=\"text-align: justify\">Tuvimos una conversaci\u00f3n similar con los estudiantes en la marcha. Pensaban que si consegu\u00edamos la educaci\u00f3n terciaria gratuita (universidades acad\u00e9micas y t\u00e9cnicas) las cosas mejorar\u00edan porque \u00abtendr\u00edamos empleo\u00bb.<\/p>\n<p style=\"text-align: justify\">Seguimos explicando que no podemos hacer las paces con los enemigos de clase, ya que s\u00f3lo buscan la explotaci\u00f3n, lo que inevitablemente conducir\u00e1 a los mismos problemas de los que nos quejamos. Las reformas no cambian la situaci\u00f3n de la clase obrera y son cada vez m\u00e1s imposibles en la crisis del capitalismo tal como existe.<\/p>\n<p style=\"text-align: justify\">Muchos trabajadores de todo el mundo deben ser ganados a la revoluci\u00f3n comunista y no a la reforma. El sistema capitalista necesita que los trabajadores sean despedidos. Necesita que los salarios se estanquen o caigan. Necesita la xenofobia para dividirnos. El capitalismo necesita de las guerras para que contin\u00faen las ganancias y la explotaci\u00f3n.<\/p>\n<p style=\"text-align: justify\">Otro ejemplo que le mostramos a los estudiantes del EFF es que en 2017 se llevaron a cabo huelgas similares contra Zuma y este dimiti\u00f3. Pero nada cambi\u00f3; de hecho, algunas cosas han empeorado. Por lo tanto, no importa qu\u00e9 cara gobierne. Es el sistema capitalista el que debe caer y no ser sustituido por reformas en las que los jefes sigan existiendo para explotarnos y obtener ganancias.<\/p>\n<p style=\"text-align: justify\">Debemos esforzarnos y seguir difundiendo nuestras ideas comunistas y lo seguimos haciendo en estas marchas y huelgas. Los trabajadores nos dan la bienvenida y podemos construir con confianza y sentar las bases para una revoluci\u00f3n comunista. Animamos a los trabajadores y estudiantes aqu\u00ed en Sud\u00e1frica y en todo el mundo a unirse al PCOI en nuestra lucha contra el capitalismo.<\/p>\n<h4 id=\"2\" style=\"text-align: center\"><span style=\"color: #ff0000\"><strong>Las Masas en Kenia Echan a Correr a la polic\u00eda<\/strong><\/span><\/h4>\n<p><img loading=\"lazy\" decoding=\"async\" class=\"aligncenter wp-image-10182\" src=\"https:\/\/icwpredflag.org\/wp\/wordpress\/wps\/wp-content\/uploads\/sites\/2\/2023\/03\/niarob.jpg\" alt=\"\" width=\"617\" height=\"387\" srcset=\"https:\/\/icwpredflag.org\/wp\/wordpress\/wps\/wp-content\/uploads\/sites\/2\/2023\/03\/niarob.jpg 411w, https:\/\/icwpredflag.org\/wp\/wordpress\/wps\/wp-content\/uploads\/sites\/2\/2023\/03\/niarob-300x188.jpg 300w\" sizes=\"auto, (max-width: 617px) 100vw, 617px\" \/><\/p>\n<p style=\"text-align: justify\"><strong>20 de marzo&#8211;Esta imagen capta el momento en que las fuerzas de seguridad en Nairobi, Kenia, se vieron superadas num\u00e9ricamente por las masas y dieron la media vuelta y huyeron.<\/strong><\/p>\n<p>\u00bb Nos manifest\u00e1bamos por el alto costo de la vida. La vida es dif\u00edcil, no s\u00f3lo en Nairobi. Era en todo el pa\u00eds\u00bb, texte\u00f3 un amigo de Kenia.<\/p>\n<p>El lunes 20 de marzo, miles de personas se manifestaron en Kenia por todo el pa\u00eds, en muchas ciudades, contra los precios de los alimentos y el coste de la vida. Fueron reprimidos por la polic\u00eda keniana, que utiliz\u00f3 gases lacrim\u00f3genos contra las masas en las calles y asesin\u00f3 en Kisumu con fuego real a un estudiante manifestante. Las fuerzas de seguridad kenianas, entrenadas y armadas por los capitalistas estadounidenses e israel\u00edes han reprimido estas protestas por el momento. Pero la crisis capitalista est\u00e1 haciendo la vida imposible a las masas en todas partes. Trabajaremos m\u00e1s duro para llevar Bandera Roja a los amigos de Kenia y de todo el mundo.<\/p>\n<p style=\"text-align: center\"><strong>Lee el Manifiesto del PCOI:<\/strong><\/p>\n<p style=\"text-align: center\"><strong>Movilicemos a las Masas para el Comunismo<\/strong><\/p>\n<p style=\"text-align: center\"><a href=\"https:\/\/icwpredflag.org\/MMC\/MMCSfin.pdf\" target=\"_blank\" rel=\"noopener\"><span style=\"color: #ff0000\"><strong>Aqu\u00ed<\/strong><\/span><\/a><\/p>\n<h4><a href=\"https:\/\/icwpredflag.org\/wp\/wordpress\/wps\/volumen-14-numero-4\/\">Primera p\u00e1gina de esta edici\u00f3n<\/a><\/h4>\n","protected":false},"excerpt":{"rendered":"<p>Luchando con las Masas por la Revoluci\u00f3n Comunista, no Por la Reforma Socialista\u00a0aqu\u00ed \u2666\u00a0Las masas en Kenia Echan a Correr a la Polic\u00eda\u00a0aqu\u00ed \u2666 Para Acabar con la Crisis Capitalista: Luchemos por la Revoluci\u00f3n Comunista, No por Reformas Socialistas GQEBERHA (Sud\u00e1frica), 20 de marzo &#8211; Masas se manifestaron hoy por todas las ciudades sudafricanas, contra &hellip; <a href=\"https:\/\/icwpredflag.org\/wp\/wordpress\/wps\/volumen-14-numero-4\/sudafrica-crisis-capitalista-exige-revolucion-comunista-no-reforma-socialista\/\" class=\"more-link\">Sigue leyendo <span class=\"screen-reader-text\">Sud\u00e1frica: Crisis Capitalista Exige Revoluci\u00f3n Comunista, no Reforma Socialista<\/span><\/a><\/p>\n","protected":false},"author":6,"featured_media":5655,"parent":10188,"menu_order":0,"comment_status":"closed","ping_status":"closed","template":"","meta":{"footnotes":""},"class_list":["post-10196","page","type-page","status-publish","has-post-thumbnail","hentry"],"_links":{"self":[{"href":"https:\/\/icwpredflag.org\/wp\/wordpress\/wps\/wp-json\/wp\/v2\/pages\/10196","targetHints":{"allow":["GET"]}}],"collection":[{"href":"https:\/\/icwpredflag.org\/wp\/wordpress\/wps\/wp-json\/wp\/v2\/pages"}],"about":[{"href":"https:\/\/icwpredflag.org\/wp\/wordpress\/wps\/wp-json\/wp\/v2\/types\/page"}],"author":[{"embeddable":true,"href":"https:\/\/icwpredflag.org\/wp\/wordpress\/wps\/wp-json\/wp\/v2\/users\/6"}],"replies":[{"embeddable":true,"href":"https:\/\/icwpredflag.org\/wp\/wordpress\/wps\/wp-json\/wp\/v2\/comments?post=10196"}],"version-history":[{"count":1,"href":"https:\/\/icwpredflag.org\/wp\/wordpress\/wps\/wp-json\/wp\/v2\/pages\/10196\/revisions"}],"predecessor-version":[{"id":10197,"href":"https:\/\/icwpredflag.org\/wp\/wordpress\/wps\/wp-json\/wp\/v2\/pages\/10196\/revisions\/10197"}],"up":[{"embeddable":true,"href":"https:\/\/icwpredflag.org\/wp\/wordpress\/wps\/wp-json\/wp\/v2\/pages\/10188"}],"wp:featuredmedia":[{"embeddable":true,"href":"https:\/\/icwpredflag.org\/wp\/wordpress\/wps\/wp-json\/wp\/v2\/media\/5655"}],"wp:attachment":[{"href":"https:\/\/icwpredflag.org\/wp\/wordpress\/wps\/wp-json\/wp\/v2\/media?parent=10196"}],"curies":[{"name":"wp","href":"https:\/\/api.w.org\/{rel}","templated":true}]}}