{"id":10473,"date":"2023-06-05T01:23:37","date_gmt":"2023-06-05T01:23:37","guid":{"rendered":"https:\/\/icwpredflag.org\/wp\/wordpress\/wps\/?page_id=10473"},"modified":"2023-06-05T01:36:58","modified_gmt":"2023-06-05T01:36:58","slug":"cartas-de-costa-rica-el-salvador-canada","status":"publish","type":"page","link":"https:\/\/icwpredflag.org\/wp\/wordpress\/wps\/volumen-14-numero-7\/cartas-de-costa-rica-el-salvador-canada\/","title":{"rendered":"Cartas de Costa Rica, El Salvador, Canad\u00e1"},"content":{"rendered":"<p style=\"text-align: center;\"><strong>Organicemos para el Comunismo en la \u201cPrisi\u00f3n Verde\u201d de las Plantaciones Bananeras\u00a0<a class=\"icwp-emph\" href=\"#1\">aqu\u00ed \u2666<\/a>\u00a0Imperialismo en Sudan\u00a0<a class=\"icwp-emph\" href=\"#2\">aqu\u00ed \u2666<\/a>\u00a0Haciendo <em>Bandera Roja<\/EM> Mejor y M\u00e1s F\u00e1cil de Leer\u00a0<a class=\"icwp-emph\" href=\"#3\">aqu\u00ed \u2666<\/a><\/em><\/strong><\/p>\n<p><img loading=\"lazy\" decoding=\"async\" class=\"wp-image-10407 aligncenter\" src=\"https:\/\/icwpredflag.org\/wp\/wordpress\/wps\/wp-content\/uploads\/sites\/2\/2023\/06\/delmonte-300x162.jpg\" alt=\"\" width=\"754\" height=\"407\" srcset=\"https:\/\/icwpredflag.org\/wp\/wordpress\/wps\/wp-content\/uploads\/sites\/2\/2023\/06\/delmonte-300x162.jpg 300w, https:\/\/icwpredflag.org\/wp\/wordpress\/wps\/wp-content\/uploads\/sites\/2\/2023\/06\/delmonte.jpg 313w\" sizes=\"auto, (max-width: 754px) 100vw, 754px\" \/><\/p>\n<h4 style=\"text-align: center;\" id=\"1\"><span style=\"color: #ff0000;\">Organicemos para el Comunismo en la \u201cPrisi\u00f3n Verde\u201d de las Plantaciones Bananeras\u00a0 <\/span><\/h4>\n<p>\u201cLa muerte de un trabajador no puede ocurrir en el silencio de la clase obrera. Necesitamos denunciarlo y luchar para cambiar este sistema podrido\u201d, le dije a una amiga que lee <em>Bandera Roja<\/em>.<\/p>\n<p>Con mucho coraje ella comparti\u00f3 la situaci\u00f3n de un trabajador que muri\u00f3 en las bananeras de la transnacional Del Monte. El jefe le hab\u00eda negado el permiso para ir al hospital, en Duacari, provincia de Lim\u00f3n, en la zona atl\u00e1ntica de Costa Rica. Es el segundo trabajador que muere en las bananeras este a\u00f1o.<\/p>\n<p>\u201cTenemos que denunciarlo internacionalmente. Se puede publicar en Bandera Roja\u201d, respondi\u00f3.<\/p>\n<p>Del Monte ha expropiado las tierras de las comunidades ind\u00edgenas a trav\u00e9s de leyes que aprueba el gobierno. Las leyes otorgan concesiones sobre las tierras, eximi\u00e9ndolas de impuestos y permiti\u00e9ndoles importar maquinaria para su explotaci\u00f3n.<\/p>\n<p>Del Monte sigue contaminando los r\u00edos con qu\u00edmicos en los cultivos de pi\u00f1a y banano, envenenando y explotando a los trabajadores, trayendo muerte de todas las formas posibles.<\/p>\n<p>Como comunistas organizados en el Partido Comunista Obrero Internacional, nos solidarizamos con las familias de todos los trabajadores que han muerto trabajando en las empresas explotadoras que se enriquecen a costa de los trabajadores.<\/p>\n<p>Nuestra solidaridad est\u00e1 en la lucha por cambiar este podrido sistema capitalista con sus empresas bananeras que destruyen todo a su paso. Como dijo el comunista escritor hondure\u00f1o Amaya Amador, son una \u201cPrisi\u00f3n Verde\u201d.<\/p>\n<p>El comunismo es un sistema colectivo que podr\u00e1 acabar con la explotaci\u00f3n porque la organizaci\u00f3n de todos los aspectos de la vida ser\u00e1 colectiva. La producci\u00f3n de alimentos ser\u00e1 de acuerdo con las necesidades de la humanidad y sin \u00e1nimo de lucro.<\/p>\n<p>Este caso de Duacari, Lim\u00f3n nos recuerda la dura vida que vivieron los trabajadores bajo los patrones de empresas estadounidenses como la United Fruit Company, la Standard Fruid Company y la Cuyamel Fruit Company. Estos chuparon la sangre de los trabajadores para obtener sus ganancias, explotando a los trabajadores en Honduras y otros pa\u00edses durante cientos de a\u00f1os, trayendo muerte y miseria.<\/p>\n<p>Pero la clase obrera nunca se ha rendido. Ante esta cruda represi\u00f3n y explotaci\u00f3n, el movimiento obrero respondi\u00f3 con una huelga en 1954 que luch\u00f3 por algunas reformas, logrando movilizar a m\u00e1s de 30.000 trabajadores.<\/p>\n<p>El trabajo de organizaci\u00f3n pol\u00edtica contin\u00faa. El Partido Comunista Obrero Internacional moviliza a las masas para la revoluci\u00f3n comunista. Los trabajadores de las plantaciones bananeras necesitan organizar colectivos para lograr esto. Los invitamos a leer y distribuir Bandera Roja, el peri\u00f3dico de la clase obrera. \u201c\u00a1Trabajadores del mundo, \u00fananse!\u201d\u2014<\/p>\n<p>&#8211;Camaradas en Costa Rica<\/p>\n<h4 style=\"text-align: center;\" id=\"2\"><span style=\"color: #ff0000;\">Imperialismo en Sud\u00e1n: Por qu\u00e9 los trabajadores necesitan la revoluci\u00f3n comunista<\/span><\/h4>\n<p>El Salvador\u2014Junto a varios lectores de Bandera Roja estuvimos leyendo algunos art\u00edculos y discutiendo como estamos mundialmente con la crisis econ\u00f3mica. O sea, el sometimiento de la clase trabajadora bajo una esclavitud salarial y c\u00f3mo salir de ella.<\/p>\n<p>Se hicieron preguntas como \u00bfPor qu\u00e9 el conflicto en Sudan y el impacto que tiene?; \u00bfPor qu\u00e9 es necesaria una revoluci\u00f3n comunista?<\/p>\n<p>Me comenta R, \u201cSud\u00e1n no es la excepci\u00f3n en los pa\u00edses del \u00c1frica, excolonias brit\u00e1nicas o francesas que tienen una lucha de poder fratricida para darle el poder a uno u otro tirano.<\/p>\n<p>\u201cEl oro de Sud\u00e1n, explotado por el grupo sicario prorruso Wagner, no lleva riqueza a la clase trabajadora sino solo violencia y da\u00f1os irreparables al medio ambiente. Ya sea imperialismo occidental o de la Rusia de Putin atentan en contra los trabajadores.\u201d<\/p>\n<p>Por otra parte, C comenta, \u201chist\u00f3ricamente sabemos que para liberarse es necesaria una revoluci\u00f3n, hemos visto en Sudan se han llevado a cabo tres revoluciones en 1964, 1985 y 2019. Actualmente es una lucha de poder donde podemos ver tres partes patronales en contienda: La Fuerza de la libertad; Fuerzas de apoyo r\u00e1pido (FAR), y por \u00faltimo el ej\u00e9rcito de liderado por Abdel Fattah al-Bura.\u201d<\/p>\n<p>Las masas cansadas y hartas de la situaci\u00f3n que se vive bajo un sistema capitalista luchan y se rebelan por medio de protestas y revoluciones liberales, es un grito desesperado y clamor de una clase que quiere un cambio.<\/p>\n<p>Independientemente de quien gobierne lo que necesitamos es una sociedad comunista. Concluimos que si es necesaria una revoluci\u00f3n comunista para derrocar todas las cadenas del capitalismo salarial buscando el bienestar com\u00fan.<\/p>\n<p>Movilicemos a las masas por nuestra Revoluci\u00f3n Comunista y poner un alto a estos cr\u00edmenes de explotaci\u00f3n.<\/p>\n<p>\u00a1Viva la Revoluci\u00f3n Comunista!<\/p>\n<p>Camarada en El Salvador<\/p>\n<h4 style=\"text-align: center;\" id=\"3\"><span style=\"color: #ff0000;\">Haciendo <em>Bandera Roja<\/em> Mejor y M\u00e1s F\u00e1cil de Leer<\/span><\/h4>\n<p style=\"text-align: justify;\"><em><span style=\"color: #000000;\">Bandera Roja<\/span><\/em> es bueno, pero puede ser mejor, sobre todo para las personas a las que les cuesta leer. He aqu\u00ed algunas ideas que no requieren mucho trabajo o recursos adicionales.<\/p>\n<p>En primer lugar, deber\u00edamos acortar los art\u00edculos y las cartas. Los art\u00edculos deber\u00edan tener menos de 650 palabras, y las cartas menos de 350 palabras. RF\/BR suele tener art\u00edculos m\u00e1s largos.<\/p>\n<p>Los art\u00edculos m\u00e1s largos ocupan espacio y son dif\u00edciles de leer, incluso para las personas que leen bien. Parece un \u201cmuro de palabras\u201d, como dijo un camarada. Debemos pedir a los autores o editores que acorten los art\u00edculos largos antes de imprimirlos.<\/p>\n<p>Tambi\u00e9n deber\u00edamos utilizar palabras sencillas, para un nivel de lectura cerca del 8\u00ba o 9\u00ba grado.<\/p>\n<p>Podr\u00eda ser \u00fatil agrupar algunos art\u00edculos en columnas como Opini\u00f3n, Historia, Historias de Vida, La Vida en el Partido, El Comunismo Explicado. La columna de opini\u00f3n presentar\u00eda ideas que no son la l\u00ednea pol\u00edtica del PCOI. Ahora, cualquier cosa que no sea la l\u00ednea pol\u00edtica del Partido es s\u00f3lo una carta, no un art\u00edculo completo.<\/p>\n<p>Necesitamos una columna de Explicando el Comunismo. Ahora, cada art\u00edculo tiene su peque\u00f1a explicaci\u00f3n del comunismo. La gente dice que BR se repite mucho. Una explicaci\u00f3n principal ahorrar\u00eda espacio y acabar\u00eda con esta repetici\u00f3n.<\/p>\n<p>Otra idea es incluir un breve resumen (1-3 frases) al principio de cada art\u00edculo.<\/p>\n<p>M\u00e1s espacio vac\u00edo ayudar\u00eda a la legibilidad. Deber\u00edamos tener l\u00edneas en blanco entre p\u00e1rrafos.<\/p>\n<p>Tambi\u00e9n podr\u00edamos tener art\u00edculos cortos en otros idiomas, como franc\u00e9s para RF y portugu\u00e9s brasile\u00f1o para BR.<\/p>\n<p>Acortar los art\u00edculos es dif\u00edcil para algunas personas, pero la tecnolog\u00eda puede ayudar. He probado el \u00faltimo chat de inteligencia artificial (GPT-4), y es bueno haciendo res\u00famenes. No deja de lado la pol\u00edtica y parece entender el comunismo revolucionario. Esta carta sigue estas ideas. La versi\u00f3n original era mucho m\u00e1s larga y compleja. Le ped\u00ed a GPT-4 que la reescribiera en un lenguaje m\u00e1s sencillo y esto es lo que obtuve, con peque\u00f1as correcciones.<\/p>\n<p>\u2014Camarada en Canad\u00e1<\/p>\n<h4><a href=\"https:\/\/icwpredflag.org\/wp\/wordpress\/wps\/volumen-14-numero-7\/\">Primera p\u00e1gina de esta edici\u00f3n<\/a><\/h4>\n","protected":false},"excerpt":{"rendered":"<p>Organicemos para el Comunismo en la \u201cPrisi\u00f3n Verde\u201d de las Plantaciones Bananeras\u00a0aqu\u00ed \u2666\u00a0Imperialismo en Sudan\u00a0aqu\u00ed \u2666\u00a0Haciendo Bandera Roja Mejor y M\u00e1s F\u00e1cil de Leer\u00a0aqu\u00ed \u2666 Organicemos para el Comunismo en la \u201cPrisi\u00f3n Verde\u201d de las Plantaciones Bananeras\u00a0 \u201cLa muerte de un trabajador no puede ocurrir en el silencio de la clase obrera. Necesitamos denunciarlo y &hellip; <a href=\"https:\/\/icwpredflag.org\/wp\/wordpress\/wps\/volumen-14-numero-7\/cartas-de-costa-rica-el-salvador-canada\/\" class=\"more-link\">Sigue leyendo <span class=\"screen-reader-text\">Cartas de Costa Rica, El Salvador, Canad\u00e1<\/span><\/a><\/p>\n","protected":false},"author":1,"featured_media":5655,"parent":10396,"menu_order":0,"comment_status":"closed","ping_status":"closed","template":"","meta":{"footnotes":""},"class_list":["post-10473","page","type-page","status-publish","has-post-thumbnail","hentry"],"_links":{"self":[{"href":"https:\/\/icwpredflag.org\/wp\/wordpress\/wps\/wp-json\/wp\/v2\/pages\/10473","targetHints":{"allow":["GET"]}}],"collection":[{"href":"https:\/\/icwpredflag.org\/wp\/wordpress\/wps\/wp-json\/wp\/v2\/pages"}],"about":[{"href":"https:\/\/icwpredflag.org\/wp\/wordpress\/wps\/wp-json\/wp\/v2\/types\/page"}],"author":[{"embeddable":true,"href":"https:\/\/icwpredflag.org\/wp\/wordpress\/wps\/wp-json\/wp\/v2\/users\/1"}],"replies":[{"embeddable":true,"href":"https:\/\/icwpredflag.org\/wp\/wordpress\/wps\/wp-json\/wp\/v2\/comments?post=10473"}],"version-history":[{"count":8,"href":"https:\/\/icwpredflag.org\/wp\/wordpress\/wps\/wp-json\/wp\/v2\/pages\/10473\/revisions"}],"predecessor-version":[{"id":10481,"href":"https:\/\/icwpredflag.org\/wp\/wordpress\/wps\/wp-json\/wp\/v2\/pages\/10473\/revisions\/10481"}],"up":[{"embeddable":true,"href":"https:\/\/icwpredflag.org\/wp\/wordpress\/wps\/wp-json\/wp\/v2\/pages\/10396"}],"wp:featuredmedia":[{"embeddable":true,"href":"https:\/\/icwpredflag.org\/wp\/wordpress\/wps\/wp-json\/wp\/v2\/media\/5655"}],"wp:attachment":[{"href":"https:\/\/icwpredflag.org\/wp\/wordpress\/wps\/wp-json\/wp\/v2\/media?parent=10473"}],"curies":[{"name":"wp","href":"https:\/\/api.w.org\/{rel}","templated":true}]}}