{"id":10805,"date":"2023-09-17T05:37:22","date_gmt":"2023-09-17T05:37:22","guid":{"rendered":"https:\/\/icwpredflag.org\/wp\/wordpress\/wps\/?page_id=10805"},"modified":"2023-09-17T05:40:23","modified_gmt":"2023-09-17T05:40:23","slug":"mexico-obreros-estudiantes-y-la-revolucion-comunista","status":"publish","type":"page","link":"https:\/\/icwpredflag.org\/wp\/wordpress\/wps\/volumen-14-numero-12\/mexico-obreros-estudiantes-y-la-revolucion-comunista\/","title":{"rendered":"M\u00e9xico: Obreros, Estudiantes y la Revoluci\u00f3n Comunista"},"content":{"rendered":"<p style=\"text-align: center\"><strong>Planes para Hacer Realidad el Potencial comunista <a class=\"icwp-emph\" href=\"#1\">aqu\u00ed \u2666<\/a> Ense\u00f1anza Capitalista Versus Educaci\u00f3n Comunista <a class=\"icwp-emph\" href=\"#2\">aqu\u00ed \u2666<\/a><\/strong><\/p>\n<p><span style=\"color: #ff0000\"><strong>M\u00e9xico: Planes para Hacer Realidad el Potencial Comunista<\/strong><\/span><\/p>\n<p style=\"text-align: justify\">Viajo 3 horas desde casa cada mes para reunirme con camaradas un fin de semana. Siempre me reciben con almuerzo antes de la reuni\u00f3n, a la que invitan a algunos de sus amigos.<\/p>\n<p style=\"text-align: justify\">A pesar de las altas y bajas en nuestro trabajo pol\u00edtico, la pareja de camaradas se mantiene en el partido. Su hija m\u00e1s peque\u00f1a, 12 a\u00f1os, dijo en la \u00faltima reuni\u00f3n: \u201c\u00bfDesde cu\u00e1ndo he ido a la marcha del 1 de mayo?\u201d, y ella misma contest\u00f3: \u201cdesde que nac\u00ed\u201d.<\/p>\n<p style=\"text-align: justify\">Su pap\u00e1 dijo que cuando se presentaron hechos violentos en las marchas, dejaron de llevarlas por el riesgo. Pero en el \u00faltimo 1\u00ba de Mayo, en la ciudad de M\u00e9xico, ella y su hermana ayudaron a distribuir las ideas comunistas a trav\u00e9s de Bandera Roja.<\/p>\n<p style=\"text-align: justify\">Ellos siempre han encontrado la manera de vencer el temor. Aunque en M\u00e9xico no hay Estado de excepci\u00f3n, la pol\u00edtica patronal es \u201cla reacci\u00f3n en toda la l\u00ednea\u201d, hay asesinatos de activistas y periodistas constantemente.<\/p>\n<p style=\"text-align: justify\">Hay mucho potencial con esta familia de camaradas, tienen vida social activa y muchos amigos. Luchamos ideol\u00f3gicamente para que hablen del Partido con ellos, lo hacen con algunos.<\/p>\n<p style=\"text-align: justify\">Le pregunt\u00e9 a \u00e9l c\u00f3mo hab\u00eda hablado del Partido con la camarada. Ella contest\u00f3, \u201cPorque estaba enamorado y quer\u00eda que yo supiera todo de \u00e9l\u201d.<\/p>\n<p style=\"text-align: justify\">Ella continu\u00f3: \u201cMe invit\u00f3 a la marcha del 1 de mayo y sus amigos llevaban todos banderas rojas. Pens\u00e9 que eso era lo que hab\u00eda que hacer y tom\u00e9 una. Luego repet\u00ed lo que ellos coreaban. Ya me hab\u00eda dicho que era comunista y no cre\u00ed que eso era malo, siendo \u00e9l bueno, \u00e9l se cas\u00f3 conmigo y aqu\u00ed seguimos.\u201d<\/p>\n<p style=\"text-align: justify\">Les dije que eso era un ejemplo de que podemos hablar directamente del partido con los trabajadores con quienes convivimos, ellos saben que somos confiables y nosotros debemos confiar en ellos.<\/p>\n<p style=\"text-align: justify\">Ella ley\u00f3 en Bandera Roja \u201cTrabajo, por qu\u00e9 es mejor que un empleo\u201d y otros art\u00edculos que le gustaron.<\/p>\n<p style=\"text-align: justify\">Para reanimar y continuar el trabajo en M\u00e9xico, hicimos planes para una reuni\u00f3n con m\u00e1s camaradas y amigos el fin de a\u00f1o. Esperamos contar tambi\u00e9n con la presencia de camaradas de otros pa\u00edses.<\/p>\n<p style=\"text-align: justify\">Termin\u00f3 la visita, me embarcaron en el autob\u00fas de retorno, tres horas m\u00e1s hasta casa. Pero con muchas ideas y planes para seguir luchando por un mundo comunista.<\/p>\n<p>\u2014Camarada en M\u00e9xico<\/p>\n<p><img loading=\"lazy\" decoding=\"async\" class=\"aligncenter wp-image-10789\" src=\"https:\/\/icwpredflag.org\/wp\/wordpress\/wps\/wp-content\/uploads\/sites\/2\/2023\/09\/mexcit.jpg\" alt=\"\" width=\"495\" height=\"710\" srcset=\"https:\/\/icwpredflag.org\/wp\/wordpress\/wps\/wp-content\/uploads\/sites\/2\/2023\/09\/mexcit.jpg 226w, https:\/\/icwpredflag.org\/wp\/wordpress\/wps\/wp-content\/uploads\/sites\/2\/2023\/09\/mexcit-209x300.jpg 209w\" sizes=\"auto, (max-width: 495px) 100vw, 495px\" \/><\/p>\n<p style=\"text-align: justify\"><strong>M\u00e9xico, 8 de septiembre\u2014Cada d\u00eda hay m\u00e1s de 5 mil estudiantes en una escuela de bachillerato-universitario. Pasamos a las clases a distribuir Bandera Roja. Muchos maestros nos dejan hablar en sus clases. Hasta el momento hemos pasado 650 peri\u00f3dicos.<\/strong><\/p>\n<p style=\"text-align: justify\">Es nuestra mejor presentaci\u00f3n, explicamos c\u00f3mo el capitalismo es la causa de los problemas de la humanidad. Desde el desempleo juvenil y el maltrato laboral a sus maestros a la violencia de los delincuentes. El prejuicio hacia las mujeres trabajadoras y la diversidad LGTBQ+, el racismo, hasta el cambio clim\u00e1tico.<\/p>\n<p style=\"text-align: justify\">Por ahora muchos solo escuchan, sin embargo, la juventud siempre se pone al frente de la lucha contra las injusticias y Bandera Roja los llama a construir el PCOI y movilizarse por el comunismo.<\/p>\n<h4 id=\"2\" style=\"text-align: center\"><span style=\"color: #ff0000\"><strong>M\u00e9xico: Ense\u00f1anza Capitalista Versus Educaci\u00f3n Comunista<\/strong><\/span><\/h4>\n<p style=\"text-align: justify\">M\u00c9XICO, 8 de septiembre- Las elecciones presidenciales generales est\u00e1n previstas para junio de 2024. Los candidatos est\u00e1n utilizando el sistema educativo para avanzar en sus objetivos pol\u00edticos.<\/p>\n<p style=\"text-align: justify\">El debate gira en torno a los libros de texto que algunos critican por simpatizar con creencias socialistas o comunistas. Como si el contenido izquierdista provocar\u00eda una revoluci\u00f3n comunista en M\u00e9xico.<\/p>\n<p style=\"text-align: justify\">Las naciones siempre han utilizado los libros de texto para \u201ceducar\u201d a nuestros hijos con el conocimiento que los capitalistas quieren que nuestros hijos sepan. Todas las escuelas, desde las primarias hasta las universidades, est\u00e1n dise\u00f1adas para producir trabajadores con comportamiento capitalista. Los capitalistas necesitan las escuelas para producir trabajadores que mantengan el statu quo del capitalismo. Las escuelas son un brazo del Estado Capitalista.<\/p>\n<p style=\"text-align: justify\">Recientemente ha habido un alboroto sobre la informaci\u00f3n ineficiente y abiertamente incorrecta en los libros de texto en M\u00e9xico. Esto demuestra c\u00f3mo la clase dominante en M\u00e9xico est\u00e1 tratando desesperadamente de crear propaganda antisocialista y anticomunista.<\/p>\n<p style=\"text-align: justify\">Cuando la gente empieza a quejarse de la supuesta desinformaci\u00f3n en los libros de texto, no tiene nada que ver con educar mejor a nuestra juventud. M\u00e1s bien, tiene todo que ver con reforzar el control sobre los estudiantes y los trabajadores. Tambi\u00e9n muestra c\u00f3mo los grupos de patrones est\u00e1n divididos sobre c\u00f3mo controlar y gobernar a la clase obrera.<\/p>\n<p style=\"text-align: justify\">Una afirmaci\u00f3n risible es que la actual administraci\u00f3n mexicana est\u00e1 tratando de propagar \u201cel virus del comunismo\u201d en las aulas.<\/p>\n<p style=\"text-align: justify\">No es de extra\u00f1ar que haya un fuerte tono anticapitalista en los libros de texto de M\u00e9xico. El hecho es que el capitalismo es el culpable de todos los problemas en nuestras vidas. Especialmente cuando se trata del \u201cdeterioro de la naturaleza y la sociedad bajo la cultura capitalista\u201d, t\u00edtulo de un cap\u00edtulo en un libro de texto de cuarto grado.<\/p>\n<p style=\"text-align: justify\">Es cierto, pero hace falta algo m\u00e1s que mensajes subliminales para organizar una revoluci\u00f3n comunista. Y a ning\u00fan comunista le va a importar si el cumplea\u00f1os de Benito Ju\u00e1rez se dice correcta o incorrectamente en un libro de texto.<\/p>\n<p style=\"text-align: justify\">Mientras los pol\u00edticos y los patrones se pelean sobre qu\u00e9 tipo de escuela darnos, debemos educar y organizar a los estudiantes y maestros con ideas comunistas. Debemos prepararnos para destruir sus escuelas que s\u00f3lo perpet\u00faan el capitalismo.<\/p>\n<p style=\"text-align: justify\">No necesitamos sus libros de texto para organizar un movimiento comunista internacional masivo. Lo que necesitamos es un PCOI masivo. Nuestro Partido educa a los trabajadores de todo el mundo para movilizar a las masas por el comunismo. Por la revoluci\u00f3n armada para destruir el Estado Capitalista, incluyendo sus escuelas capitalistas y otros ap\u00e9ndices.<\/p>\n<p style=\"text-align: center\"><strong>Lee Nuestro Folleto Educaci\u00f3n Comunista para una Sociedad Sin Clases <a href=\"https:\/\/icwpredflag.org\/EDU\/EdPamS.pdf\" target=\"_blank\" rel=\"noopener\"><span style=\"color: #ff0000\">Aqu\u00ed<\/span><\/a><\/strong><\/p>\n<h4><a href=\"https:\/\/icwpredflag.org\/wp\/wordpress\/wps\/volumen-14-numero-12\/\">Primera p\u00e1gina de esta edici\u00f3n<\/a><\/h4>\n","protected":false},"excerpt":{"rendered":"<p>Planes para Hacer Realidad el Potencial comunista aqu\u00ed \u2666 Ense\u00f1anza Capitalista Versus Educaci\u00f3n Comunista aqu\u00ed \u2666 M\u00e9xico: Planes para Hacer Realidad el Potencial Comunista Viajo 3 horas desde casa cada mes para reunirme con camaradas un fin de semana. Siempre me reciben con almuerzo antes de la reuni\u00f3n, a la que invitan a algunos de &hellip; <a href=\"https:\/\/icwpredflag.org\/wp\/wordpress\/wps\/volumen-14-numero-12\/mexico-obreros-estudiantes-y-la-revolucion-comunista\/\" class=\"more-link\">Sigue leyendo <span class=\"screen-reader-text\">M\u00e9xico: Obreros, Estudiantes y la Revoluci\u00f3n Comunista<\/span><\/a><\/p>\n","protected":false},"author":6,"featured_media":5655,"parent":10792,"menu_order":0,"comment_status":"closed","ping_status":"closed","template":"","meta":{"footnotes":""},"class_list":["post-10805","page","type-page","status-publish","has-post-thumbnail","hentry"],"_links":{"self":[{"href":"https:\/\/icwpredflag.org\/wp\/wordpress\/wps\/wp-json\/wp\/v2\/pages\/10805","targetHints":{"allow":["GET"]}}],"collection":[{"href":"https:\/\/icwpredflag.org\/wp\/wordpress\/wps\/wp-json\/wp\/v2\/pages"}],"about":[{"href":"https:\/\/icwpredflag.org\/wp\/wordpress\/wps\/wp-json\/wp\/v2\/types\/page"}],"author":[{"embeddable":true,"href":"https:\/\/icwpredflag.org\/wp\/wordpress\/wps\/wp-json\/wp\/v2\/users\/6"}],"replies":[{"embeddable":true,"href":"https:\/\/icwpredflag.org\/wp\/wordpress\/wps\/wp-json\/wp\/v2\/comments?post=10805"}],"version-history":[{"count":3,"href":"https:\/\/icwpredflag.org\/wp\/wordpress\/wps\/wp-json\/wp\/v2\/pages\/10805\/revisions"}],"predecessor-version":[{"id":10810,"href":"https:\/\/icwpredflag.org\/wp\/wordpress\/wps\/wp-json\/wp\/v2\/pages\/10805\/revisions\/10810"}],"up":[{"embeddable":true,"href":"https:\/\/icwpredflag.org\/wp\/wordpress\/wps\/wp-json\/wp\/v2\/pages\/10792"}],"wp:featuredmedia":[{"embeddable":true,"href":"https:\/\/icwpredflag.org\/wp\/wordpress\/wps\/wp-json\/wp\/v2\/media\/5655"}],"wp:attachment":[{"href":"https:\/\/icwpredflag.org\/wp\/wordpress\/wps\/wp-json\/wp\/v2\/media?parent=10805"}],"curies":[{"name":"wp","href":"https:\/\/api.w.org\/{rel}","templated":true}]}}