{"id":10897,"date":"2023-10-08T14:50:58","date_gmt":"2023-10-08T14:50:58","guid":{"rendered":"https:\/\/icwpredflag.org\/wp\/wordpress\/wps\/?page_id=10897"},"modified":"2023-10-08T14:55:06","modified_gmt":"2023-10-08T14:55:06","slug":"movimientos-climaticos-juveniles-verdadera-revolucion-significa-comunismo","status":"publish","type":"page","link":"https:\/\/icwpredflag.org\/wp\/wordpress\/wps\/volumen-14-numero-13\/movimientos-climaticos-juveniles-verdadera-revolucion-significa-comunismo\/","title":{"rendered":"Movimientos Clim\u00e1ticos Juveniles: Verdadera Revoluci\u00f3n Significa Comunismo"},"content":{"rendered":"<p><img loading=\"lazy\" decoding=\"async\" class=\"aligncenter wp-image-10883\" src=\"https:\/\/icwpredflag.org\/wp\/wordpress\/wps\/wp-content\/uploads\/sites\/2\/2023\/10\/uproot.jpg\" alt=\"\" width=\"826\" height=\"414\" srcset=\"https:\/\/icwpredflag.org\/wp\/wordpress\/wps\/wp-content\/uploads\/sites\/2\/2023\/10\/uproot.jpg 491w, https:\/\/icwpredflag.org\/wp\/wordpress\/wps\/wp-content\/uploads\/sites\/2\/2023\/10\/uproot-300x150.jpg 300w\" sizes=\"auto, (max-width: 826px) 100vw, 826px\" \/><\/p>\n<p style=\"text-align: center\"><strong>Arranquemos el sistema de Ra\u00edz<\/strong><\/p>\n<p style=\"text-align: justify\"><strong>LOS \u00c1NGELES (EE. UU.), 29 de septiembre- \u201cTodos tenemos que tomar seriamente el cambio clim\u00e1tico. Si no lo hacemos, ya no nos quedar\u00e1 mucho del planeta Tierra\u201d, dijo un estudiante a sus compa\u00f1eros.<\/strong><\/p>\n<p style=\"text-align: justify\">\u201cLos politiqueros buscando puestos de poder suelen acabar haciendo reglamentos o pol\u00edticas que empeoran nuestras condiciones\u201d, coment\u00f3 otro.<\/p>\n<p style=\"text-align: justify\">Olas de calor r\u00e9cord en todo el hemisferio norte tienen a los j\u00f3venes hirviendo de rabia.<\/p>\n<p style=\"text-align: justify\">Decenas de miles de personas marcharon en Nueva York el 17 de septiembre \u201cpara acabar con los combustibles f\u00f3siles\u201d. Patrocinada por el Movimiento Amanecer, formaban parte de un proyecto internacional de una semana de duraci\u00f3n de una organizaci\u00f3n no-lucrativa llamada Grupo Clim\u00e1tico.<\/p>\n<p style=\"text-align: justify\">La pandemia de Covid descarril\u00f3 temporalmente el movimiento clim\u00e1tico juvenil que despeg\u00f3 a nivel mundial en 2019. Ahora est\u00e1 de vuelta y creciendo.<\/p>\n<p style=\"text-align: justify\">El cambio clim\u00e1tico global es real. La ira de los j\u00f3venes est\u00e1 justificada. Aplaudimos su activismo. Pero debemos advertir que los politiqueros c\u00ednicos y otros falsos l\u00edderes procapitalistas los est\u00e1n llevando a un callej\u00f3n sin salida mortal.<\/p>\n<p style=\"text-align: justify\">El capitalismo no puede ser reformado para arreglar la crisis clim\u00e1tica que ha creado. No debemos hacer \u201cexigencias\u201d a los gobiernos ni a las empresas. No deber\u00edamos intentar \u201chacerles rendir cuentas\u201d. En su lugar, deber\u00edamos organizarnos para una revoluci\u00f3n comunista para acabar con ellos y a su desastroso sistema capitalista.<\/p>\n<p style=\"text-align: justify\"><strong>Organizaciones No Lucrativas Sirven Intereses Capitalistas, No los Nuestros<\/strong><\/p>\n<p style=\"text-align: justify\">El Grupo Clim\u00e1tico explica: \u201cTrabajamos con los l\u00edderes y los responsables de tomar decisiones en las empresas y el gobierno porque son ellos quienes conforman los marcos del mercado que pueden ayudar al mundo a alcanzar cero emisiones netas para 2050\u201d.<\/p>\n<p style=\"text-align: justify\">Esos \u201cmarcos de mercado\u201d son exactamente el problema. Los mercados capitalistas obligan a las empresas a competir por m\u00e1ximas ganancias. Las empresas industriales necesitan dinero para empezar, para modernizar sus herramientas y para garantizar tener dinero disponible. Obtienen esto de las empresas financieras que invierten (y compiten) para obtener m\u00e1ximas ganancias. Todas esas ganancias salen de la explotaci\u00f3n de los trabajadores.<\/p>\n<p style=\"text-align: justify\">Saquemos el dinero de ello. Nosotros, la clase obrera, debemos convertirnos en los l\u00edderes y los que toman las decisiones. S\u00f3lo nosotros podemos crear un marco que sirva a nuestras necesidades. Incluyendo nuestra necesidad de un planeta habitable.<\/p>\n<p style=\"text-align: justify\">El comunismo es ese marco. Se deshace de los mercados capitalistas, las ganancias, el dinero y todos los males que estos crean y sostienen. En su lugar, trabajaremos para decidir lo que necesitamos, producirlo y compartirlo. \u00bfEs eso posible? S\u00ed. Las masas, cuando se movilicen para el comunismo, se convertir\u00e1n en una poderosa fuerza mundial.<\/p>\n<p style=\"text-align: justify\"><strong>La Juventud y El Partido Dem\u00f3crata de EE. UU.: Contradicciones<\/strong><\/p>\n<p style=\"text-align: justify\">El Movimiento Amanecer de EE. UU. se autodenomina \u201cLa Revoluci\u00f3n Clim\u00e1tica\u201d. Pero est\u00e1 comprometido con el pacifismo y las elecciones, no con una verdadera revoluci\u00f3n.<\/p>\n<p style=\"text-align: justify\">Amanecer intenta ser el ala \u201cradical\u201d del Partido Dem\u00f3crata. En las elecciones primarias, s\u00f3lo apoya a candidatos sin v\u00ednculos directos con los intereses de los combustibles f\u00f3siles. Pero en las elecciones generales, apoyar\u00e1 a los llamados candidatos \u201cmenos malos\u201d aunque no pasen la prueba de los combustibles f\u00f3siles.<\/p>\n<p style=\"text-align: justify\">El 28 de septiembre, activistas de Amanecer protestaron ante el despacho del presidente republicano de la C\u00e1mara de Representantes, McCarthy. Le exigieron que impidiera un cierre del gobierno y que mantuviera activa la Agencia Federal de Gesti\u00f3n de Emergencias (FEMA) durante la temporada de huracanes. Pero el verdadero objetivo era conseguir que los j\u00f3venes apoyen a los dem\u00f3cratas. Los carteles dec\u00edan: \u201cEl Partido Republicano odia a la Generaci\u00f3n Z\u201d.<\/p>\n<p style=\"text-align: justify\">El Movimiento Amanecer tambi\u00e9n exigi\u00f3 la plena aplicaci\u00f3n de la Ley de Reducci\u00f3n de la Inflaci\u00f3n (IRA). Esta es la \u201clegislaci\u00f3n clim\u00e1tica\u201d del presidente Biden. No oir\u00e1s a Amanecer hablar de ayudar al imperialismo estadounidense a prepararse para la guerra mundial. Pero eso es lo que est\u00e1 en juego con la IRA. (Ver \u201cHuelga automovil\u00edstica en EE. UU.\u201d, p\u00e1gina 2).<\/p>\n<p style=\"text-align: justify\">Amanecer ya tiene problemas para mantener a sus j\u00f3venes activistas vinculados al Partido Dem\u00f3crata. El pasado marzo, el gobierno de Biden aprob\u00f3 el enorme proyecto de perforaci\u00f3n petrol\u00edfera Willow de ConocoPhillips en Alaska. Tambi\u00e9n dio luz verde al gasoducto Mountain Valley en Virginia Occidental.<\/p>\n<p style=\"text-align: justify\">\u201cBiden no ha sido el presidente del clima que hab\u00eda prometido\u201d, se quej\u00f3 un activista clim\u00e1tico de Nueva York.<\/p>\n<p style=\"text-align: justify\">\u201cEsa traici\u00f3n ha sido tan descarada \u201c, declar\u00f3 otro.<\/p>\n<p style=\"text-align: justify\">Los politiqueros siempre traicionar\u00e1n a la clase obrera cuando sus amos capitalistas se lo exijan.<\/p>\n<p style=\"text-align: justify\"><strong>La Crisis Clim\u00e1tica Es Cuesti\u00f3n de Clase, No de Edad<\/strong><\/p>\n<p style=\"text-align: justify\">Las Naciones Unidas reconocen que \u201cel mundo tiene la m\u00e1s grande generaci\u00f3n de j\u00f3venes de la historia\u201d. Los trabajadores j\u00f3venes y mayores tienen el mismo inter\u00e9s de clase de acabar con el devastador sistema capitalista. Y en construir una sociedad comunista que revierta la cat\u00e1strofe clim\u00e1tica y unifique a las masas de todo el mundo.<\/p>\n<p style=\"text-align: justify\">Los j\u00f3venes activistas se convertir\u00e1n en \u201cagentes del cambio\u201d pero no (como dice la ONU) convirti\u00e9ndose en \u201cempresarios e innovadores\u201d capitalistas. Les invitamos a convertirse en verdaderos agentes de cambio uni\u00e9ndose, construyendo y dinamizando el Partido Comunista Obrero Internacional.<\/p>\n<h4><a href=\"https:\/\/icwpredflag.org\/wp\/wordpress\/wps\/volumen-14-numero-13\/\">Primera p\u00e1gina de esta edici\u00f3n<\/a><\/h4>\n","protected":false},"excerpt":{"rendered":"<p>Arranquemos el sistema de Ra\u00edz LOS \u00c1NGELES (EE. UU.), 29 de septiembre- \u201cTodos tenemos que tomar seriamente el cambio clim\u00e1tico. Si no lo hacemos, ya no nos quedar\u00e1 mucho del planeta Tierra\u201d, dijo un estudiante a sus compa\u00f1eros. \u201cLos politiqueros buscando puestos de poder suelen acabar haciendo reglamentos o pol\u00edticas que empeoran nuestras condiciones\u201d, coment\u00f3 &hellip; <a href=\"https:\/\/icwpredflag.org\/wp\/wordpress\/wps\/volumen-14-numero-13\/movimientos-climaticos-juveniles-verdadera-revolucion-significa-comunismo\/\" class=\"more-link\">Sigue leyendo <span class=\"screen-reader-text\">Movimientos Clim\u00e1ticos Juveniles: Verdadera Revoluci\u00f3n Significa Comunismo<\/span><\/a><\/p>\n","protected":false},"author":6,"featured_media":5655,"parent":10865,"menu_order":0,"comment_status":"closed","ping_status":"closed","template":"","meta":{"footnotes":""},"class_list":["post-10897","page","type-page","status-publish","has-post-thumbnail","hentry"],"_links":{"self":[{"href":"https:\/\/icwpredflag.org\/wp\/wordpress\/wps\/wp-json\/wp\/v2\/pages\/10897","targetHints":{"allow":["GET"]}}],"collection":[{"href":"https:\/\/icwpredflag.org\/wp\/wordpress\/wps\/wp-json\/wp\/v2\/pages"}],"about":[{"href":"https:\/\/icwpredflag.org\/wp\/wordpress\/wps\/wp-json\/wp\/v2\/types\/page"}],"author":[{"embeddable":true,"href":"https:\/\/icwpredflag.org\/wp\/wordpress\/wps\/wp-json\/wp\/v2\/users\/6"}],"replies":[{"embeddable":true,"href":"https:\/\/icwpredflag.org\/wp\/wordpress\/wps\/wp-json\/wp\/v2\/comments?post=10897"}],"version-history":[{"count":3,"href":"https:\/\/icwpredflag.org\/wp\/wordpress\/wps\/wp-json\/wp\/v2\/pages\/10897\/revisions"}],"predecessor-version":[{"id":10899,"href":"https:\/\/icwpredflag.org\/wp\/wordpress\/wps\/wp-json\/wp\/v2\/pages\/10897\/revisions\/10899"}],"up":[{"embeddable":true,"href":"https:\/\/icwpredflag.org\/wp\/wordpress\/wps\/wp-json\/wp\/v2\/pages\/10865"}],"wp:featuredmedia":[{"embeddable":true,"href":"https:\/\/icwpredflag.org\/wp\/wordpress\/wps\/wp-json\/wp\/v2\/media\/5655"}],"wp:attachment":[{"href":"https:\/\/icwpredflag.org\/wp\/wordpress\/wps\/wp-json\/wp\/v2\/media?parent=10897"}],"curies":[{"name":"wp","href":"https:\/\/api.w.org\/{rel}","templated":true}]}}