{"id":11852,"date":"2024-06-01T23:03:07","date_gmt":"2024-06-01T23:03:07","guid":{"rendered":"https:\/\/icwpredflag.org\/wp\/wordpress\/wps\/?page_id=11852"},"modified":"2024-06-02T22:51:42","modified_gmt":"2024-06-02T22:51:42","slug":"construir-un-pcoi-para-poner-fin-al-genocidio-imperialista-desde-gaza-hasta-guatemala-y-la-india","status":"publish","type":"page","link":"https:\/\/icwpredflag.org\/wp\/wordpress\/wps\/volumen-15-numero-7\/construir-un-pcoi-para-poner-fin-al-genocidio-imperialista-desde-gaza-hasta-guatemala-y-la-india\/","title":{"rendered":"Construir PCOI Para Poner Fin al Genocidio Imperialista Desde Gaza Hasta Guatemala y la India"},"content":{"rendered":"<p style=\"text-align: center;\"><strong>De Gaza a Guatemala: Solidaridad Comunista <a class=\"icwp-emph\" href=\"#1\">aqu\u00ed \u2666<\/a> El Pacifismo, El BDS y La Liberaci\u00f3n Nacional <a class=\"icwp-emph\" href=\"#2\">aqu\u00ed \u2666<\/a> Por Una Intifada Comunista Global <a class=\"icwp-emph\" href=\"#3\">aqu\u00ed \u2666<\/a><\/strong><\/p>\n<p style=\"text-align: center;\"><img loading=\"lazy\" decoding=\"async\" class=\"aligncenter wp-image-11826\" src=\"https:\/\/icwpredflag.org\/wp\/wordpress\/wps\/wp-content\/uploads\/sites\/2\/2024\/05\/guat1.jpg\" alt=\"\" width=\"723\" height=\"390\" srcset=\"https:\/\/icwpredflag.org\/wp\/wordpress\/wps\/wp-content\/uploads\/sites\/2\/2024\/05\/guat1.jpg 352w, https:\/\/icwpredflag.org\/wp\/wordpress\/wps\/wp-content\/uploads\/sites\/2\/2024\/05\/guat1-300x162.jpg 300w\" sizes=\"auto, (max-width: 723px) 100vw, 723px\" \/><br \/>\n<strong>\u200bGuerrilleras en Guatemala<\/strong><\/p>\n<h4 id=\"1\" style=\"text-align: center;\"><span style=\"color: #ff0000;\"><strong>De Gaza a Guatemala: La Solidaridad Comunista Internacional De La Clase Obrera Derrotar\u00e1 El Genocidio Imperialista<\/strong><\/span><\/h4>\n<p style=\"text-align: justify;\">PASADENA (EE. UU.), 18 de mayo\u2014 \u201cAsediamos a los pol\u00edticos. Ciudades aprobaron resoluciones de alto el fuego. Y no pas\u00f3 nada. No sab\u00edamos qu\u00e9 hacer a continuaci\u00f3n. \u00a1Entonces los campus (universidades) explotaron!\u201d<\/p>\n<p style=\"text-align: justify;\">Casi 100 j\u00f3venes abarrotaron una librer\u00eda independiente. Vinieron a aprender sobre las luchas antifascistas en Palestina y Guatemala. La mayor\u00eda ya sab\u00eda que el r\u00e9gimen sionista israel\u00ed defiende los intereses imperialistas de EE. UU. en el Medio Oriente, rico en energ\u00e9ticos. Muchos se sorprendieron al saber c\u00f3mo tambi\u00e9n defiende al imperialismo estadounidense en Centroam\u00e9rica.<\/p>\n<p style=\"text-align: justify;\">En Guatemala, el gobierno electo de \u00c1rbenz instituy\u00f3 un modesto programa de reforma agraria en 1952. Afectaba en gran medida a la United Fruit Company (ahora Chiquita). Los campesinos ind\u00edgenas, efectivamente siervos, exigieron y comenzaron a tomarse m\u00e1s tierras.<\/p>\n<p style=\"text-align: justify;\">La CIA (Agencia Central de Inteligencia) derroc\u00f3 a \u00c1rbenz en 1954. El Secretario de Estado de Estados Unidos y su hermano, el jefe de la CIA, eran de la junta directiva de la United Fruit.<\/p>\n<p style=\"text-align: justify;\">En 1960 comenz\u00f3 una insurgencia basada en el campo. Inclu\u00eda trabajadores y guerrilleros armados. Se inspir\u00f3 en la revoluci\u00f3n cubana y fue respaldada (indirectamente) por el imperialismo sovi\u00e9tico.<\/p>\n<p style=\"text-align: justify;\">En 1977, EE. UU. hab\u00eda perdido su guerra en Vietnam. Fue ampliamente desacreditado. El presidente \u201chumanitario\u201d Carter decidi\u00f3 que ya no pod\u00eda respaldar abiertamente la dictadura militar guatemalteca. Subcontrat\u00f3 ese trabajo a Israel.<\/p>\n<p style=\"text-align: justify;\">Un ministro de econom\u00eda israel\u00ed ofreci\u00f3: \u201cEn lugares donde Uds. no pueden vender armas directamente, hag\u00e1moslo nosotros. Israel les servir\u00e1 de intermediario\u201d.<\/p>\n<p style=\"text-align: justify;\">El golpe de Estado del general R\u00edos Montt en 1982 convirti\u00f3 la contrainsurgencia en genocidio. Las fuerzas gubernamentales asesinaron a 250,000 ind\u00edgenas mayas y otras personas en 626 masacres distintas.<\/p>\n<p style=\"text-align: justify;\">Oficiales militares guatemaltecos entrenados por Israel hablaron de la \u201cpalestinizaci\u00f3n\u201d de las tierras mayas despu\u00e9s de la masacre. Con ayuda israel\u00ed, obligaron a los supervivientes a ingresar en comunidades de \u201creajustamiento\u201d para ser vigilados.<\/p>\n<p style=\"text-align: justify;\">Un general israel\u00ed explic\u00f3: \u201cIsrael les ha dado a sus soldados entrenamiento pr\u00e1ctico en el arte de la opresi\u00f3n y en m\u00e9todos de castigo colectivo\u201d.<\/p>\n<p style=\"text-align: justify;\">El golpe de 1982 tuvo \u00e9xito, declar\u00f3 R\u00edos Montt, porque \u201cmuchos de nuestros soldados fueron entrenados por los israel\u00edes\u201d.<\/p>\n<p style=\"text-align: justify;\">Cuando el imperialismo estadounidense interrumpi\u00f3 la venta de armas a los reg\u00edmenes fascistas de Nicaragua y El Salvador, o a las fuerzas policiales centroamericanas, Israel intervino. Las relaciones militares con Israel ayudaron a mantener los v\u00ednculos entre los gobiernos centroamericanos y Washington.<\/p>\n<p style=\"text-align: justify;\">La conexi\u00f3n Guatemala-Israel sigue siendo fuerte. El presidente socialdem\u00f3crata, Bernardo Ar\u00e9valo, se grad\u00fao en la Universidad Hebrea de Jerusal\u00e9n. Pas\u00f3 cuatro a\u00f1os como alto funcionario en la embajada de Guatemala en Israel. Poco despu\u00e9s de asumir el cargo a principios de este a\u00f1o, Israel y Guatemala firmaron un pacto de libre comercio.<\/p>\n<p style=\"text-align: justify;\">Incluso antes de R\u00edos Montt y desde entonces, los cristianos sionistas evang\u00e9licos en Guatemala han construido una amplia base fascista de apoyo a Israel.<\/p>\n<p style=\"text-align: justify;\">Un estudiante palestino present\u00f3 gran parte de esta informaci\u00f3n. Su charla ampli\u00f3 la discusi\u00f3n de \u201c\u00a1Palestina libre!\u201d al imperialismo en relaci\u00f3n con el capitalismo. Sin embargo, la atenci\u00f3n se centr\u00f3 en los paralelismos y las conexiones entre las luchas de los pueblos ind\u00edgenas, no en una clase obrera internacional que enfrenta al mismo enemigo de clase.<\/p>\n<p style=\"text-align: justify;\">Otro estudiante describi\u00f3 el papel del fascismo israel\u00ed en M\u00e9xico. Espec\u00edficamente, el secuestro y asesinato de 43 estudiantes en Ayotzinapa, orquestado por el gobierno, en 2014. Los gobernantes mexicanos fueron los primeros en adoptar el software esp\u00eda \u201cPegasus\u201d de Israel. Tom\u00e1s Zeron de Lucio, una figura clave en la masacre, dirigi\u00f3 el despliegue de Pegasus para atacar a los padres y abogados de los 43, as\u00ed como a activistas de derechos humanos. Tem\u00edan que se desmoronara la gran mentira del gobierno de que no estaba involucrado.<\/p>\n<p style=\"text-align: justify;\">El gobierno mexicano todav\u00eda compra masivamente software esp\u00eda israel\u00ed. Zeron ha evitado ser procesado por sus atroces cr\u00edmenes huyendo a Israel. Israel se niega a extraditarlo.<\/p>\n<p style=\"text-align: justify;\">\u201cComo revolucionarios siempre debemos construir solidaridad\u201d, afirm\u00f3 el presentador palestino. Una camarada del PCOI, en un grupo de trabajo, lo hizo m\u00e1s concreto.<\/p>\n<p style=\"text-align: justify;\">\u201cEstamos luchando contra las mismas potencias imperialistas en todas partes, por lo que necesitamos estar en un partido internacional\u201d, dijo. \u201cEl imperialismo tiene sus ra\u00edces en el capitalismo, por lo que nuestra lucha debe ser contra el capitalismo\u201d.<\/p>\n<p style=\"text-align: justify;\">La camarada sac\u00f3 Bandera Roja. La persona que habl\u00f3 de Artsaj mostr\u00f3 la copia que ya ten\u00eda. Esta anim\u00f3 a dos amigos a tomar nuestro peri\u00f3dico. Otro lector habitual tom\u00f3 varias copias extra.<\/p>\n<p style=\"text-align: justify;\">\u201cNuestras protestas semanales contra el genocidio de Gaza han creado un espacio para que la gente piense y aprenda m\u00e1s\u201d, le dijo un organizador a la camarada unos d\u00edas despu\u00e9s. \u201cAl principio estaban muy enojados. Ahora est\u00e1n empezando a comprender el panorama m\u00e1s amplio\u201d.<\/p>\n<p style=\"text-align: justify;\">Este lector de Bandera Roja no estaba seguro si la gente en EE. UU. estaba preparada para el comunismo. Pero nuestras experiencias nos muestran que muchos lo est\u00e1n. Y s\u00f3lo el comunismo puede derrotar el genocidio imperialista.<\/p>\n<h4 id=\"2\" style=\"text-align: center;\"><span style=\"color: #ff0000;\"><strong>El Pacifismo, El BDS (Boicot, Desinversi\u00f3n, Sanciones) y La Liberaci\u00f3n Nacional Construyen El Anticomunismo<\/strong><\/span><\/h4>\n<p style=\"text-align: justify;\">Estamos aprendiendo valiosas lecciones de la distribuci\u00f3n enormemente exitosa del folleto del PCOI sobre Gaza en el campamento de la Universidad Jawaharlal Nehru.\u00a0\u201cS\u00f3lo la revoluci\u00f3n comunista traer\u00e1 Azadi (libertad) a la clase obrera\u201d.\u00a0Esta fue la respuesta abrumadora de algunos j\u00f3venes que se congregaron a nuestro alrededor.<\/p>\n<p style=\"text-align: justify;\">Pero tambi\u00e9n hab\u00eda contradicciones. Muchos de estos j\u00f3venes estudiantes cre\u00edan que el movimiento de \u201cBoicot, Desinversi\u00f3n, Sanciones\u201d (BDS) debilitar\u00eda a los capitalistas israel\u00edes, abriendo el camino para una revoluci\u00f3n comunista.<\/p>\n<p style=\"text-align: justify;\">Dijimos que el movimiento BDS es esencialmente mentiras anticomunistas alimentadas por la clase dominante para confundir a muchos estudiantes y trabajadores. Necesitamos organizar a nuestro Ej\u00e9rcito Rojo y a los obreros industriales para el comunismo. El movimiento BDS nunca abordar\u00e1 c\u00f3mo se puede hacer eso.<\/p>\n<p style=\"text-align: justify;\">Pusimos el ejemplo de la Lucha por la Libertad de la India. Hace m\u00e1s de un siglo, cuando los capitalistas brit\u00e1nicos gobernaban la India, construyeron un hotel ic\u00f3nico con una imponente arquitectura victoriana en Bombay (ahora Mumbai). En la puerta de entrada, se coloc\u00f3 un letrero: \u201cSolo europeos. No se permiten perros ni indios\u201d.<\/p>\n<p style=\"text-align: justify;\">La ira de la clase media india tom\u00f3 la forma del movimiento nacionalista de liberaci\u00f3n para sancionar, boicotear y despojar de los intereses brit\u00e1nicos en la India.<\/p>\n<p style=\"text-align: justify;\">El Partido del Congreso (con Gandhi y otros) lider\u00f3 este movimiento. Fue financiado abrumadoramente por cinco de los capitalistas en ascenso m\u00e1s ricos. Su insistencia en mantener el movimiento pac\u00edfico fue, en realidad, un ataque violento contra la clase trabajadora india que enfrentaba la brutalidad de la esclavitud asalariada, la hambruna y las guerras imperialistas.<\/p>\n<p style=\"text-align: justify;\">La India obtuvo la independencia despu\u00e9s de que los capitalistas brit\u00e1nicos dejaran de ser los principales imperialistas. La salida de los capitalistas brit\u00e1nicos inici\u00f3 un r\u00e1pido ascenso de la clase capitalista india, que mantuvo la esclavitud asalariada con el orgullo \u201cnacionalista\u201d.<\/p>\n<p style=\"text-align: justify;\">El Partido Comunista de la India organiz\u00f3 a millones de obreros, campesinos y estudiantes durante este tiempo, pero nunca tuvo la perspectiva de derrocar al capitalismo con el comunismo. Se convirtieron en animadores del Partido del Congreso despu\u00e9s de que la India obtuviera la independencia.<\/p>\n<p style=\"text-align: justify;\">El movimiento BDS es similar al movimiento de independencia de la India. Los gobernantes israel\u00edes son extremadamente d\u00e9biles, defendidos por los imperialistas estadounidenses cuya dominaci\u00f3n est\u00e1 en declive. Esta combinaci\u00f3n est\u00e1 creando los horrores del genocidio. No es porque sean fuertes, es una se\u00f1al de su debilidad.<\/p>\n<p style=\"text-align: justify;\">Como dec\u00eda el volante del PCOI sobre Gaza, la clase obrera en Gaza, Israel y otras \u00e1reas puede organizarse para luchar por una revoluci\u00f3n comunista. S\u00f3lo vale la pena luchar por una revoluci\u00f3n comunista. Cualquier otra cosa mantendr\u00e1 intacta la esclavitud asalariada. Debemos rechazar la soluci\u00f3n sin salida del movimiento pacifista BDS, que solo reformar\u00e1 el capitalismo.<\/p>\n<p style=\"text-align: justify;\">Muchos estudiantes del movimiento de campamentos fueron muy receptivos a lo que dijimos.\u00a0La mayor\u00eda de ellos no conoc\u00edan la historia de la India desde la perspectiva del PCOI. Su participaci\u00f3n con nosotros el Primero de Mayo es una se\u00f1al de que podemos crecer y construir nuestro Partido.<\/p>\n<p>\u2014Camaradas de Delhi (India)<\/p>\n<h4 id=\"3\" style=\"text-align: center;\"><span style=\"color: #ff0000;\"><strong>Solidaridad Internacional: Por Una Intifada Comunista Global<\/strong><\/span><\/h4>\n<p style=\"text-align: justify;\">Participamos recientemente en una conferencia de solidaridad internacional con el movimiento estudiantil de los campamentos pro-Gaza. La conferencia nos llam\u00f3 a reflexionar colectivamente en las contradicciones de la pol\u00edtica sobre la globalizaci\u00f3n de la intifada, los estudiantes comprometidos con el pueblo de Palestina, la auto determinaci\u00f3n y nuestra movilizaci\u00f3n de las masas por el comunismo en todo el mundo.<\/p>\n<p style=\"text-align: justify;\">Cinco organizadores hablaron desde M\u00e9xico, Costa Rica, Colombia y EE.UU. (Universidad de Columbia y Universidad de California en Irvine). Describieron la lucha contra el imperialismo que avanza a medida que los estudiantes interact\u00faan internacionalmente para comunicar la importancia de los campamentos estudiantiles a favor de Palestina.<\/p>\n<p style=\"text-align: justify;\">La conferencia cont\u00f3 con la participaci\u00f3n interactiva de aproximadamente 50 personas de los EE.UU. y Am\u00e9rica Latina. Pero vemos una contradicci\u00f3n entre el car\u00e1cter internacional de la reuni\u00f3n y su pol\u00edtica de apoyo al nacionalismo palestino.<\/p>\n<p style=\"text-align: justify;\">Participamos como miembros del Partido Comunista Obrero Internacional (PCOI). Uno de nuestros camaradas particip\u00f3 en un segmento de discusi\u00f3n. Mencion\u00f3 que, desde el principio, la situaci\u00f3n en Palestina ha sido un proyecto de rivalidad Inter-imperialista por el control de la zona estrat\u00e9gica. Primero Gran Breta\u00f1a con la Declaraci\u00f3n Balfour y luego la intervenci\u00f3n imperialista estadounidense que a\u00fan contin\u00faa. Ahora tenemos otros imperialistas como el imperialismo ruso, adem\u00e1s del imperialismo chino.<\/p>\n<p style=\"text-align: justify;\">\u201c\u00bfC\u00f3mo podemos asegurarnos de que ning\u00fan imperialismo penetre en Palestina y que sea verdaderamente libre?\u201d, pregunt\u00f3.<\/p>\n<p style=\"text-align: justify;\">\u00bfNada de relaciones capitalistas de ning\u00fan tipo y m\u00e1s relaciones comunistas? En futuras reuniones seguiremos abriendo espacios de lucha ideol\u00f3gica dentro del grupo, agudizando la lucha entre el comunismo y el nacionalismo.<\/p>\n<p style=\"text-align: justify;\">Luchamos internacionalmente para unir a la clase obrera en un solo partido. No podremos establecer el comunismo a trav\u00e9s del nacionalismo. Tenemos las lecciones del pasado, de los fracasos de los comunistas rusos del siglo XX al no establecer el comunismo directamente. No necesitamos una etapa \u201ctransitoria\u201d. El nacionalismo no es la soluci\u00f3n, y no es un pelda\u00f1o o una escalera.<\/p>\n<p style=\"text-align: justify;\"><strong>Luchamos Por Movilizar a Las Masas Para El Comunismo<\/strong><\/p>\n<p style=\"text-align: justify;\">La conferencia fue una buena oportunidad para agudizar la lucha sobre las ideas comunistas y nacionalistas. Para ello, publicamos enlaces a la p\u00e1gina web de nuestro partido y a nuestro folleto sobre Gaza.<\/p>\n<p style=\"text-align: justify;\">Obtuvimos informaci\u00f3n de contacto de muchos de los participantes. Haremos un seguimiento para ganar y construir relaciones comunistas bajo nuestra l\u00ednea pol\u00edtica. Al mismo tiempo, continuaremos participando en futuras conferencias donde podamos presentar nuestras ideas comunistas y nuestro Partido.<\/p>\n<p style=\"text-align: justify;\">Estas conferencias y campamentos abren oportunidades entre los j\u00f3venes estudiantes de todo el mundo para que nuestro partido construya la unidad colectiva y la solidaridad para movilizar a las masas y convertir las guerras imperialistas en una revoluci\u00f3n comunista.<\/p>\n<p style=\"text-align: justify;\">Sabemos que los estudiantes, los j\u00f3venes, los trabajadores industriales, los soldados y los marineros son esenciales en el movimiento mundial para nuestra lucha contra los imperialistas y capitalistas.<\/p>\n<p style=\"text-align: justify;\">Los comunistas debemos ser la semilla que crezca y se mantenga firme en la lucha por acabar con las sociedades capitalistas que limitan, oprimen, explotan y se aprovechan de las guerras imperialistas para su propio enriquecimiento y poder. Pondremos fin a su sistema de miseria, hambre, racismo, divisiones nacionalistas y guerra.<\/p>\n<p style=\"text-align: justify;\">\u00a1\u00danete y lucha directamente por una sociedad comunista con nuestro Partido Comunista Obrero Internacional!<\/p>\n<p>\u00a1Viva la revoluci\u00f3n comunista!<\/p>\n<p>\u2014 Camaradas Rojos del PCOI<\/p>\n<p style=\"text-align: center;\"><strong>Lee Nuestro Folleto: <\/strong><\/p>\n<p style=\"text-align: center;\"><strong>El Genocidio en Gaza Exige una Revoluci\u00f3n Comunista <a href=\"https:\/\/icwpredflag.org\/wp\/wordpress\/wps\/wp-content\/uploads\/sites\/2\/2024\/03\/sgaza.pdf\" target=\"_blank\" rel=\"noopener\"><span style=\"color: #ff0000;\">A<\/span><\/a><\/strong><a href=\"https:\/\/icwpredflag.org\/wp\/wordpress\/wps\/wp-content\/uploads\/sites\/2\/2024\/03\/sgaza.pdf\"><span style=\"color: #ff0000;\"><strong>qu\u00ed \u2666<\/strong><\/span><\/a><\/p>\n<p style=\"text-align: center;\"><strong>Enlaces a Art\u00edculos Sobre Comunismo vs Nacionalismo y Liberaci\u00f3n Nacional:<\/strong><\/p>\n<p style=\"text-align: center;\"><strong>V\u00e9ase el Art\u00edculo de <em>Bandera Roja<\/em> de Octubre del 2023 \u00abLlevar El Comunismo A Las Protestas Contra La APEC\u00bb <a href=\"https:\/\/icwpredflag.org\/wp\/wordpress\/wps\/volumen-14-numero-14\/llevando-comunismo-a-las-protestas-anti-apec\/\" target=\"_blank\" rel=\"noopener\"><span style=\"color: #ff0000;\">A<\/span><\/a><\/strong><a href=\"https:\/\/icwpredflag.org\/wp\/wordpress\/wps\/volumen-14-numero-14\/llevando-comunismo-a-las-protestas-anti-apec\/\"><span style=\"color: #ff0000;\"><strong>qu\u00ed \u2666<\/strong><\/span><\/a><\/p>\n<p style=\"text-align: center;\"><strong>V\u00e9ase \u00abS\u00f3lo el Comunismo Puede Poner Fin a los Cr\u00edmenes del Nacionalismo\u00bb <a href=\"https:\/\/icwpredflag.org\/wp\/wordpress\/wps\/wp-content\/uploads\/sites\/2\/2023\/11\/nacismo3.pdf\" target=\"_blank\" rel=\"noopener\"><span style=\"color: #ff0000;\">A<\/span><\/a><\/strong><a href=\"https:\/\/icwpredflag.org\/wp\/wordpress\/wps\/wp-content\/uploads\/sites\/2\/2023\/11\/nacismo3.pdf\"><span style=\"color: #ff0000;\"><strong>qu\u00ed \u2666<\/strong><\/span><\/a><\/p>\n<p style=\"text-align: center;\"><strong>V\u00e9ase \u00abCr\u00edtica de Franz Fanon\u00bb <a href=\"https:\/\/icwpredflag.org\/DepthS\/FanonS.html\" target=\"_blank\" rel=\"noopener\"><span style=\"color: #ff0000;\">Aqu\u00ed \u2666 <\/span><\/a><br \/>\n<\/strong><\/p>\n<h4><a href=\"https:\/\/icwpredflag.org\/wp\/wordpress\/wps\/volumen-15-numero-7\/\">Primera p\u00e1gina de esta edici\u00f3n<\/a><\/h4>\n","protected":false},"excerpt":{"rendered":"<p>De Gaza a Guatemala: Solidaridad Comunista aqu\u00ed \u2666 El Pacifismo, El BDS y La Liberaci\u00f3n Nacional aqu\u00ed \u2666 Por Una Intifada Comunista Global aqu\u00ed \u2666 \u200bGuerrilleras en Guatemala De Gaza a Guatemala: La Solidaridad Comunista Internacional De La Clase Obrera Derrotar\u00e1 El Genocidio Imperialista PASADENA (EE. UU.), 18 de mayo\u2014 \u201cAsediamos a los pol\u00edticos. Ciudades &hellip; <a href=\"https:\/\/icwpredflag.org\/wp\/wordpress\/wps\/volumen-15-numero-7\/construir-un-pcoi-para-poner-fin-al-genocidio-imperialista-desde-gaza-hasta-guatemala-y-la-india\/\" class=\"more-link\">Sigue leyendo <span class=\"screen-reader-text\">Construir PCOI Para Poner Fin al Genocidio Imperialista Desde Gaza Hasta Guatemala y la India<\/span><\/a><\/p>\n","protected":false},"author":6,"featured_media":5655,"parent":11822,"menu_order":0,"comment_status":"closed","ping_status":"closed","template":"","meta":{"footnotes":""},"class_list":["post-11852","page","type-page","status-publish","has-post-thumbnail","hentry"],"_links":{"self":[{"href":"https:\/\/icwpredflag.org\/wp\/wordpress\/wps\/wp-json\/wp\/v2\/pages\/11852","targetHints":{"allow":["GET"]}}],"collection":[{"href":"https:\/\/icwpredflag.org\/wp\/wordpress\/wps\/wp-json\/wp\/v2\/pages"}],"about":[{"href":"https:\/\/icwpredflag.org\/wp\/wordpress\/wps\/wp-json\/wp\/v2\/types\/page"}],"author":[{"embeddable":true,"href":"https:\/\/icwpredflag.org\/wp\/wordpress\/wps\/wp-json\/wp\/v2\/users\/6"}],"replies":[{"embeddable":true,"href":"https:\/\/icwpredflag.org\/wp\/wordpress\/wps\/wp-json\/wp\/v2\/comments?post=11852"}],"version-history":[{"count":7,"href":"https:\/\/icwpredflag.org\/wp\/wordpress\/wps\/wp-json\/wp\/v2\/pages\/11852\/revisions"}],"predecessor-version":[{"id":11881,"href":"https:\/\/icwpredflag.org\/wp\/wordpress\/wps\/wp-json\/wp\/v2\/pages\/11852\/revisions\/11881"}],"up":[{"embeddable":true,"href":"https:\/\/icwpredflag.org\/wp\/wordpress\/wps\/wp-json\/wp\/v2\/pages\/11822"}],"wp:featuredmedia":[{"embeddable":true,"href":"https:\/\/icwpredflag.org\/wp\/wordpress\/wps\/wp-json\/wp\/v2\/media\/5655"}],"wp:attachment":[{"href":"https:\/\/icwpredflag.org\/wp\/wordpress\/wps\/wp-json\/wp\/v2\/media?parent=11852"}],"curies":[{"name":"wp","href":"https:\/\/api.w.org\/{rel}","templated":true}]}}