{"id":11936,"date":"2024-06-24T21:59:56","date_gmt":"2024-06-24T21:59:56","guid":{"rendered":"https:\/\/icwpredflag.org\/wp\/wordpress\/wps\/?page_id=11936"},"modified":"2024-06-24T22:00:32","modified_gmt":"2024-06-24T22:00:32","slug":"aprendiendo-de-la-reunion-internacional-del-pcoi-cartas-desde-costa-rica","status":"publish","type":"page","link":"https:\/\/icwpredflag.org\/wp\/wordpress\/wps\/volumen-15-numero-8\/aprendiendo-de-la-reunion-internacional-del-pcoi-cartas-desde-costa-rica\/","title":{"rendered":"Aprendiendo de la Reuni\u00f3n Internacional del PCOI: Cartas Desde Costa Rica"},"content":{"rendered":"<p style=\"text-align: center\"><strong>Agradecimientos y Lecciones Aprendidas <a class=\"icwp-emph\" href=\"#1\">aqu\u00ed \u2666<\/a> A los amigos de Sud\u00e1frica <a class=\"icwp-emph\" href=\"#2\">aqu\u00ed \u2666<\/a><\/strong><\/p>\n<h4 id=\"1\" style=\"text-align: center\"><span style=\"color: #ff0000\"><strong>\u200bAgradecimientos y Lecciones Aprendidas<\/strong><\/span><\/h4>\n<p style=\"text-align: justify\">Quiero expresar mi agradecimiento por la invitaci\u00f3n que el PCOI extendi\u00f3 al Movimiento de Trabajadores y Campesinos de Costa Rica (MTC) para participar en su reuni\u00f3n del Liderato Internacional, del 8 al 9 de junio de 2024.<\/p>\n<p style=\"text-align: justify\">El MTC es una organizaci\u00f3n pol\u00edtica que realiza trabajo de base en sectores populares en la lucha por la vivienda, entre trabajadores agr\u00edcolas e ind\u00edgenas. Tambi\u00e9n trabajamos entre la clase trabajadora del sector p\u00fablico que se defiende de los ataques neoliberales del gobierno de Rodrigo Chaves. Asimismo, es una organizaci\u00f3n que tiene como objetivo un gobierno de trabajadores y campesinos.<\/p>\n<p style=\"text-align: justify\">La reuni\u00f3n fue muy interesante. Fue muy relevante el punto dedicado al trabajo realizado en los campamentos de estudiantes contra el genocidio en Gaza. Es alentador ver que muchos j\u00f3venes en Estados Unidos han tomado conciencia de la situaci\u00f3n en Gaza, desafiando a sus propias autoridades universitarias. Tambi\u00e9n se realiz\u00f3 un campamento estudiantil en la Universidad de Costa Rica.<\/p>\n<p style=\"text-align: justify\">Este movimiento de solidaridad internacional ha movilizado a muchas personas en todo el mundo. Eso da la oportunidad de discutir la pol\u00edtica imperialista-sionista en Gaza que ha significado el exterminio de miles de personas ya sea mediante masacre militar o por hambruna. Este es un ejemplo horrible de c\u00f3mo los l\u00edderes del capitalismo est\u00e1n guiando a la humanidad para defender sus intereses.<\/p>\n<p style=\"text-align: justify\">Otro punto de gran inter\u00e9s para nosotros fue el trabajo contra la guerra imperialista en curso. En este marco cada vez m\u00e1s belicista se preparan los mayores ejercicios militares mar\u00edtimos del mundo, comandados por Estados Unidos y denominados RIMPAC (Rim of the Pacific). Pa\u00edses latinoamericanos como Brasil, M\u00e9xico y Per\u00fa se encuentran entre los 29 pa\u00edses participantes.<\/p>\n<p style=\"text-align: justify\">El PCOI est\u00e1 preparando actividades de protesta, an\u00e1lisis y denuncia de estos ejercicios. Estas son parte de las tensiones existentes entre diferentes imperialismos, fundamentalmente Estados Unidos, Rusia y China. Esto tiene al mundo en alta y creciente tensi\u00f3n, al punto que se puede hablar de la terrible posibilidad de una Tercera Guerra Mundial.<\/p>\n<p style=\"text-align: justify\">Otro punto fue el trabajo pol\u00edtico entre los trabajadores que se realiza en algunos pa\u00edses, entre ellos Sud\u00e1frica y El Salvador. Estas \u00e1reas de trabajo nos parecen grandes \u00e9xitos del PCOI ya que es necesario llevar el comunismo a la pr\u00e1ctica. Las preocupaciones expresadas por los trabajadores de estos pa\u00edses son muy similares al trabajo de base realizado por el MTC, lo que hace que el aprendizaje com\u00fan sea muy relevante.<\/p>\n<p style=\"text-align: justify\">En todos estos aspectos, hay puntos importantes que nos unen; PCOI-MTC. Hay otras cuestiones en las que no estamos del todo de acuerdo. Pero estamos muy dispuestos a seguir debati\u00e9ndolos de manera respetuosa como lo hemos hecho hasta ahora.<\/p>\n<p>\u2014Un Camarada del MTC en Costa Rica<\/p>\n<h4 id=\"2\" style=\"text-align: center\"><span style=\"color: #ff0000\"><strong>A Los Amigos de Sud\u00e1frica: Mi Abrazo, Saludo, Respeto y Admiraci\u00f3n.<\/strong><\/span><\/h4>\n<p style=\"text-align: justify\">Tener la oportunidad de escucharlos siempre es una inmensa experiencia de aprendizaje. Con sus conocimientos y experiencia pr\u00e1ctica, se convierten en un ejemplo. Demuestran que nuestras luchas son integrales cuando, en nuestra vida diaria, logramos un equilibrio dial\u00e9ctico entre todas las dimensiones de nuestra vida. Eso incluye: lo pol\u00edtico, lo ideol\u00f3gico, lo organizacional, lo espiritual (objetivo\/subjetivo).<\/p>\n<p style=\"text-align: justify\">Desde esta perspectiva, hacemos tarea primordial \u201cconocernos a nosotros mismos en profundidad\u201d en casa, en la f\u00e1brica, en la calle, en otros escenarios de luchas sociales, obreras, populares, estudiantiles e ind\u00edgenas. Y m\u00e1s: qui\u00e9nes somos, c\u00f3mo sentimos, c\u00f3mo pensamos, c\u00f3mo y desde d\u00f3nde vivimos, existimos y nos relacionamos.<\/p>\n<p style=\"text-align: justify\">En s\u00edntesis, son mis grandes maestros, ejemplo en la praxis de esta relaci\u00f3n dial\u00e9ctica entre lo pol\u00edtico, lo personal, lo social y lo cultural. La base para incorporar m\u00e1s hermanas, hermanos, amigos y amigas, vecinos y familiares a la construcci\u00f3n de una sociedad con un nuevo orden y l\u00f3gica. Uno que rompa o transgreda todo tipo de relaciones impuestas desde el sistema capitalista y sus m\u00faltiples expresiones, que ha desgarrado y vulnerado nuestras identidades.<\/p>\n<p style=\"text-align: justify\">Esto abre las posibilidades de transformarnos para transformar el mundo, en una comunidad basada en el di\u00e1logo (discusi\u00f3n) bajo relaciones horizontales y aprendizaje rec\u00edproco. Un mundo, una casa com\u00fan sin fronteras, donde ya no quede el m\u00e1s m\u00ednimo espacio para ning\u00fan rastro de desigualdad, subordinaci\u00f3n\/explotaci\u00f3n o discriminaci\u00f3n.<\/p>\n<p style=\"text-align: justify\">Junto a ustedes he aprendido que nuestro sue\u00f1o de igualdad va m\u00e1s all\u00e1 de un manifiesto preciso, m\u00e1s all\u00e1 de un debate. Va m\u00e1s all\u00e1 de nuestras palabras. La sembramos y la cultivamos para que d\u00e9 frutos poderosos y permanentes en cada momento de nuestra vida y en cada espacio donde nos movemos. Para que tome el pulso de nuestros tiempos, ritmos, corazones y saberes con rigor, respeto y amor revolucionario.<\/p>\n<p style=\"text-align: justify\">\u00a1Gracias, gracias desde el fondo de mi coraz\u00f3n! Siempre abren mi intelecto y mi coraz\u00f3n para seguir tejiendo y tejiendo sin fronteras. Son mis principales maestros y maestros de lucha. Deseo estar a su servicio, experimentando que el oc\u00e9ano que nos separa es s\u00f3lo una cuesti\u00f3n f\u00edsica.<\/p>\n<p>\u2014Camarada en Costa Rica, Centroam\u00e9rica, 8 de junio de 2024<\/p>\n<h4><a href=\"https:\/\/icwpredflag.org\/wp\/wordpress\/wps\/volumen-15-numero-8\/\">Primera p\u00e1gina de esta edici\u00f3n<\/a><\/h4>\n","protected":false},"excerpt":{"rendered":"<p>Agradecimientos y Lecciones Aprendidas aqu\u00ed \u2666 A los amigos de Sud\u00e1frica aqu\u00ed \u2666 \u200bAgradecimientos y Lecciones Aprendidas Quiero expresar mi agradecimiento por la invitaci\u00f3n que el PCOI extendi\u00f3 al Movimiento de Trabajadores y Campesinos de Costa Rica (MTC) para participar en su reuni\u00f3n del Liderato Internacional, del 8 al 9 de junio de 2024. El &hellip; <a href=\"https:\/\/icwpredflag.org\/wp\/wordpress\/wps\/volumen-15-numero-8\/aprendiendo-de-la-reunion-internacional-del-pcoi-cartas-desde-costa-rica\/\" class=\"more-link\">Sigue leyendo <span class=\"screen-reader-text\">Aprendiendo de la Reuni\u00f3n Internacional del PCOI: Cartas Desde Costa Rica<\/span><\/a><\/p>\n","protected":false},"author":6,"featured_media":5655,"parent":11895,"menu_order":0,"comment_status":"closed","ping_status":"closed","template":"","meta":{"footnotes":""},"class_list":["post-11936","page","type-page","status-publish","has-post-thumbnail","hentry"],"_links":{"self":[{"href":"https:\/\/icwpredflag.org\/wp\/wordpress\/wps\/wp-json\/wp\/v2\/pages\/11936","targetHints":{"allow":["GET"]}}],"collection":[{"href":"https:\/\/icwpredflag.org\/wp\/wordpress\/wps\/wp-json\/wp\/v2\/pages"}],"about":[{"href":"https:\/\/icwpredflag.org\/wp\/wordpress\/wps\/wp-json\/wp\/v2\/types\/page"}],"author":[{"embeddable":true,"href":"https:\/\/icwpredflag.org\/wp\/wordpress\/wps\/wp-json\/wp\/v2\/users\/6"}],"replies":[{"embeddable":true,"href":"https:\/\/icwpredflag.org\/wp\/wordpress\/wps\/wp-json\/wp\/v2\/comments?post=11936"}],"version-history":[{"count":3,"href":"https:\/\/icwpredflag.org\/wp\/wordpress\/wps\/wp-json\/wp\/v2\/pages\/11936\/revisions"}],"predecessor-version":[{"id":11939,"href":"https:\/\/icwpredflag.org\/wp\/wordpress\/wps\/wp-json\/wp\/v2\/pages\/11936\/revisions\/11939"}],"up":[{"embeddable":true,"href":"https:\/\/icwpredflag.org\/wp\/wordpress\/wps\/wp-json\/wp\/v2\/pages\/11895"}],"wp:featuredmedia":[{"embeddable":true,"href":"https:\/\/icwpredflag.org\/wp\/wordpress\/wps\/wp-json\/wp\/v2\/media\/5655"}],"wp:attachment":[{"href":"https:\/\/icwpredflag.org\/wp\/wordpress\/wps\/wp-json\/wp\/v2\/media?parent=11936"}],"curies":[{"name":"wp","href":"https:\/\/api.w.org\/{rel}","templated":true}]}}