{"id":12206,"date":"2024-09-18T21:12:37","date_gmt":"2024-09-18T21:12:37","guid":{"rendered":"https:\/\/icwpredflag.org\/wp\/wordpress\/wps\/?page_id=12206"},"modified":"2024-09-19T01:56:58","modified_gmt":"2024-09-19T01:56:58","slug":"mexico-no-hay-justicia-para-los-trabajadores-en-las-reformas-capitalistas","status":"publish","type":"page","link":"https:\/\/icwpredflag.org\/wp\/wordpress\/wps\/volumen-15-numero-12\/mexico-no-hay-justicia-para-los-trabajadores-en-las-reformas-capitalistas\/","title":{"rendered":"M\u00e9xico: No Hay Justicia Para Los Trabajadores En Las Reformas Capitalistas"},"content":{"rendered":"<p><img loading=\"lazy\" decoding=\"async\" class=\"aligncenter wp-image-12182\" src=\"https:\/\/icwpredflag.org\/wp\/wordpress\/wps\/wp-content\/uploads\/sites\/2\/2024\/09\/mexmin1.jpg\" alt=\"\" width=\"735\" height=\"444\" srcset=\"https:\/\/icwpredflag.org\/wp\/wordpress\/wps\/wp-content\/uploads\/sites\/2\/2024\/09\/mexmin1.jpg 427w, https:\/\/icwpredflag.org\/wp\/wordpress\/wps\/wp-content\/uploads\/sites\/2\/2024\/09\/mexmin1-300x181.jpg 300w\" sizes=\"auto, (max-width: 735px) 100vw, 735px\" \/><\/p>\n<p style=\"text-align: justify;\"><strong>L\u00e1zaro C\u00e1rdenas, Michoac\u00e1n, 17 de junio. Miles de trabajadores, miembros del Sindicato Nacional de Mineros de M\u00e9xico (Los Mineros), se declararon en huelga en la planta sider\u00fargica de ArcelorMittal. El sindicato hab\u00eda acordado previamente un acuerdo de \u201creparto de utilidades\u201d, pero la empresa report\u00f3 una disminuci\u00f3n de las ganancias a pesar de mantener los niveles de producci\u00f3n y precios. Todas las ganancias provienen de la explotaci\u00f3n: la diferencia entre el valor que producen los trabajadores y el valor que reciben en salarios. Ning\u00fan acuerdo de \u201creparto de utilidades\u201d puede cambiar el hecho de que los trabajadores y los capitalistas tienen intereses opuestos. Solo en el comunismo \u2013con la abolici\u00f3n de los salarios, la producci\u00f3n de mercanc\u00edas, las ganancias y el dinero\u2013 las masas trabajadoras cosecharemos los frutos completos de nuestro trabajo.<\/strong><\/p>\n<h4 style=\"text-align: center;\"><span style=\"color: #ff0000;\"><strong>Reforma al Poder Judicial: Una Lucha Patronal<br \/>\nLa Clase Trabajadora Debe Construir Su Propio Sistema de Justicia Comunista<\/strong><\/span><\/h4>\n<p style=\"text-align: justify;\">M\u00c9XICO, 11 de septiembre\u2014 La propuesta de reforma al Poder Judicial, impulsada por el gobierno del presidente Manuel L\u00f3pez Obrador (AMLO), ha provocado gran debate y enfrentamientos en el pa\u00eds y a nivel internacional.<\/p>\n<p style=\"text-align: justify;\">Propone que los jueces, magistrados e incluso los integrantes de la Suprema Corte sean elegidos por voto popular y no designados por el presidente, los partidos pol\u00edticos o los magistrados.<\/p>\n<p style=\"text-align: justify;\">El aparato judicial actual ha estado atado a la burgues\u00eda representada por partidos pol\u00edticos como el PRI, el PAN y sus aliados imperialistas estadounidenses. Estos \u00faltimos se quejan airadamente del car\u00e1cter \u201cantidemocr\u00e1tico\u201d de este proceso.<\/p>\n<p style=\"text-align: justify;\">Los capitalistas y el poder militar detr\u00e1s de AMLO buscan alinear a los jueces con la Cuarta Enmienda (el programa de AMLO), como lo est\u00e1 ahora el poder legislativo. Sus partidarios repiten que la reforma propuesta fue avalada por los resultados de las elecciones y es \u201cpara el beneficio del pueblo\u201d. El grupo patronal de AMLO y el ej\u00e9rcito quieren y necesitan este control para llevar a cabo sus planes generales de explotaci\u00f3n de los trabajadores y control de la riqueza de M\u00e9xico.<\/p>\n<p style=\"text-align: justify;\">La reforma refleja una aguda lucha en el seno de la burgues\u00eda mexicana. Tambi\u00e9n es una lucha entre los gobernantes mexicanos y la oligarqu\u00eda estadounidense. Estos gobiernos se han enfrentado entre s\u00ed a las fuerzas armadas, como cuando Estados Unidos detuvo al general Cienfuegos en 2020. Tambi\u00e9n cuando el l\u00edder del c\u00e1rtel de la droga \u201cMayo\u201d Zambada fue detenido por el gobierno estadounidense sin el conocimiento del gobierno mexicano.<\/p>\n<p style=\"text-align: justify;\">Pero la clase trabajadora no necesita fortalecer el poder judicial ni las dem\u00e1s ramas de los gobiernos capitalistas. Tampoco los estudiantes deben dejarse manipular por uno u otro bando opresor.<\/p>\n<p style=\"text-align: justify;\">Debemos construir nuestra organizaci\u00f3n comunista (PCOI) fuera e independientemente de ellos. Un nuevo modelo de \u201cjusticia\u201d para la clase trabajadora.<\/p>\n<p><strong>Capitalismo y Lucha de Clases<\/strong><\/p>\n<p style=\"text-align: justify;\">Los capitalistas y sus gobiernos han logrado enga\u00f1ar en gran medida a la clase trabajadora. Nos han hecho creer que los trabajadores y los capitalistas no son clases antag\u00f3nicas, sino que ambos son parte del \u201cproceso democr\u00e1tico\u201d. La izquierda tradicional ha colaborado en tal enga\u00f1o.<\/p>\n<p style=\"text-align: justify;\">Todos los pa\u00edses hoy son capitalistas. En todos los pa\u00edses se alienta a los trabajadores a buscar la protecci\u00f3n del Estado contra el patr\u00f3n individual para hacer demandas principalmente econ\u00f3micas. Si, a trav\u00e9s de las luchas, lograran algunas demandas, por peque\u00f1as y temporales que fueran, estas no aparecer\u00edan como arrancadas al gobierno contra su voluntad sino como concesiones generosas.<\/p>\n<p style=\"text-align: justify;\">En la lucha por la plusval\u00eda extra\u00edda de la fuerza de trabajo de los trabajadores, la clase dominante en M\u00e9xico (como todas las clases dominantes capitalistas) saca ventaja de manera desigual. Unos pocos se enriquecen, present\u00e1ndose como los \u201csalvadores\u201d que combaten la corrupci\u00f3n.<\/p>\n<p style=\"text-align: justify;\">AMLO ha \u201cpuesto en pausa\u201d a Ken Salazar, embajador de EE. UU. en M\u00e9xico, quien critic\u00f3 la reforma judicial, pero no a todo el gobierno estadounidense. El gobierno estadounidense respondi\u00f3 elogiando a AMLO como un \u201ccampe\u00f3n en el T-MEC\/USMC (Tratado Comercial entre Estados Unidos, M\u00e9xico y Canad\u00e1). Agreg\u00f3 que, pese a la reforma judicial, la integraci\u00f3n entre M\u00e9xico y EU continuar\u00e1. En contraste, Kenneth Smith de Canad\u00e1 advirti\u00f3 que la aprobaci\u00f3n de la reforma desatar\u00eda controversias en el T-MEC antes de su revisi\u00f3n en 2026.<\/p>\n<p style=\"text-align: justify;\">Por ahora, la fuerza de la clase trabajadora parece m\u00ednima e incapaz de liberarse de los capitalistas y sus gobiernos. Pero esa apariencia solo enmascara la esencia: el potencial de los trabajadores, soldados rasos y otras personas oprimidas y explotadas para cambiar el mundo. Necesitan urgentemente unirse al PCOI.<\/p>\n<p style=\"text-align: justify;\">La justicia no llegar\u00e1 a la clase trabajadora por la v\u00eda de la reforma. Incluso en pa\u00edses con jurados populares, la justicia no est\u00e1 asegurada. El poder Ejecutivo mantiene a miles en prisi\u00f3n durante a\u00f1os (a veces m\u00e1s de diez) sin sentenciar, culpables o inocentes. La falta de justicia no es solo culpa del poder judicial sino de los tres poderes del gobierno capitalista.<\/p>\n<p style=\"text-align: justify;\">El verdadero poder de la clase trabajadora es cuando est\u00e1 unida y lucha por su liberaci\u00f3n a trav\u00e9s de una revoluci\u00f3n comunista.<\/p>\n<p style=\"text-align: justify;\">Y la verdadera justicia ser\u00e1 cuando acabemos con el capitalismo y construyamos nuestra propia sociedad comunista.<\/p>\n<p style=\"text-align: justify;\">Invitamos a los colectivos del Partido, junto a amigos a discutir y escribir sobre algunos aspectos de lo que creemos ser\u00e1 la forma de justicia comunista.<\/p>\n<h4><a href=\"https:\/\/icwpredflag.org\/wp\/wordpress\/wps\/volumen-15-numero-12\/\">Primera p\u00e1gina de esta edici\u00f3n<\/a><\/h4>\n","protected":false},"excerpt":{"rendered":"<p>L\u00e1zaro C\u00e1rdenas, Michoac\u00e1n, 17 de junio. Miles de trabajadores, miembros del Sindicato Nacional de Mineros de M\u00e9xico (Los Mineros), se declararon en huelga en la planta sider\u00fargica de ArcelorMittal. El sindicato hab\u00eda acordado previamente un acuerdo de \u201creparto de utilidades\u201d, pero la empresa report\u00f3 una disminuci\u00f3n de las ganancias a pesar de mantener los niveles &hellip; <a href=\"https:\/\/icwpredflag.org\/wp\/wordpress\/wps\/volumen-15-numero-12\/mexico-no-hay-justicia-para-los-trabajadores-en-las-reformas-capitalistas\/\" class=\"more-link\">Sigue leyendo <span class=\"screen-reader-text\">M\u00e9xico: No Hay Justicia Para Los Trabajadores En Las Reformas Capitalistas<\/span><\/a><\/p>\n","protected":false},"author":6,"featured_media":5655,"parent":12168,"menu_order":0,"comment_status":"closed","ping_status":"closed","template":"","meta":{"footnotes":""},"class_list":["post-12206","page","type-page","status-publish","has-post-thumbnail","hentry"],"_links":{"self":[{"href":"https:\/\/icwpredflag.org\/wp\/wordpress\/wps\/wp-json\/wp\/v2\/pages\/12206","targetHints":{"allow":["GET"]}}],"collection":[{"href":"https:\/\/icwpredflag.org\/wp\/wordpress\/wps\/wp-json\/wp\/v2\/pages"}],"about":[{"href":"https:\/\/icwpredflag.org\/wp\/wordpress\/wps\/wp-json\/wp\/v2\/types\/page"}],"author":[{"embeddable":true,"href":"https:\/\/icwpredflag.org\/wp\/wordpress\/wps\/wp-json\/wp\/v2\/users\/6"}],"replies":[{"embeddable":true,"href":"https:\/\/icwpredflag.org\/wp\/wordpress\/wps\/wp-json\/wp\/v2\/comments?post=12206"}],"version-history":[{"count":2,"href":"https:\/\/icwpredflag.org\/wp\/wordpress\/wps\/wp-json\/wp\/v2\/pages\/12206\/revisions"}],"predecessor-version":[{"id":12220,"href":"https:\/\/icwpredflag.org\/wp\/wordpress\/wps\/wp-json\/wp\/v2\/pages\/12206\/revisions\/12220"}],"up":[{"embeddable":true,"href":"https:\/\/icwpredflag.org\/wp\/wordpress\/wps\/wp-json\/wp\/v2\/pages\/12168"}],"wp:featuredmedia":[{"embeddable":true,"href":"https:\/\/icwpredflag.org\/wp\/wordpress\/wps\/wp-json\/wp\/v2\/media\/5655"}],"wp:attachment":[{"href":"https:\/\/icwpredflag.org\/wp\/wordpress\/wps\/wp-json\/wp\/v2\/media?parent=12206"}],"curies":[{"name":"wp","href":"https:\/\/api.w.org\/{rel}","templated":true}]}}