{"id":12404,"date":"2024-11-18T21:47:22","date_gmt":"2024-11-18T21:47:22","guid":{"rendered":"https:\/\/icwpredflag.org\/wp\/wordpress\/wps\/?page_id=12404"},"modified":"2024-11-18T21:47:22","modified_gmt":"2024-11-18T21:47:22","slug":"amsterdam-el-salvador-los-angeles-los-combatientes-antifascistas-necesitan-el-comunismo","status":"publish","type":"page","link":"https:\/\/icwpredflag.org\/wp\/wordpress\/wps\/volumen-15-numero-15\/amsterdam-el-salvador-los-angeles-los-combatientes-antifascistas-necesitan-el-comunismo\/","title":{"rendered":"\u00c1msterdam, El Salvador, Los \u00c1ngeles: Los Combatientes Antifascistas Necesitan El Comunismo"},"content":{"rendered":"<p style=\"text-align: center;\"><strong>\u00c1msterdam: Masas Antifascistas Atacan A Los Matones Sionistas <a class=\"icwp-emph\" href=\"#1\">aqu\u00ed \u2666<\/a> Los Capitalistas Usan El Sexismo Para Dividir a Nuestra Clase <a class=\"icwp-emph\" href=\"#2\">aqu\u00ed \u2666<\/a> Manifestantes Pro-Inmigrantes Abiertos a Bandera Roja <a class=\"icwp-emph\" href=\"#3\">aqu\u00ed \u2666<\/a><\/strong><\/p>\n<p><img loading=\"lazy\" decoding=\"async\" class=\"aligncenter  wp-image-12366\" src=\"https:\/\/icwpredflag.org\/wp\/wordpress\/wps\/wp-content\/uploads\/sites\/2\/2024\/11\/amste3.jpg\" alt=\"\" width=\"592\" height=\"344\" srcset=\"https:\/\/icwpredflag.org\/wp\/wordpress\/wps\/wp-content\/uploads\/sites\/2\/2024\/11\/amste3.jpg 399w, https:\/\/icwpredflag.org\/wp\/wordpress\/wps\/wp-content\/uploads\/sites\/2\/2024\/11\/amste3-300x174.jpg 300w\" sizes=\"auto, (max-width: 592px) 100vw, 592px\" \/><\/p>\n<h4 id=\"1\" style=\"text-align: center;\"><span style=\"color: #ff0000;\"><strong>\u00c1msterdam: Masas Antifascistas Atacan A Los Matones Sionistas<\/strong><\/span><\/h4>\n<p style=\"text-align: justify;\">12 de noviembre: El equipo israel\u00ed de f\u00fatbol \u201cMacab\u00ed-Tel Aviv\u201d fue a \u00c1msterdam para un partido contra el equipo holand\u00e9s \u201cAjax\u201d. La noche anterior al partido, el equipo Macab\u00ed se desboc\u00f3 en la plaza principal de \u00c1msterdam, juntamente con 200 fan\u00e1ticos matones sionistas armados, incluidos miembros y veteranos de las Fuerzas de \u201cDefensa\u201d Israel\u00edes (FDI). Comenzaron a marchar gritando consignas racistas y genocidas contra los palestinos. Derribaron banderas palestinas. Gritaron \u201c\u00a1Que ganen las FDI!\u201d. Tambi\u00e9n, coreaban que no hay escuelas en Gaza porque no hay ni\u00f1os en Gaza. Estaban glorificando el genocidio.<\/p>\n<p style=\"text-align: justify;\">Un taxista los confront\u00f3 y les dijo que dejaran de gritar consignas racistas y de derribar banderas palestinas. Atacaron al chofer y da\u00f1aron su taxi. Inmediatamente \u00e9l se puso en contacto con sus compa\u00f1eros taxistas. M\u00e1s de cien de ellos acudieron en su ayuda. Atacaron a los sionistas fascistas, d\u00e1ndoles sendas palizas a algunos. Uno dijo: \u201c\u00a1Esto es por los ni\u00f1os!\u201d mientras golpeaba a un fascista.<\/p>\n<p style=\"text-align: justify;\">Al d\u00eda siguiente, durante el partido, los fan\u00e1ticos fascistas del equipo israel\u00ed tambi\u00e9n gritaban sus consignas racistas y genocidas. Hubo peleas entre los antifascistas y los sionistas. Despu\u00e9s del partido, los sionistas marcharon e intentaron continuar sus ataques. Las autoridades de \u00c1msterdam les dijeron a los antifascistas que no pod\u00edan marchar. Pero estos marcharon de todos modos y atacaron a los fascistas.<\/p>\n<p style=\"text-align: justify;\"><strong>No hay que creer a los medios de comunicaci\u00f3n patronales.<\/strong> Netanyahu envi\u00f3 aviones fletados para recoger al equipo Macab\u00ed y a algunos de sus partidarios de las FDI. Afirm\u00f3 que \u201clos jud\u00edos no est\u00e1n seguros en \u00c1msterdam\u201d. El presidente holand\u00e9s y la mayor parte de la prensa burguesa del mundo, incluido el New York Times y RT (Russia Times), llamaron a los antisionistas \u201cantisemitas\u201d. Esto es una mentira. Estos portavoces imperialistas o ignoran la violencia fascista sionista o la ocultan bajo la alfombra.<\/p>\n<p style=\"text-align: justify;\">El PCOI aplaude la valent\u00eda de los j\u00f3venes y trabajadores antirracistas de \u00c1msterdam. En el cartel de la imagen se puede ver que son antirracistas, no antisemitas: <strong>\u201c\u00a1Podemos luchar contra el antisemitismo y el sionismo genocida al mismo tiempo!\u201d.<\/strong><\/p>\n<p style=\"text-align: justify;\"><strong>Pero el fascismo, incluido el sionismo, no puede ser exterminado sin una revoluci\u00f3n comunista.<\/strong> Sus ra\u00edces est\u00e1n profundamente arraigadas en el sistema capitalista, especialmente cuando atraviesa una profunda crisis global. Debemos enfrentarnos a los fascistas en las calles y defender a nuestros hermanos de la clase obrera para ayudar a construir el movimiento comunista revolucionario combativo necesario para ponerle fin al gobierno de los capitalistas e imperialistas genocidas.<\/p>\n<p style=\"text-align: justify;\">Al menos 62 manifestantes antifascistas han sido arrestados y otros m\u00e1s amenazados. Las manifestaciones propalestinas fueron prohibidas durante al menos tres d\u00edas. El domingo, cuando los manifestantes desafiaron la prohibici\u00f3n y marcharon, la polic\u00eda los atac\u00f3 y golpe\u00f3 brutalmente, especialmente a las mujeres j\u00f3venes.<\/p>\n<p style=\"text-align: justify;\">Muchos gobernantes imperialistas del mundo est\u00e1n del lado de los asesinos sionistas. Otros est\u00e1n del lado de los capitalistas e imperialistas rivales de estos. Pero las masas en todas partes est\u00e1n del lado de las masas palestinas y los antifascistas. Invitamos a estas \u2013 \u00a1y a ti! \u2013 a ingresar al PCOI. Luchemos por un mundo comunista para acabar con el fascismo y el imperialismo: \u00a1Para siempre!<\/p>\n<p style=\"text-align: center;\"><strong>Lee Nuestros Folletos: <\/strong><\/p>\n<p style=\"text-align: center;\"><strong>\u201cPara Ponerle Fin Al Racismo: Movilicemos a Las Masas Para El Comunismo\u201d <a href=\"https:\/\/icwpredflag.org\/RP\/rpe.pdf\"><span style=\"color: #ff0000;\">Aqu\u00ed<\/span><\/a><\/strong><\/p>\n<h4 id=\"2\" style=\"text-align: center;\"><span style=\"color: #ff0000;\"><strong>Los Gobernantes Capitalistas Usan El Sexismo Para Dividir a La Clase Trabajadora<\/strong><\/span><\/h4>\n<p style=\"text-align: justify;\">\u00abMi trabajo es tan bueno como el de muchos de mis compa\u00f1eros de trabajo y, sin embargo, nunca me han ascendido. Veo que los nuevos trabajadores hombres son promovidos r\u00e1pidamente\u00bb, dijo J. \u00abNuestros patrones siempre fomentan la competencia y el ego\u00edsmo para enfrentarnos entre nosotros. No se puede trabajar bien as\u00ed\u00bb.<\/p>\n<p style=\"text-align: justify;\">\u201cEl sistema capitalista de la clase dominante impulsa el sexismo como parte de estrategia destructiva para dividir a la clase obrera\u00bb, coment\u00f3 A.<\/p>\n<p style=\"text-align: justify;\">Muchos art\u00edculos o cartas de nuestro peri\u00f3dico Bandera Roja reflejan la lucha constante de muchas camaradas contra los abusos patronales y todo tipo de discriminaci\u00f3n sexista. Las mujeres obreras de todo el mundo diariamente sufren humillaciones sexuales, agresiones e incluso asesinatos.<\/p>\n<p style=\"text-align: justify;\">El capitalismo trata a todos los obreros como objetos manipul\u00e1ndolos y explot\u00e1ndolos para su propio enriquecimiento. La educaci\u00f3n capitalista ense\u00f1a a los hombres a tratar a las mujeres como objetos para ser usadas y desechadas.<\/p>\n<p style=\"text-align: justify;\">\u201c\u00a1Muy cierto! Las mujeres en esta sociedad luchan a diario por un salario miserable. Luego, cansadas de las largas jornadas de trabajo, seguimos en casa haciendo las tareas y cuidando a los ni\u00f1os porque es nuestro deber. As\u00ed es como nos criaron\u00bb, dijo C.<\/p>\n<p style=\"text-align: justify;\">Es importante tener claro este punto. Los capitalistas usan el sexismo para dividir a nuestra clase. Pagan menos a las trabajadoras que a los hombres. Dicen que las mujeres son inferiores y que no tienen la misma capacidad. En los sistemas educativos capitalistas siembran las semillas de estas pr\u00e1cticas sexistas.<\/p>\n<p style=\"text-align: justify;\">La \u00fanica forma de erradicar el sexismo es eliminar el sistema salarial capitalista con la revoluci\u00f3n comunista. El comunismo es la soluci\u00f3n. Es el \u00fanico sistema en el que las mujeres y los hombres trabajar\u00e1n, har\u00e1n las tareas dom\u00e9sticas y criar\u00e1n a los hijos juntos. No habr\u00e1 dinero ni ning\u00fan tipo de control, sino respeto y ayuda mutua desarrollando todo su potencial para satisfacer las necesidades de todos.<\/p>\n<p style=\"text-align: justify;\">\u00a1\u00danete al PCOI! Movilicemos a las masas de todo el mundo para construir una sociedad comunista, luchando juntos, mujeres y hombres, contra el sexismo y la esclavitud asalariada. \u00a1Lee y ay\u00fadanos a distribuir Bandera Roja!<\/p>\n<p>\u2014Camaradas lectores de El Salvador<\/p>\n<p style=\"text-align: center;\"><strong>Lee Nuestro Folleto: <\/strong><\/p>\n<p style=\"text-align: center;\"><strong>\u201cLa Lucha Comunista Contra El Sexismo\u201d <a href=\"https:\/\/icwpredflag.org\/wp\/wordpress\/wps\/wp-content\/uploads\/sites\/2\/2018\/12\/sexism_pam_final.pdf\"><span style=\"color: #ff0000;\">Aqu\u00ed<\/span><\/a><\/strong><\/p>\n<h4 id=\"3\" style=\"text-align: center;\"><span style=\"color: #ff0000;\"><strong><img loading=\"lazy\" decoding=\"async\" class=\"aligncenter wp-image-12376\" src=\"https:\/\/icwpredflag.org\/wp\/wordpress\/wps\/wp-content\/uploads\/sites\/2\/2024\/11\/proimg.jpg\" alt=\"\" width=\"669\" height=\"470\" srcset=\"https:\/\/icwpredflag.org\/wp\/wordpress\/wps\/wp-content\/uploads\/sites\/2\/2024\/11\/proimg.jpg 410w, https:\/\/icwpredflag.org\/wp\/wordpress\/wps\/wp-content\/uploads\/sites\/2\/2024\/11\/proimg-300x211.jpg 300w\" sizes=\"auto, (max-width: 669px) 100vw, 669px\" \/><\/strong><\/span><\/h4>\n<p style=\"text-align: justify;\"><strong>LOS \u00c1NGELES (EE. UU.), 9 de noviembre\u2014Dos camaradas del PCOI se unieron a cientos de trabajadores, maestros y estudiantes, en una marcha proinmigrantes en el centro de Los \u00c1ngeles. Distribuyeron 100 copias de Bandera Roja y 90 folletos del PCOI \u201cLuchemos por el D\u00eda en el que Ning\u00fan Trabajador Sea Llamado Extranjero\u201d.<\/strong><\/p>\n<p style=\"text-align: justify;\">\u201cEra un grupo principalmente joven y muy amigable\u201d, inform\u00f3 un camarada. Estas protestas crecer\u00e1n a medida que la segunda administraci\u00f3n de Trump intensifique sus ataques racistas y xen\u00f3fobos. Estaremos all\u00ed para convencer a muchos de que el comunismo, no el Partido Dem\u00f3crata, es el camino para seguir.<\/p>\n<p style=\"text-align: center;\"><strong>Lee Nuestro Folleto: <\/strong><\/p>\n<p style=\"text-align: center;\"><strong>\u201cLuchemos Por El D\u00eda En Que Ning\u00fan Trabajador Sea Llamado Extranjero\u201d <a href=\"https:\/\/icwpredflag.org\/wp\/wordpress\/wps\/wp-content\/uploads\/sites\/2\/2019\/03\/MIgracio%CC%81nESP.pdf\"><span style=\"color: #ff0000;\">Aqu\u00ed<\/span><\/a><\/strong><\/p>\n<h4><a href=\"https:\/\/icwpredflag.org\/wp\/wordpress\/wps\/volumen-15-numero-15\/\">Primera p\u00e1gina de esta edici\u00f3n<\/a><\/h4>\n","protected":false},"excerpt":{"rendered":"<p>\u00c1msterdam: Masas Antifascistas Atacan A Los Matones Sionistas aqu\u00ed \u2666 Los Capitalistas Usan El Sexismo Para Dividir a Nuestra Clase aqu\u00ed \u2666 Manifestantes Pro-Inmigrantes Abiertos a Bandera Roja aqu\u00ed \u2666 \u00c1msterdam: Masas Antifascistas Atacan A Los Matones Sionistas 12 de noviembre: El equipo israel\u00ed de f\u00fatbol \u201cMacab\u00ed-Tel Aviv\u201d fue a \u00c1msterdam para un partido contra &hellip; <a href=\"https:\/\/icwpredflag.org\/wp\/wordpress\/wps\/volumen-15-numero-15\/amsterdam-el-salvador-los-angeles-los-combatientes-antifascistas-necesitan-el-comunismo\/\" class=\"more-link\">Sigue leyendo <span class=\"screen-reader-text\">\u00c1msterdam, El Salvador, Los \u00c1ngeles: Los Combatientes Antifascistas Necesitan El Comunismo<\/span><\/a><\/p>\n","protected":false},"author":6,"featured_media":5655,"parent":12380,"menu_order":0,"comment_status":"closed","ping_status":"closed","template":"","meta":{"footnotes":""},"class_list":["post-12404","page","type-page","status-publish","has-post-thumbnail","hentry"],"_links":{"self":[{"href":"https:\/\/icwpredflag.org\/wp\/wordpress\/wps\/wp-json\/wp\/v2\/pages\/12404","targetHints":{"allow":["GET"]}}],"collection":[{"href":"https:\/\/icwpredflag.org\/wp\/wordpress\/wps\/wp-json\/wp\/v2\/pages"}],"about":[{"href":"https:\/\/icwpredflag.org\/wp\/wordpress\/wps\/wp-json\/wp\/v2\/types\/page"}],"author":[{"embeddable":true,"href":"https:\/\/icwpredflag.org\/wp\/wordpress\/wps\/wp-json\/wp\/v2\/users\/6"}],"replies":[{"embeddable":true,"href":"https:\/\/icwpredflag.org\/wp\/wordpress\/wps\/wp-json\/wp\/v2\/comments?post=12404"}],"version-history":[{"count":2,"href":"https:\/\/icwpredflag.org\/wp\/wordpress\/wps\/wp-json\/wp\/v2\/pages\/12404\/revisions"}],"predecessor-version":[{"id":12406,"href":"https:\/\/icwpredflag.org\/wp\/wordpress\/wps\/wp-json\/wp\/v2\/pages\/12404\/revisions\/12406"}],"up":[{"embeddable":true,"href":"https:\/\/icwpredflag.org\/wp\/wordpress\/wps\/wp-json\/wp\/v2\/pages\/12380"}],"wp:featuredmedia":[{"embeddable":true,"href":"https:\/\/icwpredflag.org\/wp\/wordpress\/wps\/wp-json\/wp\/v2\/media\/5655"}],"wp:attachment":[{"href":"https:\/\/icwpredflag.org\/wp\/wordpress\/wps\/wp-json\/wp\/v2\/media?parent=12404"}],"curies":[{"name":"wp","href":"https:\/\/api.w.org\/{rel}","templated":true}]}}