{"id":12603,"date":"2025-01-12T19:46:08","date_gmt":"2025-01-12T19:46:08","guid":{"rendered":"https:\/\/icwpredflag.org\/wp\/wordpress\/wps\/?page_id=12603"},"modified":"2025-01-12T19:46:08","modified_gmt":"2025-01-12T19:46:08","slug":"cartas-la-linea-y-la-practica-del-pcoi","status":"publish","type":"page","link":"https:\/\/icwpredflag.org\/wp\/wordpress\/wps\/volumen-16-numero-1\/cartas-la-linea-y-la-practica-del-pcoi\/","title":{"rendered":"Cartas: La l\u00ednea y La Pr\u00e1ctica del PCOI"},"content":{"rendered":"<p style=\"text-align: center;\"><strong>\u00bfQu\u00e9 es \u201cLa L\u00ednea del Partido\u201d? <a class=\"icwp-emph\" href=\"#1\">aqu\u00ed \u2666<\/a> Lenin, \u00bfQu\u00e9 hacer? <a class=\"icwp-emph\" href=\"#2\">aqu\u00ed \u2666<\/a> Solidaridad Comunista <a class=\"icwp-emph\" href=\"#3\">aqu\u00ed \u2666<\/a><\/strong><\/p>\n<h4 id=\"1\" style=\"text-align: center;\"><span style=\"color: #ff0000;\"><strong>\u00bfQu\u00e9 es \u201cLa L\u00ednea del Partido\u201d?<\/strong><\/span><\/h4>\n<p style=\"text-align: justify;\">Una camarada docente dijo: \u201cLos camaradas m\u00e1s j\u00f3venes tienen un miedo real de ser sancionados por sus art\u00edculos\u201d. Temen, explic\u00f3, que su contribuci\u00f3n pueda ser rechazada si no sigue \u201cla l\u00ednea\u201d.<\/p>\n<p style=\"text-align: justify;\">\u201cLa l\u00ednea\u201d es nuestra comprensi\u00f3n colectiva del panorama pol\u00edtico, econ\u00f3mico y social en el que actualmente vivimos. Y lo que hemos acordado colectivamente hacer al respecto en este momento.<\/p>\n<p style=\"text-align: justify;\">Esto est\u00e1 basado en mucho pensar y lucha: en los aportes de miles de camaradas basados en d\u00e9cadas de experiencia y estudio a lo largo de muchas generaciones. La l\u00ednea no cambia por capricho.<\/p>\n<p style=\"text-align: justify;\">Sin embargo, todos debemos saber que la l\u00ednea no est\u00e1 escrita en piedra. Es una plataforma desde la cual lanzar ideas comunistas para ponerlas a prueba en la lucha pr\u00e1ctica. Puede y debe ser cambiada por nuevos camaradas e ideas, a medida que el mundo cambia a nuestro alrededor.<\/p>\n<p style=\"text-align: justify;\">Miles de millones de personas de la clase obrera tienen sus propias experiencias y aportes que dar. Si pensamos que lo tenemos todo resuelto, entonces no reconocemos las contribuciones que ellos podr\u00edan hacer a la l\u00ednea, si se unen a la lucha comunista revolucionaria.<\/p>\n<p style=\"text-align: justify;\">A algunos con mucho que aportar, la sociedad capitalista les ha dicho que sus experiencias y conocimientos como trabajadores no son importantes. Por lo tanto, carecen de la confianza para expresar sus ideas y sugerencias en un foro aparentemente \u00abacad\u00e9mico\u00bb como Bandera Roja, o incluso en un grupo de estudio. Tenemos que trabajar activamente contra este sentimiento anti-clase obrera escuchando con respeto e inter\u00e9s. Debemos reconocer sus contribuciones a nuestras discusiones y, en \u00faltima instancia, a la l\u00ednea.<\/p>\n<p style=\"text-align: justify;\">Debemos tener esto en cuenta cuando luchamos con aquellos que est\u00e1n dispuestos a participar, pero no est\u00e1n de acuerdo con partes de la l\u00ednea. Reconozcamos que no lo sabemos todo y que podemos cometer errores. Eso no significa que hayamos \u00abperdido el argumento\u00bb o que nos hayamos \u00abdado por vencidos ante ideas capitalistas\u00bb.<\/p>\n<p style=\"text-align: justify;\">Demuestra que creemos que la clase obrera aprende y crece a trav\u00e9s de la lucha. Que respetamos las experiencias e ideas que las personas con las cuales hablamos pueden aportar a nuestra comprensi\u00f3n colectiva. Nuestra reacci\u00f3n instintiva no puede ser \u00abdefender la l\u00ednea a toda costa\u00bb. Debemos pensar muy cuidadosamente sobre lo que dicen y reconocer c\u00f3mo puede eso ayudarnos a crecer.<\/p>\n<p style=\"text-align: justify;\">La l\u00ednea no es un dogma sino una gu\u00eda para la acci\u00f3n. El estudio del materialismo dial\u00e9ctico revela que incluso la contradicci\u00f3n principal en el mundo cambia con el tiempo. Lo mismo ocurre con las contradicciones secundarias. La idea de que no cambiar\u00edamos nuestra l\u00ednea en un mundo en constante cambio no es dial\u00e9ctica.<\/p>\n<p style=\"text-align: justify;\">Incluso en el comunismo, el trabajo colectivo para cubrir nuestras necesidades colectivas puede desarrollar una visi\u00f3n diferente de la \u201cnaturaleza humana\u201d.<\/p>\n<p style=\"text-align: justify;\">El materialismo dial\u00e9ctico ense\u00f1a que todo conocimiento comienza con la pr\u00e1ctica colectiva. Cuando participamos en luchas del mundo real como huelgas y acciones laborales, nuestro trabajo comunista entre las masas abre la puerta a la modificaci\u00f3n de nuestra l\u00ednea. Y, a veces, a diferentes ideas de c\u00f3mo ser\u00e1 el comunismo. Estas luchas nutren las relaciones pol\u00edticas y sociales y ponen a prueba la solidez de nuestras ideas revolucionarias.<\/p>\n<p>Debemos dar con entusiasmo la bienvenida a estos cambios.<\/p>\n<p>\u2014Maestra comunista<\/p>\n<p><img loading=\"lazy\" decoding=\"async\" class=\"aligncenter  wp-image-12549\" src=\"https:\/\/icwpredflag.org\/wp\/wordpress\/wps\/wp-content\/uploads\/sites\/2\/2025\/01\/brks.jpg\" alt=\"\" width=\"436\" height=\"455\" \/><\/p>\n<h4 id=\"2\" style=\"text-align: center;\"><span style=\"color: #ff0000;\"><strong>Lenin, \u00bfQu\u00e9 hacer?<\/strong><\/span><\/h4>\n<p style=\"text-align: justify;\">\u00abCuando los alba\u00f1iles colocan ladrillos en diversos lugares de una enorme estructura de un tama\u00f1o sin precedentes, \u00bfes &#8216;trabajo de papel&#8217; utilizar una l\u00ednea para ayudarlos a encontrar el lugar correcto para la colocaci\u00f3n de los ladrillos; indicarles el objetivo final del trabajo com\u00fan; permitirles utilizar, no s\u00f3lo cada ladrillo, sino incluso cada trozo de ladrillo que, pegado a los ladrillos colocados antes y despu\u00e9s, forma una l\u00ednea continua terminada?\u00bb<\/p>\n<h4 id=\"3\" style=\"text-align: center;\"><span style=\"color: #ff0000;\"><strong>Estar Ah\u00ed El Uno Para El Otro\u2014Y Para La Clase Trabajadora Internacional<\/strong><\/span><\/h4>\n<p style=\"text-align: justify;\">Es una conversaci\u00f3n que tengo con muchas personas. Un amigo est\u00e1 de acuerdo en que ayudar a aquellos con necesidades apremiantes (por ejemplo, con comida), no es suficiente. Que todos los diferentes problemas (el hambre, el cambio clim\u00e1tico, la desigualdad, la guerra) est\u00e1n interconectados. Que el capitalismo es la ra\u00edz. Que necesitamos un cambio de sistema, incluso una revoluci\u00f3n. A todos les gusta la idea del comunismo.<\/p>\n<p style=\"text-align: justify;\">Pero les preocupa que a algunos \u201crevolucionarios\u201d parece no importarles la gente que sufre ahora. (\u201cT\u00fa no\u201d, uno agreg\u00f3 r\u00e1pidamente). Como todo est\u00e1 conectado, preferir\u00edan trabajar en una sola pieza.<\/p>\n<p style=\"text-align: justify;\">\u201cCreo que la clave es c\u00f3mo conectamos lo que parece ser dos tipos diferentes de trabajo\u201d, respond\u00ed en una conversaci\u00f3n reciente. \u201cLa solidaridad material, por un lado, la organizaci\u00f3n para la revoluci\u00f3n comunista por el otro\u201d. Ofrec\u00ed varios ejemplos del trabajo de nuestro Partido.<\/p>\n<p style=\"text-align: justify;\">En El Salvador, durante lo peor de COVID, las f\u00e1bricas cerraron. Los trabajadores, incluidos los camaradas del PCOI, estaban aislados y con hambre. \u201cPor lo tanto el Partido organiz\u00f3 para proveerle una bolsa de comida a cada miembrx afectadx por la pandemia y este sistema\u201d, lo reportaron en Bandera Roja (BR).<\/p>\n<p style=\"text-align: justify;\">\u201cExplicamos que esto era gracias a un grupo colectivo internacional que nos mostr\u00f3 la pr\u00e1ctica del comunismo\u201d. Cuando lxs obrerxs tuvieron que regresar a las f\u00e1bricas que a\u00fan no eran seguras, BR explic\u00f3 cuidadosamente c\u00f3mo el Covid expuso las contradicciones entre los trabajadores y los patrones que los explotan.<\/p>\n<p style=\"text-align: justify;\">En la India, por la misma \u00e9poca, los camaradas en tres ciudades distribuyeron un cartel (en varios idiomas) \u201cRompamos la cadena de Pandemias, Ganancias, Guerra, Sexismo, Caste\u00edsmo, Fascismo\u201d. Les ped\u00eda a los trabajadores ingresar al PCOI. El reverso del cartel mostraba t\u00e9cnicas b\u00e1sicas para mejorar los niveles de ox\u00edgeno.<\/p>\n<p style=\"text-align: justify;\">\u201cPracticamos t\u00e9cnicas de respiraci\u00f3n con las familias\u201d, informaron los camaradas en BR. \u201cTambi\u00e9n dijimos que, cuando fuera posible, deber\u00edamos apoderarnos de los tanques de ox\u00edgeno y ponerlos a disposici\u00f3n de las personas necesitadas. Brindamos consuelo y apoyo a muchas familias que visitamos diariamente.<\/p>\n<p style=\"text-align: justify;\">\u201cLa respuesta de nuestros vecinos fue abrumadora\u201d, continuaron. \u201cUno dijo, con una voz apenas audible, \u2018Puede que me est\u00e9 muriendo, pero quiero ver a estos especuladores enterrados vivos\u2019. Pasamos tiempo de calidad con los vecinos. Algunas personas estaban desconsoladas. Estuvimos all\u00ed para ellos\u201d.<\/p>\n<p style=\"text-align: justify;\">\u201cEstar all\u00ed\u201d para nosotros y para los trabajadores del mundo\u2014ese es el n\u00facleo de c\u00f3mo se organizar\u00e1 el comunismo. Todos trabajaremos, seg\u00fan nuestros deseos y capacidades, para producir para cubrir las necesidades de las masas. No por un salario, sino para estar all\u00ed para los dem\u00e1s. Y otros estar\u00e1n all\u00ed para nosotros, brind\u00e1ndonos lo que necesitamos para una vida plena y satisfactoria. Ya no experimentaremos el \u201cayudar a los necesitados\u201d como algo opuesto (o incluso diferente) a realizar un trabajo revolucionario.<\/p>\n<p style=\"text-align: justify;\">Mientras tanto, yo (y mi colectivo de partido) tenemos mucho que aprender de ejemplos como estos sobre c\u00f3mo vivir nuestras vidas como comunistas. Estoy segura de que otros camaradas tambi\u00e9n los tienen. Compartir nuestras historias en BR nos ayudar\u00e1 a todos a hacer eso.<\/p>\n<p>\u2014Camarada mayor en EE. UU.<\/p>\n<h4><a href=\"https:\/\/icwpredflag.org\/wp\/wordpress\/wps\/volumen-16-numero-1\/\">Primera p\u00e1gina de esta edici\u00f3n<\/a><\/h4>\n","protected":false},"excerpt":{"rendered":"<p>\u00bfQu\u00e9 es \u201cLa L\u00ednea del Partido\u201d? aqu\u00ed \u2666 Lenin, \u00bfQu\u00e9 hacer? aqu\u00ed \u2666 Solidaridad Comunista aqu\u00ed \u2666 \u00bfQu\u00e9 es \u201cLa L\u00ednea del Partido\u201d? Una camarada docente dijo: \u201cLos camaradas m\u00e1s j\u00f3venes tienen un miedo real de ser sancionados por sus art\u00edculos\u201d. Temen, explic\u00f3, que su contribuci\u00f3n pueda ser rechazada si no sigue \u201cla l\u00ednea\u201d. \u201cLa &hellip; <a href=\"https:\/\/icwpredflag.org\/wp\/wordpress\/wps\/volumen-16-numero-1\/cartas-la-linea-y-la-practica-del-pcoi\/\" class=\"more-link\">Sigue leyendo <span class=\"screen-reader-text\">Cartas: La l\u00ednea y La Pr\u00e1ctica del PCOI<\/span><\/a><\/p>\n","protected":false},"author":6,"featured_media":5655,"parent":12569,"menu_order":0,"comment_status":"closed","ping_status":"closed","template":"","meta":{"footnotes":""},"class_list":["post-12603","page","type-page","status-publish","has-post-thumbnail","hentry"],"_links":{"self":[{"href":"https:\/\/icwpredflag.org\/wp\/wordpress\/wps\/wp-json\/wp\/v2\/pages\/12603","targetHints":{"allow":["GET"]}}],"collection":[{"href":"https:\/\/icwpredflag.org\/wp\/wordpress\/wps\/wp-json\/wp\/v2\/pages"}],"about":[{"href":"https:\/\/icwpredflag.org\/wp\/wordpress\/wps\/wp-json\/wp\/v2\/types\/page"}],"author":[{"embeddable":true,"href":"https:\/\/icwpredflag.org\/wp\/wordpress\/wps\/wp-json\/wp\/v2\/users\/6"}],"replies":[{"embeddable":true,"href":"https:\/\/icwpredflag.org\/wp\/wordpress\/wps\/wp-json\/wp\/v2\/comments?post=12603"}],"version-history":[{"count":2,"href":"https:\/\/icwpredflag.org\/wp\/wordpress\/wps\/wp-json\/wp\/v2\/pages\/12603\/revisions"}],"predecessor-version":[{"id":12605,"href":"https:\/\/icwpredflag.org\/wp\/wordpress\/wps\/wp-json\/wp\/v2\/pages\/12603\/revisions\/12605"}],"up":[{"embeddable":true,"href":"https:\/\/icwpredflag.org\/wp\/wordpress\/wps\/wp-json\/wp\/v2\/pages\/12569"}],"wp:featuredmedia":[{"embeddable":true,"href":"https:\/\/icwpredflag.org\/wp\/wordpress\/wps\/wp-json\/wp\/v2\/media\/5655"}],"wp:attachment":[{"href":"https:\/\/icwpredflag.org\/wp\/wordpress\/wps\/wp-json\/wp\/v2\/media?parent=12603"}],"curies":[{"name":"wp","href":"https:\/\/api.w.org\/{rel}","templated":true}]}}