{"id":13354,"date":"2025-08-11T22:23:47","date_gmt":"2025-08-11T22:23:47","guid":{"rendered":"https:\/\/icwpredflag.org\/wp\/wordpress\/wps\/?page_id=13354"},"modified":"2025-08-11T22:23:47","modified_gmt":"2025-08-11T22:23:47","slug":"cartas-debate-sobre-el-fascismo-y-las-divisiones-en-la-clase-capitalista-estadounidense","status":"publish","type":"page","link":"https:\/\/icwpredflag.org\/wp\/wordpress\/wps\/volumen-16-numero-11\/cartas-debate-sobre-el-fascismo-y-las-divisiones-en-la-clase-capitalista-estadounidense\/","title":{"rendered":"Cartas: Debate Sobre El Fascismo y Las Divisiones En La Clase Capitalista Estadounidense"},"content":{"rendered":"<p style=\"text-align: center;\"><strong>Conflictos Reales Entre las Facciones de la Clase Dominante Estadounidense: Los Trabajadores Deben Rechazar Ambas <a class=\"icwp-emph\" href=\"#1\">aqu\u00ed \u2666<\/a> \u00a1La Historia Est\u00e1 de Nuestra Parte! <a class=\"icwp-emph\" href=\"#2\">aqu\u00ed \u2666<\/a><\/strong><\/p>\n<p style=\"text-align: center;\"><img loading=\"lazy\" decoding=\"async\" class=\"aligncenter  wp-image-13355\" src=\"https:\/\/icwpredflag.org\/wp\/wordpress\/wps\/wp-content\/uploads\/sites\/2\/2025\/08\/14.jpg\" alt=\"\" width=\"464\" height=\"624\" srcset=\"https:\/\/icwpredflag.org\/wp\/wordpress\/wps\/wp-content\/uploads\/sites\/2\/2025\/08\/14.jpg 232w, https:\/\/icwpredflag.org\/wp\/wordpress\/wps\/wp-content\/uploads\/sites\/2\/2025\/08\/14-223x300.jpg 223w\" sizes=\"auto, (max-width: 464px) 100vw, 464px\" \/><strong>Cartel sovi\u00e9tico, 1944\u2014\u00bbBuitre fascista descubre que no somos ovejas\u00bb<\/strong><\/p>\n<h4 id=\"1\" style=\"text-align: center;\"><span style=\"color: #ff0000;\"><strong>Carta: Conflictos Reales Entre las Facciones de la Clase Dominante Estadounidense: Los Trabajadores Deben Rechazar Ambas<\/strong><\/span><\/h4>\n<p style=\"text-align: justify;\">Algunos camaradas han dicho que el creciente conflicto entre los fascistas de Trump y el ala liberal de la clase dominante es solo \u201cteatro pol\u00edtico\u201d. Argumentan que est\u00e1 montado para distraer a los trabajadores del capitalismo mismo. Pero, aunque ambas facciones sirven al mismo sistema, la lucha entre ellas es real y peligrosa.<\/p>\n<p style=\"text-align: justify;\">Trump y sus aliados hab\u00edan amenazado abiertamente con \u201cir tras\u201d sus oponentes. Ahora han pedido procesar al expresidente Obama por \u201ctraici\u00f3n\u201d, un cargo castigado con la muerte.<\/p>\n<p style=\"text-align: justify;\">Uno de los resultados es la circulaci\u00f3n de videos generados por inteligencia artificial que muestran el arresto de Obama. Estas falsificaciones son ampliamente compartidas en c\u00edrculos de derecha, alimentando fantas\u00edas de venganza y reforzando la creencia de que los pol\u00edticos liberales forman parte de una conspiraci\u00f3n criminal. Estas mentiras digitales son el equivalente actual de los juicios-espect\u00e1culo fascistas y los noticieros falsos de la d\u00e9cada de 1930.<\/p>\n<p style=\"text-align: justify;\">El caso Epstein fue utilizado como arma por ambos bandos. El equipo de Trump lo utiliz\u00f3 para difamar a las \u00e9lites liberales, present\u00e1ndolas como parte de una red global de tr\u00e1fico infantil. Mientras tanto, los liberales destacan los estrechos v\u00ednculos de Trump con Epstein: sus partidos, sus citas y, ahora, una carta que Trump envi\u00f3 a Epstein, publicada recientemente por el Wall Street Journal. Trump ha demandado al Journal por publicarla, calific\u00e1ndola de difamaci\u00f3n e interferencia electoral. Cada bando acusa al otro de cr\u00edmenes atroces. No se trata de verdad ni justicia. Se trata de construir movimientos pol\u00edticos.<\/p>\n<p style=\"text-align: justify;\">Tambi\u00e9n vemos indicios de la agudizaci\u00f3n del conflicto en los esfuerzos de Trump por cancelar o castigar a las instituciones liberales. Ha desfinanciado a PBS y USAID, despedido a funcionarios del Departamento de Estado considerados desleales y promovido la cancelaci\u00f3n del presentador de televisi\u00f3n liberal Stephen Colbert. A nivel internacional, Trump intenta proteger al fascista Jair Bolsonaro \u2014ahora fuera del poder en Brasil\u2014 de una condena por parte del gobierno liberal de Lula, que lo acusa de traici\u00f3n por intentar un golpe de Estado.<\/p>\n<p style=\"text-align: justify;\"><strong>Esto no es teatro. Es una preparaci\u00f3n para el terrorismo fascista y una posible guerra civil.<\/strong><\/p>\n<p style=\"text-align: justify;\">Por supuesto, los liberales no son amigos de la clase trabajadora. Obama deport\u00f3 a millones y expandi\u00f3 las guerras imperialistas. Los liberales quieren preservar el capitalismo con ilusiones de democracia y reformas legales. Los fascistas quieren desmantelar esas ilusiones e imponer una dictadura abierta. Su objetivo es obligar a los trabajadores a realizar trabajos casi esclavos para la producci\u00f3n de guerra, aplastar la disidencia y desatar el terror.<\/p>\n<p style=\"text-align: justify;\">Debemos rechazar ambas facciones. La clase trabajadora necesita su propio partido revolucionario \u2014el Partido Comunista Obrero Internacional\u2014 para liderar la lucha no por la \u201cdemocracia\u201d, el liberalismo o el socialismo, sino por el comunismo. Un mundo sin esclavitud asalariada, sin patrones, sin fronteras.<\/p>\n<p style=\"text-align: justify;\">Por eso construimos el PCOI hoy. Por eso desenmascaramos las mentiras tanto de fascistas como de liberales. Y por eso debemos tomarnos en serio el peligro del fascismo: no para apoyar a nuestros enemigos liberales de trajes azules, sino para luchar por un futuro rojo.<\/p>\n<p>\u2014 Camarada de la Costa Oeste<\/p>\n<h4 id=\"2\" style=\"text-align: center;\"><span style=\"color: #ff0000;\"><strong>Carta: Luchemos por El Comunismo y Nada Menos para Eliminar a Todos los Patrones<\/strong><\/span><\/h4>\n<p style=\"text-align: justify;\">El terror fascista se est\u00e1 desatando contra la clase trabajadora ahora. El genocidio en Gaza. Redadas masivas del Servicio de Inmigraci\u00f3n y Control de Aduanas (ICE-La Migra) en EE.UU. Despidos en todo el mundo. Preparaci\u00f3n para una guerra m\u00e1s amplia y profundos recortes en los presupuestos de ayuda social en todo el mundo. TODOS los capitalistas se basan en el racismo y el nacionalismo para dividir a los trabajadores, no solo a algunos grupos de capitalistas. El decadente esc\u00e1ndalo sexista de Epstein y los ataques a Obama son maniobras secundarias para desviarnos de los ataques fascistas contra nuestra clase, la expansi\u00f3n de la guerra y la soluci\u00f3n comunista.<\/p>\n<p style=\"text-align: justify;\">En este per\u00edodo de crisis y creciente guerra mundial, todo el sistema capitalista necesita el fascismo. Para aterrorizar a la clase trabajadora, dividirnos, obligarnos a trabajar por cada vez menos dinero e impulsar un racismo despiadado para intentar que matemos a otros trabajadores en sus guerras por sus ganancias e imperio, o para obligarnos a hacerlo.<\/p>\n<p style=\"text-align: justify;\">Si bien es cierto que algunos promueven un racismo y un fascismo m\u00e1s abiertos y otros afirman oponerse a ellos, lo cierto es que el sistema capitalista est\u00e1 imponiendo el fascismo. No pueden darse el \u201clujo\u201d de dar migajas a las masas mientras se preparan para la Segunda Guerra Mundial y la profundizaci\u00f3n de la crisis econ\u00f3mica. Los pol\u00edticos capitalistas que dicen oponerse a los racistas y fascistas declarados son los m\u00e1s peligrosos. Intentan enga\u00f1ar a las masas para que apoyen el capitalismo, el racismo, la guerra, las deportaciones y la esclavitud asalariada. Supuestamente son \u201cmenos fascistas, m\u00e1s legales\u201d. Se presentan como contrarios al racismo porque quieren un ej\u00e9rcito patri\u00f3tico multirracial y una fuerza laboral esclavizada.<\/p>\n<p style=\"text-align: justify;\">Todas las clases dominantes est\u00e1n fomentando el racismo y el nacionalismo. Todas apoyan la esclavitud asalariada y pagan a algunos grupos de trabajadores menos que a otros. El capitalismo necesita dividir a sus esclavos asalariados para intentar evitar que nos unamos contra ellos. Apoyan las fronteras, las leyes de inmigraci\u00f3n, las deportaciones y la guerra imperialista.<\/p>\n<p style=\"text-align: justify;\">Las diferencias entre fascistas declarados como Trump y pol\u00edticos liberales como Gavin Newsom (gobernador de California que quiere ganar a las masas enfurecidas para que apoyen al Partido Dem\u00f3crata) son secundarias. Ambos apoyan el capitalismo. Ambos odian y atacan la lucha por la revoluci\u00f3n comunista. Sus desacuerdos giran en torno a las t\u00e1cticas del fascismo, no a c\u00f3mo abolirlo.<\/p>\n<p style=\"text-align: justify;\">Los pol\u00edticos liberales nos dicen que seamos pasivos y confiemos en ellos ante el creciente fascismo. En cambio, confiamos en las masas de trabajadores, j\u00f3venes y soldados para movilizarse contra el fascismo, el racismo, la guerra imperialista y a favor del comunismo.<\/p>\n<p style=\"text-align: justify;\">En EUA, muchos se est\u00e1n enfrentando a La Migra. Con lucha y persistencia, estas masas enfurecidas y las que se movilizan en todo el mundo contra el genocidio en Gaza y la expansi\u00f3n de la guerra en Ir\u00e1n e Israel pueden ser conquistadas para luchar por un mundo comunista sin fronteras, guerra imperialista y esclavitud asalariada. Para convertir la guerra patronal y el fascismo en una revoluci\u00f3n por el poder obrero comunista.<\/p>\n<p style=\"text-align: justify;\">Necesitamos, y lo haremos, denunciar claramente a los fascistas declarados y a los social fascistas (liberales) y conquistar a las masas para luchar por el comunismo.<\/p>\n<p>\u2014Camarada en EE.UU.<\/p>\n<p style=\"text-align: center;\"><strong>Lee Nuestro M\u00e1s Sobre: <\/strong><\/p>\n<p style=\"text-align: center;\"><strong>\u201cEl Fascismo\u201d<\/strong><\/p>\n<p style=\"text-align: center;\"><a href=\"https:\/\/icwpweb.com\/2024\/11\/14\/fascism\/\"><span style=\"color: #ff0000;\"><strong>Aqu\u00ed<\/strong><\/span><\/a><\/p>\n<p style=\"text-align: center;\"><strong>Lee Nuestro Folleto: <\/strong><\/p>\n<p style=\"text-align: center;\"><strong>\u201cMovilizar a las Masas para el Comunismo\u201d<\/strong><\/p>\n<p style=\"text-align: center;\"><a href=\"https:\/\/icwpredflag.org\/MMC\/MMCSfin.pdf\"><span style=\"color: #ff0000;\"><strong>Aqu\u00ed<\/strong><\/span><\/a><\/p>\n<h4><a href=\"https:\/\/icwpredflag.org\/wp\/wordpress\/wps\/volumen-16-numero-11\/\">Primera p\u00e1gina de esta edici\u00f3n<\/a><\/h4>\n","protected":false},"excerpt":{"rendered":"<p>Conflictos Reales Entre las Facciones de la Clase Dominante Estadounidense: Los Trabajadores Deben Rechazar Ambas aqu\u00ed \u2666 \u00a1La Historia Est\u00e1 de Nuestra Parte! aqu\u00ed \u2666 Cartel sovi\u00e9tico, 1944\u2014\u00bbBuitre fascista descubre que no somos ovejas\u00bb Carta: Conflictos Reales Entre las Facciones de la Clase Dominante Estadounidense: Los Trabajadores Deben Rechazar Ambas Algunos camaradas han dicho que &hellip; <a href=\"https:\/\/icwpredflag.org\/wp\/wordpress\/wps\/volumen-16-numero-11\/cartas-debate-sobre-el-fascismo-y-las-divisiones-en-la-clase-capitalista-estadounidense\/\" class=\"more-link\">Sigue leyendo <span class=\"screen-reader-text\">Cartas: Debate Sobre El Fascismo y Las Divisiones En La Clase Capitalista Estadounidense<\/span><\/a><\/p>\n","protected":false},"author":6,"featured_media":5655,"parent":13294,"menu_order":0,"comment_status":"closed","ping_status":"closed","template":"","meta":{"footnotes":""},"class_list":["post-13354","page","type-page","status-publish","has-post-thumbnail","hentry"],"_links":{"self":[{"href":"https:\/\/icwpredflag.org\/wp\/wordpress\/wps\/wp-json\/wp\/v2\/pages\/13354","targetHints":{"allow":["GET"]}}],"collection":[{"href":"https:\/\/icwpredflag.org\/wp\/wordpress\/wps\/wp-json\/wp\/v2\/pages"}],"about":[{"href":"https:\/\/icwpredflag.org\/wp\/wordpress\/wps\/wp-json\/wp\/v2\/types\/page"}],"author":[{"embeddable":true,"href":"https:\/\/icwpredflag.org\/wp\/wordpress\/wps\/wp-json\/wp\/v2\/users\/6"}],"replies":[{"embeddable":true,"href":"https:\/\/icwpredflag.org\/wp\/wordpress\/wps\/wp-json\/wp\/v2\/comments?post=13354"}],"version-history":[{"count":2,"href":"https:\/\/icwpredflag.org\/wp\/wordpress\/wps\/wp-json\/wp\/v2\/pages\/13354\/revisions"}],"predecessor-version":[{"id":13357,"href":"https:\/\/icwpredflag.org\/wp\/wordpress\/wps\/wp-json\/wp\/v2\/pages\/13354\/revisions\/13357"}],"up":[{"embeddable":true,"href":"https:\/\/icwpredflag.org\/wp\/wordpress\/wps\/wp-json\/wp\/v2\/pages\/13294"}],"wp:featuredmedia":[{"embeddable":true,"href":"https:\/\/icwpredflag.org\/wp\/wordpress\/wps\/wp-json\/wp\/v2\/media\/5655"}],"wp:attachment":[{"href":"https:\/\/icwpredflag.org\/wp\/wordpress\/wps\/wp-json\/wp\/v2\/media?parent=13354"}],"curies":[{"name":"wp","href":"https:\/\/api.w.org\/{rel}","templated":true}]}}