{"id":2803,"date":"2018-07-06T05:14:39","date_gmt":"2018-07-06T05:14:39","guid":{"rendered":"http:\/\/icwpredflag.org\/wp\/wordpress\/wps\/?page_id=2803"},"modified":"2018-07-06T05:28:14","modified_gmt":"2018-07-06T05:28:14","slug":"donald-declive-y-decadencia","status":"publish","type":"page","link":"https:\/\/icwpredflag.org\/wp\/wordpress\/wps\/volumen-9-numero-8\/donald-declive-y-decadencia\/","title":{"rendered":"Donald, Declive y Decadencia"},"content":{"rendered":"<h3 style=\"text-align: center;\"><span style=\"color: #ff0000;\"><strong>La Revoluci\u00f3n Comunista Destruir\u00e1 el Fascismo y Guerras Imperialistas<\/strong><\/span><\/h3>\n<p style=\"text-align: justify;\">\u201cLa competencia entre las grandes potencias es ahora el enfoque principal de la seguridad de los EE. UU.\u201d, declar\u00f3 el secretario de guerra Mattis en enero 2018.<\/p>\n<p style=\"text-align: justify;\">En el fondo, esta es la competencia entre los capitalistas m\u00e1s grandes del mundo para maximizar sus ganancias dominando la mano de obra, los recursos y los mercados en todo el mundo. Durante un poco m\u00e1s de un siglo, esta rivalidad imperialista, que estalla peri\u00f3dicamente en una guerra mundial, ha impulsado los acontecimientos mundiales.<\/p>\n<p style=\"text-align: justify;\">Excepto, es decir, cuando las masas revolucionarias se han levantado, con el liderazgo comunista, para luchar por el poder obrero.<\/p>\n<p style=\"text-align: justify;\">Los imperios se erigen sobre las espaldas de los trabajadores que explotan, especialmente los de ultramar. Y cuando estos imperios caen en manos de sus rivales, destruyen las vidas y los cuerpos de esos trabajadores.<\/p>\n<p style=\"text-align: justify;\">Se dice que \u201ccuando los elefantes pelean, el s\u00e1cate es pisoteado\u201d. \u00a1Pero la clase trabajadora no es s\u00e1cate! Somos la fuerza m\u00e1s poderosa de la historia. Las luchas entre los gobernantes imperialistas crean oportunidades para que destruyamos su racista sistema mortal con la revoluci\u00f3n comunista.<\/p>\n<p style=\"text-align: justify;\"><strong>El Imperialismo de EEUU en Declive &#8211; Los Gobernantes Estadounidenses en Caos<\/strong><\/p>\n<p style=\"text-align: justify;\">Estados Unidos ha sido la potencia imperialista dominante durante 70 a\u00f1os mediante una combinaci\u00f3n de poder\u00edo militar, alianzas diplom\u00e1ticas y peso econ\u00f3mico. Pero no es ning\u00fan secreto que el imperialismo estadounidense ha ido perdiendo terreno, especialmente a una China abiertamente capitalista.<\/p>\n<p style=\"text-align: justify;\">Con Trump en la Casa Blanca, el Declive del Imperialismo Estadounidense se Acelera R\u00e1pidamente.<\/p>\n<p style=\"text-align: justify;\">En el frente diplom\u00e1tico, Trump se deleita en el aislacionismo. Escupe en las caras de viejos aliados de EE. UU., m\u00e1s recientemente en la reuni\u00f3n del G7 en Canad\u00e1. Destruye todo lo que queda del reclamo \u00ednfimo del imperialismo de EE.UU. sobre el \u201cliderazgo moral\u201d. Le quita presupuesto al Departamento de Estado. Y, como Mattis declar\u00f3, \u201cSi el Departamento de Estado no es financiado totalmente, entonces tengo que comprar m\u00e1s municiones\u201d.<\/p>\n<p style=\"text-align: justify;\">Un analista compar\u00f3 esto con la ca\u00edda de los imperios del pasado: \u201cEn ninguno de esos casos encontrar\u00e1 uno a una gran potencia intencionalmente desmantelando sus propias alianzas. \u00c9l realmente est\u00e1 engrandeciendo el declive de nuevo\u201d.<\/p>\n<p style=\"text-align: justify;\">Los antiguos aliados de EE. UU. est\u00e1n luchando por formar nuevas alianzas. La china de Xi Jin-Ping ya es la principal beneficiaria.<\/p>\n<p style=\"text-align: justify;\">Muchos l\u00edderes claves del imperialismo de EE.UU. r\u00e1pidamente decidieron que la presidencia de Trump era intolerable. \u201cA pesar de la podredumbre visible en la posici\u00f3n de los Estados Unidos y su capacidad para influir en los asuntos mundiales\u201d, escribi\u00f3 el ex asesor de Bush, Elliot A. Cohen, en la revista Atl\u00e1ntico (septiembre 2017), \u201cmas se est\u00e1 extendiendo por debajo de la superficie. &#8230; Las enormes fallas de la pol\u00edtica exterior son como los ataques card\u00edacos: &#8230; el v\u00e9rtigo y el latido pulsante que uno siente hoy augura algo mucho peor ma\u00f1ana&#8230; Ser\u00eda como el mundo de fines de la d\u00e9cada de 1920 o principios de la de 1930: desordenado e inestable, pero con algo mucho peor que seguir\u00e1\u201d. Lo que sigui\u00f3 en ese entonces fue la guerra mundial.<\/p>\n<p style=\"text-align: justify;\">Otros, principalmente republicanos, han abrazado la diplomacia unilateral de Trump, as\u00ed como su racismo abierto y su apoyo a fascistas. El patriotismo incuestionable que \u00e9l construye, mientras divide a la clase obrera de EE.UU. es \u00fatil para el capitalismo. Y est\u00e1n felices de usar Trump para reducirles los impuestos a los ricos mientras recortan programas que ayudan a los pobres.<\/p>\n<p style=\"text-align: justify;\">Pero las nuevas tarifas de Trump\u2014especialmente las de acero y aluminio\u2014 pueden estar cambiando la ecuaci\u00f3n. Pero, aun si se pudiera evitar una guerra comercial a gran escala, estos impuestos a la importaci\u00f3n reducen las ganancias tanto de grandes como de peque\u00f1as empresas manufactureras. Los impuestos en represalia\u2014desde Europa hasta India y China y m\u00e1s all\u00e1\u2014 perjudicar\u00e1n las exportaciones estadounidenses.<\/p>\n<p style=\"text-align: justify;\">No son solo los financieros de Wall Street y sus aliados en la industria manufacturera quienes se oponen a estas tarifas. Tambi\u00e9n es la Fundaci\u00f3n Koch Brothers, que representa a la facci\u00f3n capitalista de petroleros sure\u00f1os nuevos la cual ha luchado encarnizadamente contra la secci\u00f3n principal (Wall Street) del imperialismo estadounidense. Decenas de millones de d\u00f3lares de Koch se est\u00e1n invirtiendo en las campa\u00f1as para elegir congresistas apoyando a los pol\u00edtiqueros de \u201clibre comercio\u201d (\u00a1incluso algunos dem\u00f3cratas!) contra los partidarios de Trump.<\/p>\n<p style=\"text-align: justify;\"><strong>El imperialismo de EE.UU. en Declive por Sus Contradicciones Internas<\/strong><\/p>\n<p style=\"text-align: justify;\">La decadencia del imperialismo de EE.UU. empez\u00f3 mucho antes de Trump. Su causa subyacente es el proceso mismo de desarrollo capitalista que una vez lo llev\u00f3 a la cima.<\/p>\n<p style=\"text-align: justify;\">El capitalismo mismo separ\u00f3 a los due\u00f1os del capital de su aplicaci\u00f3n a la producci\u00f3n. Separ\u00f3 el capital monetario del capital industrial. Los capitalistas que viv\u00edan de sus inversiones estaban cada vez m\u00e1s aislados de quienes organizaban y administraban la producci\u00f3n.<\/p>\n<p style=\"text-align: justify;\">La dominaci\u00f3n del capital financiero es caracter\u00edstica del imperialismo. La exportaci\u00f3n de capital (inversi\u00f3n extranjera) es una de sus caracter\u00edsticas claves. Como dijo Lenin, el \u201cestado rentista\u201d del capitalismo financiero \u201ces un estado del capitalismo parasitario y en descomposici\u00f3n [que] no puede dejar de influir en todas las condiciones sociopol\u00edticas de los pa\u00edses afectados\u201d.<\/p>\n<p style=\"text-align: justify;\">Desde 2012, hasta los economistas capitalistas han advertido que \u201cdemasiadas finanzas son malas para la econom\u00eda\u201d. Uno argument\u00f3 en 2013 que el sector financiero hab\u00eda \u201cconsumido el crecimiento econ\u00f3mico de Estados Unidos\u201d. El sector financiero atra\u00eda un r\u00e9cord del 9% de la producci\u00f3n total de EE. UU., unos $ 1.4 billones, sin producir nada y sin siquiera hacer que la econom\u00eda funcione m\u00e1s fluidamente.<\/p>\n<p style=\"text-align: justify;\">Y, otro analista escribi\u00f3 tres a\u00f1os despu\u00e9s, la \u201cfinanciarizaci\u00f3n\u201d, respaldada por los dem\u00f3cratas y republicanos por igual\u2014 intensifica la desigualdad econ\u00f3mica. Y los trabajadores lo saben. Si el racismo y el patriotismo no los ciega a su inter\u00e9s de clase, se desilusionan con los pol\u00edtiqueros abiertamente capitalistas. Pueden ver a \u201cpopulistas\u201d como Trump o Bernie Sanders como la soluci\u00f3n.<\/p>\n<p style=\"text-align: justify;\">No podemos permitir que eso suceda. El populismo de Trump no es m\u00e1s ni menos que el fascismo. No puede ser derrotado exigiendo la \u201cdemocracia\u201d o incluso el \u201csocialismo\u201d. La \u00fanica forma de derrotar al fascismo -la forma pol\u00edtica del capitalismo financiero parasitario en descomposici\u00f3n &#8211; es con la revoluci\u00f3n comunista.<\/p>\n<p style=\"text-align: justify;\">Los art\u00edculos, en esta edici\u00f3n, desde Seattle (EE. UU.) a El Salvador y a Sud\u00e1frica muestran, una y otra vez, que masas de trabajadores y estudiantes est\u00e1n listos, dispuestos y deseosos de acoger las ideas comunistas.<\/p>\n<p style=\"text-align: justify;\">Que los imperialistas se concentren en la \u201ccompetencia entre las grandes potencias\u201d. Las masas -trabajadores, j\u00f3venes, soldados, campesinos y otros m\u00e1s- debemos concentrarnos con intensidad de l\u00e1ser en la lucha de clases revolucionaria por el comunismo.<\/p>\n<p><img loading=\"lazy\" decoding=\"async\" class=\"wp-image-2764 aligncenter\" src=\"http:\/\/icwpredflag.org\/wp\/wordpress\/wps\/wp-content\/uploads\/sites\/2\/2018\/07\/nobannowall-300x228.jpg\" alt=\"\" width=\"682\" height=\"518\" srcset=\"https:\/\/icwpredflag.org\/wp\/wordpress\/wps\/wp-content\/uploads\/sites\/2\/2018\/07\/nobannowall-300x228.jpg 300w, https:\/\/icwpredflag.org\/wp\/wordpress\/wps\/wp-content\/uploads\/sites\/2\/2018\/07\/nobannowall.jpg 452w\" sizes=\"auto, (max-width: 682px) 100vw, 682px\" \/><\/p>\n<p class=\"p1\" style=\"text-align: center;\"><strong>Los Angeles, USA &#8211; 27 de enero del 2017: <\/strong>\u00abEn el Comunismo no habr\u00e1 Dinero, ni Racismo, ni Sexismo, ni Fronteras o Naciones PCOI\u00bb | \u00abNo a lasProhibiciones,No a los Muros,S\u00ed a un MundoComunista Sin Fronteras\u00bb<\/p>\n<p><img loading=\"lazy\" decoding=\"async\" class=\"wp-image-2763 aligncenter\" src=\"http:\/\/icwpredflag.org\/wp\/wordpress\/wps\/wp-content\/uploads\/sites\/2\/2018\/07\/weresist-224x300.jpg\" alt=\"\" width=\"356\" height=\"477\" srcset=\"https:\/\/icwpredflag.org\/wp\/wordpress\/wps\/wp-content\/uploads\/sites\/2\/2018\/07\/weresist-224x300.jpg 224w, https:\/\/icwpredflag.org\/wp\/wordpress\/wps\/wp-content\/uploads\/sites\/2\/2018\/07\/weresist.jpg 237w\" sizes=\"auto, (max-width: 356px) 100vw, 356px\" \/><\/p>\n<p style=\"text-align: center;\"><strong>Enero, 2017<\/strong><\/p>\n<p>&nbsp;<\/p>\n<h4><a href=\"http:\/\/icwpredflag.org\/wp\/wordpress\/wps\/volumen-9-numero-8\/\">Primera p\u00e1gina de esta edici\u00f3n<\/a><\/h4>\n","protected":false},"excerpt":{"rendered":"<p>La Revoluci\u00f3n Comunista Destruir\u00e1 el Fascismo y Guerras Imperialistas \u201cLa competencia entre las grandes potencias es ahora el enfoque principal de la seguridad de los EE. UU.\u201d, declar\u00f3 el secretario de guerra Mattis en enero 2018. En el fondo, esta es la competencia entre los capitalistas m\u00e1s grandes del mundo para maximizar sus ganancias dominando &hellip; <a href=\"https:\/\/icwpredflag.org\/wp\/wordpress\/wps\/volumen-9-numero-8\/donald-declive-y-decadencia\/\" class=\"more-link\">Sigue leyendo <span class=\"screen-reader-text\">Donald, Declive y Decadencia<\/span><\/a><\/p>\n","protected":false},"author":1,"featured_media":2018,"parent":2747,"menu_order":0,"comment_status":"closed","ping_status":"closed","template":"","meta":{"footnotes":""},"class_list":["post-2803","page","type-page","status-publish","has-post-thumbnail","hentry"],"_links":{"self":[{"href":"https:\/\/icwpredflag.org\/wp\/wordpress\/wps\/wp-json\/wp\/v2\/pages\/2803","targetHints":{"allow":["GET"]}}],"collection":[{"href":"https:\/\/icwpredflag.org\/wp\/wordpress\/wps\/wp-json\/wp\/v2\/pages"}],"about":[{"href":"https:\/\/icwpredflag.org\/wp\/wordpress\/wps\/wp-json\/wp\/v2\/types\/page"}],"author":[{"embeddable":true,"href":"https:\/\/icwpredflag.org\/wp\/wordpress\/wps\/wp-json\/wp\/v2\/users\/1"}],"replies":[{"embeddable":true,"href":"https:\/\/icwpredflag.org\/wp\/wordpress\/wps\/wp-json\/wp\/v2\/comments?post=2803"}],"version-history":[{"count":4,"href":"https:\/\/icwpredflag.org\/wp\/wordpress\/wps\/wp-json\/wp\/v2\/pages\/2803\/revisions"}],"predecessor-version":[{"id":2807,"href":"https:\/\/icwpredflag.org\/wp\/wordpress\/wps\/wp-json\/wp\/v2\/pages\/2803\/revisions\/2807"}],"up":[{"embeddable":true,"href":"https:\/\/icwpredflag.org\/wp\/wordpress\/wps\/wp-json\/wp\/v2\/pages\/2747"}],"wp:featuredmedia":[{"embeddable":true,"href":"https:\/\/icwpredflag.org\/wp\/wordpress\/wps\/wp-json\/wp\/v2\/media\/2018"}],"wp:attachment":[{"href":"https:\/\/icwpredflag.org\/wp\/wordpress\/wps\/wp-json\/wp\/v2\/media?parent=2803"}],"curies":[{"name":"wp","href":"https:\/\/api.w.org\/{rel}","templated":true}]}}