{"id":3102,"date":"2018-09-27T02:23:51","date_gmt":"2018-09-27T02:23:51","guid":{"rendered":"http:\/\/icwpredflag.org\/wp\/wordpress\/wps\/?page_id=3102"},"modified":"2018-09-28T03:43:26","modified_gmt":"2018-09-28T03:43:26","slug":"volumen-9-numero-12","status":"publish","type":"page","link":"https:\/\/icwpredflag.org\/wp\/wordpress\/wps\/volumen-9-numero-12\/","title":{"rendered":"Volumen 9, N\u00famero 12"},"content":{"rendered":"<p><img loading=\"lazy\" decoding=\"async\" class=\"wp-image-3106 aligncenter\" src=\"http:\/\/icwpredflag.org\/wp\/wordpress\/wps\/wp-content\/uploads\/sites\/2\/2018\/09\/Iranstrike-300x179.jpg\" alt=\"\" width=\"674\" height=\"402\" srcset=\"https:\/\/icwpredflag.org\/wp\/wordpress\/wps\/wp-content\/uploads\/sites\/2\/2018\/09\/Iranstrike-300x179.jpg 300w, https:\/\/icwpredflag.org\/wp\/wordpress\/wps\/wp-content\/uploads\/sites\/2\/2018\/09\/Iranstrike.jpg 462w\" sizes=\"auto, (max-width: 674px) 100vw, 674px\" \/><\/p>\n<p class=\"p1\" style=\"text-align: center;\"><strong>8 de agosto de 2018\u2014Trabajadores ferrocarrileros de Ahmadabad en Rafsanjan, Iran<\/strong><\/p>\n<ul>\n<li><a class=\"icwp-emph\" href=\"http:\/\/icwpredflag.org\/wp\/wordpress\/wps\/volumen-9-numero-12\/reporte-sobre-sudafrica\/\">Reporte Sobre Sud\u00e1frica<\/a><\/li>\n<li><a class=\"icwp-emph\" href=\"http:\/\/icwpredflag.org\/wp\/wordpress\/wps\/volumen-9-numero-12\/ola-de-huelgas-en-iran\/\">Ola de Huelgas en Ir\u00e1n<\/a><\/li>\n<li><a class=\"icwp-emph\" href=\"http:\/\/icwpredflag.org\/wp\/wordpress\/wps\/volumen-9-numero-12\/revolucion-en-alemania-1918-1919-parte-ii\/\">Revoluci\u00f3n en Alemania, 1918-1919 (Parte II)<\/a><\/li>\n<li><a class=\"icwp-emph\" href=\"http:\/\/icwpredflag.org\/wp\/wordpress\/wps\/sediento-de-comunismo\/\">Sediento de Comunismo<\/a><\/li>\n<li><a class=\"icwp-emph\" href=\"http:\/\/icwpredflag.org\/wp\/wordpress\/wps\/volumen-9-numero-12\/pura-vida-pura-lucha\/\">\u201cPura Vida\u201d &#8212; \u201cPura lucha\u201d<\/a><\/li>\n<li><a class=\"icwp-emph\" href=\"http:\/\/icwpredflag.org\/wp\/wordpress\/wps\/volumen-9-numero-12\/1968-2018-estudiantes-en-mexico-luchan-contra-ataques-patronales\/\">1968-2018 Estudiantes en M\u00e9xico Luchan Contra Ataques Patronales<\/a><\/li>\n<li><a class=\"icwp-emph\" href=\"http:\/\/icwpredflag.org\/wp\/wordpress\/wps\/volumen-9-numero-12\/la-crisis-politica-de-ee-uu-exige-una-respuesta-comunista\/\">La Crisis Pol\u00edtica de EE.UU. Exige una Respuesta Comunista<\/a><\/li>\n<li><a class=\"icwp-emph\" href=\"http:\/\/icwpredflag.org\/wp\/wordpress\/wps\/volumen-9-numero-12\/un-mundo-una-clase-obrera\/\">Un Mundo, Una Clase Obrera<\/a><\/li>\n<li><a class=\"icwp-emph\" href=\"http:\/\/icwpredflag.org\/wp\/wordpress\/wps\/volumen-9-numero-12\/el-capitalismo-usa-el-racismo-para-dividir-y-explotar-a-todos-los-trabajadores\/\">El Capitalismo Usa el Racismo para Dividir y Explotar a Todos los Trabajadores<\/a><\/li>\n<li><a class=\"icwp-emph\" href=\"http:\/\/icwpredflag.org\/wp\/wordpress\/wps\/volumen-9-numero-12\/debemos-enfocarnos-mas-en-el-comunismo\/\">Debemos Enfocarnos M\u00e1s en el Comunismo<\/a><\/li>\n<li><a class=\"icwp-emph\" href=\"http:\/\/icwpredflag.org\/wp\/wordpress\/wps\/volumen-9-numero-12\/gobernantes-de-china-y-ee-uu-se-preparan-para-la-guerra\/\">Gobernantes de China y EE.UU se Preparan para la Guerra<\/a><\/li>\n<li><a class=\"icwp-emph\" href=\"http:\/\/icwpredflag.org\/wp\/wordpress\/wps\/volumen-9-numero-12\/cartas-vol-9-no-12\/\">Cartas, Vol 9, No 12<\/a><\/li>\n<li><a class=\"icwp-emph\" href=\"http:\/\/icwpredflag.org\/wp\/wordpress\/wps\/wp-content\/uploads\/sites\/2\/2018\/09\/BR101118.pdf\">Este n\u00famero en PDF<\/a><\/li>\n<li><a class=\"icwp-emph\" href=\"http:\/\/icwpredflag.org\/wp\/wordpress\/wps\/volumen-9-numero-11\/\">El n\u00famero anterior<\/a><\/li>\n<\/ul>\n<p><img loading=\"lazy\" decoding=\"async\" class=\"wp-image-3005 aligncenter\" src=\"http:\/\/icwpredflag.org\/wp\/wordpress\/wps\/wp-content\/uploads\/sites\/2\/2018\/08\/unete1-300x109.jpg\" alt=\"\" width=\"650\" height=\"236\" srcset=\"https:\/\/icwpredflag.org\/wp\/wordpress\/wps\/wp-content\/uploads\/sites\/2\/2018\/08\/unete1-300x109.jpg 300w, https:\/\/icwpredflag.org\/wp\/wordpress\/wps\/wp-content\/uploads\/sites\/2\/2018\/08\/unete1-768x278.jpg 768w, https:\/\/icwpredflag.org\/wp\/wordpress\/wps\/wp-content\/uploads\/sites\/2\/2018\/08\/unete1-1024x371.jpg 1024w, https:\/\/icwpredflag.org\/wp\/wordpress\/wps\/wp-content\/uploads\/sites\/2\/2018\/08\/unete1.jpg 1528w\" sizes=\"auto, (max-width: 650px) 100vw, 650px\" \/><br \/>\n<img loading=\"lazy\" decoding=\"async\" class=\"wp-image-3000 aligncenter\" src=\"http:\/\/icwpredflag.org\/wp\/wordpress\/wps\/wp-content\/uploads\/sites\/2\/2018\/08\/subscrip-300x97.jpg\" alt=\"\" width=\"646\" height=\"209\" srcset=\"https:\/\/icwpredflag.org\/wp\/wordpress\/wps\/wp-content\/uploads\/sites\/2\/2018\/08\/subscrip-300x97.jpg 300w, https:\/\/icwpredflag.org\/wp\/wordpress\/wps\/wp-content\/uploads\/sites\/2\/2018\/08\/subscrip-768x249.jpg 768w, https:\/\/icwpredflag.org\/wp\/wordpress\/wps\/wp-content\/uploads\/sites\/2\/2018\/08\/subscrip-1024x332.jpg 1024w, https:\/\/icwpredflag.org\/wp\/wordpress\/wps\/wp-content\/uploads\/sites\/2\/2018\/08\/subscrip.jpg 2026w\" sizes=\"auto, (max-width: 646px) 100vw, 646px\" \/><\/p>\n<h4><a class=\"icwp-emph\" href=\"http:\/\/icwpredflag.org\/wp\/wordpress\/wps\/\">P\u00e1gina principal<\/a><\/h4>\n","protected":false},"excerpt":{"rendered":"<p>8 de agosto de 2018\u2014Trabajadores ferrocarrileros de Ahmadabad en Rafsanjan, Iran Reporte Sobre Sud\u00e1frica Ola de Huelgas en Ir\u00e1n Revoluci\u00f3n en Alemania, 1918-1919 (Parte II) Sediento de Comunismo \u201cPura Vida\u201d &#8212; \u201cPura lucha\u201d 1968-2018 Estudiantes en M\u00e9xico Luchan Contra Ataques Patronales La Crisis Pol\u00edtica de EE.UU. Exige una Respuesta Comunista Un Mundo, Una Clase Obrera &hellip; <a href=\"https:\/\/icwpredflag.org\/wp\/wordpress\/wps\/volumen-9-numero-12\/\" class=\"more-link\">Sigue leyendo <span class=\"screen-reader-text\">Volumen 9, N\u00famero 12<\/span><\/a><\/p>\n","protected":false},"author":1,"featured_media":5655,"parent":0,"menu_order":0,"comment_status":"closed","ping_status":"closed","template":"","meta":{"footnotes":""},"class_list":["post-3102","page","type-page","status-publish","has-post-thumbnail","hentry"],"_links":{"self":[{"href":"https:\/\/icwpredflag.org\/wp\/wordpress\/wps\/wp-json\/wp\/v2\/pages\/3102","targetHints":{"allow":["GET"]}}],"collection":[{"href":"https:\/\/icwpredflag.org\/wp\/wordpress\/wps\/wp-json\/wp\/v2\/pages"}],"about":[{"href":"https:\/\/icwpredflag.org\/wp\/wordpress\/wps\/wp-json\/wp\/v2\/types\/page"}],"author":[{"embeddable":true,"href":"https:\/\/icwpredflag.org\/wp\/wordpress\/wps\/wp-json\/wp\/v2\/users\/1"}],"replies":[{"embeddable":true,"href":"https:\/\/icwpredflag.org\/wp\/wordpress\/wps\/wp-json\/wp\/v2\/comments?post=3102"}],"version-history":[{"count":12,"href":"https:\/\/icwpredflag.org\/wp\/wordpress\/wps\/wp-json\/wp\/v2\/pages\/3102\/revisions"}],"predecessor-version":[{"id":3182,"href":"https:\/\/icwpredflag.org\/wp\/wordpress\/wps\/wp-json\/wp\/v2\/pages\/3102\/revisions\/3182"}],"wp:featuredmedia":[{"embeddable":true,"href":"https:\/\/icwpredflag.org\/wp\/wordpress\/wps\/wp-json\/wp\/v2\/media\/5655"}],"wp:attachment":[{"href":"https:\/\/icwpredflag.org\/wp\/wordpress\/wps\/wp-json\/wp\/v2\/media?parent=3102"}],"curies":[{"name":"wp","href":"https:\/\/api.w.org\/{rel}","templated":true}]}}