{"id":3255,"date":"2018-10-31T22:01:01","date_gmt":"2018-10-31T22:01:01","guid":{"rendered":"http:\/\/icwpredflag.org\/wp\/wordpress\/wps\/?page_id=3255"},"modified":"2018-10-31T22:09:21","modified_gmt":"2018-10-31T22:09:21","slug":"italia-marcha-defiende-politica-de-bienvenida-a-inmigrantes","status":"publish","type":"page","link":"https:\/\/icwpredflag.org\/wp\/wordpress\/wps\/volumen-9-numero-13\/italia-marcha-defiende-politica-de-bienvenida-a-inmigrantes\/","title":{"rendered":"Italia: Marcha Defiende Politica de Bienvenida a Inmigrantes"},"content":{"rendered":"<p><img loading=\"lazy\" decoding=\"async\" class=\"wp-image-3209 aligncenter\" src=\"http:\/\/icwpredflag.org\/wp\/wordpress\/wps\/wp-content\/uploads\/sites\/2\/2018\/10\/italydemo-300x200.jpg\" alt=\"\" width=\"683\" height=\"455\" srcset=\"https:\/\/icwpredflag.org\/wp\/wordpress\/wps\/wp-content\/uploads\/sites\/2\/2018\/10\/italydemo-300x200.jpg 300w, https:\/\/icwpredflag.org\/wp\/wordpress\/wps\/wp-content\/uploads\/sites\/2\/2018\/10\/italydemo.jpg 478w\" sizes=\"auto, (max-width: 683px) 100vw, 683px\" \/><\/p>\n<p style=\"text-align: justify;\">RIACE, ITALIA, 6 de octubre: Cientos de manifestantes tuvieron un mitin para apoyar al pro-refugiados alcalde Domenico Lucano, despu\u00e9s de que este fuera puesto bajo arresto domiciliario por presuntamente arreglar un \u201cmatrimonio de conveniencia\u201d para un refugiado nigeriano. Desde 2004, bajo el liderazgo de Lucano, esta peque\u00f1a ciudad ha recibido a miles de migrantes y refugiados. La ciudad ha creado programas sociales y se ha organizado para crear trabajos \u00fatiles para integrar a los reci\u00e9n llegados en la sociedad. Bajo el capitalismo, esto ha significado vender su trabajo y los productos de su trabajo. En una sociedad comunista nos organizaremos para encontrar trabajo \u00fatil para todos, y nada se comprar\u00e1 ni se vender\u00e1.<\/p>\n<p style=\"text-align: justify;\">Lo que sucedi\u00f3 en Riace contradice directamente la pol\u00edtica del Ministro de Interior neofascista de Italia, Salvini, quien la semana anterior anunci\u00f3 medidas contra los inmigrantes, incluido el recorte de fondos para la recepci\u00f3n e integraci\u00f3n de los inmigrantes.<\/p>\n<p style=\"text-align: justify;\">En toda Europa, las masas est\u00e1n cada vez m\u00e1s polarizadas; mientras masas de obreros, sindicatos y grupos comunitarios acogen a los inmigrantes, tambi\u00e9n hay un creciente movimiento fascista que busca movilizar a los trabajadores en un movimiento racista para atacar a los inmigrantes.<\/p>\n<p style=\"text-align: justify;\">El crecimiento del fascismo es el resultado del capitalismo en crisis. Italia y el resto de Europa han visto esto antes. Los lectores de <strong><em>Bandera<\/em><\/strong> <strong><em>Roja<\/em><\/strong> deben llevar las ideas comunistas a las masas que se unieron para apoyar a Lucano y dar la bienvenida a los inmigrantes. Esta vez, la lucha contra el fascismo debe conducir a movilizar a las masas para el comunismo, para luchar por un mundo sin capitalistas y sin fronteras.<\/p>\n<p><img loading=\"lazy\" decoding=\"async\" class=\"wp-image-3208 aligncenter\" src=\"http:\/\/icwpredflag.org\/wp\/wordpress\/wps\/wp-content\/uploads\/sites\/2\/2018\/10\/childprotest-300x254.jpg\" alt=\"\" width=\"526\" height=\"445\" \/><\/p>\n<p style=\"text-align: center;\"><strong>Estados Unidos: Protesta En Contra de la Detenci\u00f3n de Inmigrantes, Ni\u00f1as y Ni\u00f1os Refugiados<\/strong><\/p>\n<h4><a href=\"http:\/\/icwpredflag.org\/wp\/wordpress\/wps\/volumen-9-numero-13\/\">Primera p\u00e1gina de esta edici\u00f3n<\/a><\/h4>\n","protected":false},"excerpt":{"rendered":"<p>RIACE, ITALIA, 6 de octubre: Cientos de manifestantes tuvieron un mitin para apoyar al pro-refugiados alcalde Domenico Lucano, despu\u00e9s de que este fuera puesto bajo arresto domiciliario por presuntamente arreglar un \u201cmatrimonio de conveniencia\u201d para un refugiado nigeriano. Desde 2004, bajo el liderazgo de Lucano, esta peque\u00f1a ciudad ha recibido a miles de migrantes y &hellip; <a href=\"https:\/\/icwpredflag.org\/wp\/wordpress\/wps\/volumen-9-numero-13\/italia-marcha-defiende-politica-de-bienvenida-a-inmigrantes\/\" class=\"more-link\">Sigue leyendo <span class=\"screen-reader-text\">Italia: Marcha Defiende Politica de Bienvenida a Inmigrantes<\/span><\/a><\/p>\n","protected":false},"author":1,"featured_media":2018,"parent":3203,"menu_order":0,"comment_status":"closed","ping_status":"closed","template":"","meta":{"footnotes":""},"class_list":["post-3255","page","type-page","status-publish","has-post-thumbnail","hentry"],"_links":{"self":[{"href":"https:\/\/icwpredflag.org\/wp\/wordpress\/wps\/wp-json\/wp\/v2\/pages\/3255","targetHints":{"allow":["GET"]}}],"collection":[{"href":"https:\/\/icwpredflag.org\/wp\/wordpress\/wps\/wp-json\/wp\/v2\/pages"}],"about":[{"href":"https:\/\/icwpredflag.org\/wp\/wordpress\/wps\/wp-json\/wp\/v2\/types\/page"}],"author":[{"embeddable":true,"href":"https:\/\/icwpredflag.org\/wp\/wordpress\/wps\/wp-json\/wp\/v2\/users\/1"}],"replies":[{"embeddable":true,"href":"https:\/\/icwpredflag.org\/wp\/wordpress\/wps\/wp-json\/wp\/v2\/comments?post=3255"}],"version-history":[{"count":4,"href":"https:\/\/icwpredflag.org\/wp\/wordpress\/wps\/wp-json\/wp\/v2\/pages\/3255\/revisions"}],"predecessor-version":[{"id":3259,"href":"https:\/\/icwpredflag.org\/wp\/wordpress\/wps\/wp-json\/wp\/v2\/pages\/3255\/revisions\/3259"}],"up":[{"embeddable":true,"href":"https:\/\/icwpredflag.org\/wp\/wordpress\/wps\/wp-json\/wp\/v2\/pages\/3203"}],"wp:featuredmedia":[{"embeddable":true,"href":"https:\/\/icwpredflag.org\/wp\/wordpress\/wps\/wp-json\/wp\/v2\/media\/2018"}],"wp:attachment":[{"href":"https:\/\/icwpredflag.org\/wp\/wordpress\/wps\/wp-json\/wp\/v2\/media?parent=3255"}],"curies":[{"name":"wp","href":"https:\/\/api.w.org\/{rel}","templated":true}]}}