{"id":3661,"date":"2019-02-09T02:10:04","date_gmt":"2019-02-09T02:10:04","guid":{"rendered":"http:\/\/icwpredflag.org\/wp\/wordpress\/wps\/?page_id=3661"},"modified":"2019-02-09T02:12:03","modified_gmt":"2019-02-09T02:12:03","slug":"organizando-en-las-fabricas-de-el-salvador","status":"publish","type":"page","link":"https:\/\/icwpredflag.org\/wp\/wordpress\/wps\/volumen-10-numero-1\/organizando-en-las-fabricas-de-el-salvador\/","title":{"rendered":"Organizando en las F\u00e1bricas de El Salvador"},"content":{"rendered":"<p style=\"text-align: justify;\">10 de enero del 2019. Una vez m\u00e1s nos hemos reunidos con los compa\u00f1eros de trabajo en la f\u00e1brica para hablar de c\u00f3mo hacer un mejor trabajo en el crecimiento del Partido despu\u00e9s de la reuni\u00f3n internacional.<\/p>\n<p style=\"text-align: justify;\">\u201c\u00bfC\u00f3mo hacer un mundo comunista?\u201d \u201c\u00bfC\u00f3mo ser\u00e1 una f\u00e1brica comunista?\u201d Estas preguntas de los compa\u00f1eros generaron el inicio de la discusi\u00f3n.<\/p>\n<p style=\"text-align: justify;\">Un camarada que asisti\u00f3 por primera vez a estas reuniones dijo que le cuesta entender como el mundo puede cambiar en el futuro porque hay ra\u00edces muy profundas que el capitalismo ha creado pero es bueno luchar por que est\u00e1 claro que en este sistema que vivimos ya no se soporta la miseria.<\/p>\n<p style=\"text-align: justify;\">Otro camarada dijo con confianza que estamos muy lejos de lo que hablamos pero que tenemos que tener perseverancia en seguir haciendo el trabajo pol\u00edtico porque por el momento somos pocos para una revoluci\u00f3n comunista.<\/p>\n<p style=\"text-align: justify;\">Nos propusimos mantener los tres clubs del Partido dentro de la f\u00e1brica y visitar otras f\u00e1bricas para expandir nuestras redes de <strong><em>Bandera Roja<\/em><\/strong>.<\/p>\n<p style=\"text-align: justify;\">Luego compartimos un caf\u00e9 y los compa\u00f1eros se despidieron ya que ten\u00edan un largo camino que recorrer para llegar a sus casas.<\/p>\n<h4><a href=\"http:\/\/icwpredflag.org\/wp\/wordpress\/wps\/volumen-10-numero-1\/\">Primera p\u00e1gina de esta edici\u00f3n<\/a><\/h4>\n","protected":false},"excerpt":{"rendered":"<p>10 de enero del 2019. Una vez m\u00e1s nos hemos reunidos con los compa\u00f1eros de trabajo en la f\u00e1brica para hablar de c\u00f3mo hacer un mejor trabajo en el crecimiento del Partido despu\u00e9s de la reuni\u00f3n internacional. \u201c\u00bfC\u00f3mo hacer un mundo comunista?\u201d \u201c\u00bfC\u00f3mo ser\u00e1 una f\u00e1brica comunista?\u201d Estas preguntas de los compa\u00f1eros generaron el inicio &hellip; <a href=\"https:\/\/icwpredflag.org\/wp\/wordpress\/wps\/volumen-10-numero-1\/organizando-en-las-fabricas-de-el-salvador\/\" class=\"more-link\">Sigue leyendo <span class=\"screen-reader-text\">Organizando en las F\u00e1bricas de El Salvador<\/span><\/a><\/p>\n","protected":false},"author":1,"featured_media":3638,"parent":3636,"menu_order":0,"comment_status":"closed","ping_status":"closed","template":"","meta":{"footnotes":""},"class_list":["post-3661","page","type-page","status-publish","has-post-thumbnail","hentry"],"_links":{"self":[{"href":"https:\/\/icwpredflag.org\/wp\/wordpress\/wps\/wp-json\/wp\/v2\/pages\/3661","targetHints":{"allow":["GET"]}}],"collection":[{"href":"https:\/\/icwpredflag.org\/wp\/wordpress\/wps\/wp-json\/wp\/v2\/pages"}],"about":[{"href":"https:\/\/icwpredflag.org\/wp\/wordpress\/wps\/wp-json\/wp\/v2\/types\/page"}],"author":[{"embeddable":true,"href":"https:\/\/icwpredflag.org\/wp\/wordpress\/wps\/wp-json\/wp\/v2\/users\/1"}],"replies":[{"embeddable":true,"href":"https:\/\/icwpredflag.org\/wp\/wordpress\/wps\/wp-json\/wp\/v2\/comments?post=3661"}],"version-history":[{"count":3,"href":"https:\/\/icwpredflag.org\/wp\/wordpress\/wps\/wp-json\/wp\/v2\/pages\/3661\/revisions"}],"predecessor-version":[{"id":3664,"href":"https:\/\/icwpredflag.org\/wp\/wordpress\/wps\/wp-json\/wp\/v2\/pages\/3661\/revisions\/3664"}],"up":[{"embeddable":true,"href":"https:\/\/icwpredflag.org\/wp\/wordpress\/wps\/wp-json\/wp\/v2\/pages\/3636"}],"wp:featuredmedia":[{"embeddable":true,"href":"https:\/\/icwpredflag.org\/wp\/wordpress\/wps\/wp-json\/wp\/v2\/media\/3638"}],"wp:attachment":[{"href":"https:\/\/icwpredflag.org\/wp\/wordpress\/wps\/wp-json\/wp\/v2\/media?parent=3661"}],"curies":[{"name":"wp","href":"https:\/\/api.w.org\/{rel}","templated":true}]}}