{"id":3743,"date":"2019-03-02T19:18:37","date_gmt":"2019-03-02T19:18:37","guid":{"rendered":"http:\/\/icwpredflag.org\/wp\/wordpress\/wps\/?page_id=3743"},"modified":"2019-03-03T06:24:44","modified_gmt":"2019-03-03T06:24:44","slug":"volumen-10-numero-2","status":"publish","type":"page","link":"https:\/\/icwpredflag.org\/wp\/wordpress\/wps\/volumen-10-numero-2\/","title":{"rendered":"Volumen 10, N\u00famero 2"},"content":{"rendered":"<p><img loading=\"lazy\" decoding=\"async\" class=\"alignnone wp-image-3730\" src=\"http:\/\/icwpredflag.org\/wp\/wordpress\/wps\/wp-content\/uploads\/sites\/2\/2019\/02\/phillip-300x170.jpg\" alt=\"\" width=\"690\" height=\"391\" srcset=\"https:\/\/icwpredflag.org\/wp\/wordpress\/wps\/wp-content\/uploads\/sites\/2\/2019\/02\/phillip-300x170.jpg 300w, https:\/\/icwpredflag.org\/wp\/wordpress\/wps\/wp-content\/uploads\/sites\/2\/2019\/02\/phillip.jpg 490w\" sizes=\"auto, (max-width: 690px) 100vw, 690px\" \/><\/p>\n<p class=\"p1\" style=\"text-align: center;\"><strong>Manila, Islas Filipinas, Julio del 2018\u2014Mujeres protestan contra el gobierno sexista, fascista de Duterte.<\/strong><\/p>\n<ul>\n<li><a class=\"icwp-emph\" href=\"http:\/\/icwpredflag.org\/wp\/wordpress\/wps\/volumen-10-numero-2\/obreros-de-boeing-debaten-la-emergencia-nacional\/\">Obreros de Boeing Debaten la \u201cEmergencia Nacional\u201d<\/a><\/li>\n<li><a class=\"icwp-emph\" href=\"http:\/\/icwpredflag.org\/wp\/wordpress\/wps\/volumen-10-numero-2\/el-pcoi-en-la-india-organiza-para-el-comunismo\/\">El PCOI en la India Organiza para el Comunismo<\/a><\/li>\n<li><a class=\"icwp-emph\" href=\"http:\/\/icwpredflag.org\/wp\/wordpress\/wps\/volumen-10-numero-2\/la-revolucion-comunista-no-elecciones-acabara-con-el-sexismo\/\">La Revoluci\u00f3n Comunista, No Elecciones, Acabar\u00e1 con el Sexismo<\/a><\/li>\n<li><a class=\"icwp-emph\" href=\"http:\/\/icwpredflag.org\/wp\/wordpress\/wps\/volumen-10-numero-2\/estudiantes-discuten-teoria-y-practica-revolucionaria\/\">Estudiantes Discuten Teor\u00eda y Pr\u00e1ctica Revolucionaria<\/a><\/li>\n<li><a class=\"icwp-emph\" href=\"http:\/\/icwpredflag.org\/wp\/wordpress\/wps\/volumen-10-numero-2\/politica-de-nieve-de-boeing-produccion-antes-que-seguridad\/\">Pol\u00edtica de Nieve de Boeing: Producci\u00f3n antes que Seguridad<\/a><\/li>\n<li><a class=\"icwp-emph\" href=\"http:\/\/icwpredflag.org\/wp\/wordpress\/wps\/volumen-10-numero-2\/cambiando-el-debate-sobre-la-reformas-a-universidades-comunitarias\/\">Cambiando el Debate Sobre la Reformas a Universidades Comunitarias<\/a><\/li>\n<li><a class=\"icwp-emph\" href=\"http:\/\/icwpredflag.org\/wp\/wordpress\/wps\/volumen-10-numero-2\/nueva-caravana-de-migrantes-varada-en-panama\/\">Nueva Caravana de migrantes Varada en Panam\u00e1<\/a><\/li>\n<li><a class=\"icwp-emph\" href=\"http:\/\/icwpredflag.org\/wp\/wordpress\/wps\/volumen-10-numero-2\/crisis-en-filipinas-refleja-los-conflictos-entre-imperialistas\/\">Crisis en Filipinas Refleja los Conflictos entre imperialistas<\/a><\/li>\n<li><a class=\"icwp-emph\" href=\"http:\/\/icwpredflag.org\/wp\/wordpress\/wps\/wp-content\/uploads\/sites\/2\/2019\/02\/BR031419.pdf\">Este n\u00famero en PDF<\/a><\/li>\n<li><a class=\"icwp-emph\" href=\"http:\/\/icwpredflag.org\/wp\/wordpress\/wps\/volumen-10-numero-1\/\">El n\u00famero anterior<\/a><\/li>\n<li><a class=\"icwp-emph\" href=\"http:\/\/icwpredflag.org\/wp\/wordpress\">P\u00e1gina principal<\/a><\/li>\n<\/ul>\n<p><img loading=\"lazy\" decoding=\"async\" class=\"wp-image-3382 aligncenter\" src=\"http:\/\/icwpredflag.org\/wp\/wordpress\/wps\/wp-content\/uploads\/sites\/2\/2018\/11\/MastheadS-300x121.jpg\" alt=\"\" width=\"657\" height=\"265\" srcset=\"https:\/\/icwpredflag.org\/wp\/wordpress\/wps\/wp-content\/uploads\/sites\/2\/2018\/11\/MastheadS-300x121.jpg 300w, https:\/\/icwpredflag.org\/wp\/wordpress\/wps\/wp-content\/uploads\/sites\/2\/2018\/11\/MastheadS-768x309.jpg 768w, https:\/\/icwpredflag.org\/wp\/wordpress\/wps\/wp-content\/uploads\/sites\/2\/2018\/11\/MastheadS-1024x412.jpg 1024w, https:\/\/icwpredflag.org\/wp\/wordpress\/wps\/wp-content\/uploads\/sites\/2\/2018\/11\/MastheadS.jpg 1029w\" sizes=\"auto, (max-width: 657px) 100vw, 657px\" \/><\/p>\n","protected":false},"excerpt":{"rendered":"<p>Manila, Islas Filipinas, Julio del 2018\u2014Mujeres protestan contra el gobierno sexista, fascista de Duterte. Obreros de Boeing Debaten la \u201cEmergencia Nacional\u201d El PCOI en la India Organiza para el Comunismo La Revoluci\u00f3n Comunista, No Elecciones, Acabar\u00e1 con el Sexismo Estudiantes Discuten Teor\u00eda y Pr\u00e1ctica Revolucionaria Pol\u00edtica de Nieve de Boeing: Producci\u00f3n antes que Seguridad Cambiando &hellip; <a href=\"https:\/\/icwpredflag.org\/wp\/wordpress\/wps\/volumen-10-numero-2\/\" class=\"more-link\">Sigue leyendo <span class=\"screen-reader-text\">Volumen 10, N\u00famero 2<\/span><\/a><\/p>\n","protected":false},"author":1,"featured_media":3638,"parent":0,"menu_order":0,"comment_status":"closed","ping_status":"closed","template":"","meta":{"footnotes":""},"class_list":["post-3743","page","type-page","status-publish","has-post-thumbnail","hentry"],"_links":{"self":[{"href":"https:\/\/icwpredflag.org\/wp\/wordpress\/wps\/wp-json\/wp\/v2\/pages\/3743","targetHints":{"allow":["GET"]}}],"collection":[{"href":"https:\/\/icwpredflag.org\/wp\/wordpress\/wps\/wp-json\/wp\/v2\/pages"}],"about":[{"href":"https:\/\/icwpredflag.org\/wp\/wordpress\/wps\/wp-json\/wp\/v2\/types\/page"}],"author":[{"embeddable":true,"href":"https:\/\/icwpredflag.org\/wp\/wordpress\/wps\/wp-json\/wp\/v2\/users\/1"}],"replies":[{"embeddable":true,"href":"https:\/\/icwpredflag.org\/wp\/wordpress\/wps\/wp-json\/wp\/v2\/comments?post=3743"}],"version-history":[{"count":8,"href":"https:\/\/icwpredflag.org\/wp\/wordpress\/wps\/wp-json\/wp\/v2\/pages\/3743\/revisions"}],"predecessor-version":[{"id":3792,"href":"https:\/\/icwpredflag.org\/wp\/wordpress\/wps\/wp-json\/wp\/v2\/pages\/3743\/revisions\/3792"}],"wp:featuredmedia":[{"embeddable":true,"href":"https:\/\/icwpredflag.org\/wp\/wordpress\/wps\/wp-json\/wp\/v2\/media\/3638"}],"wp:attachment":[{"href":"https:\/\/icwpredflag.org\/wp\/wordpress\/wps\/wp-json\/wp\/v2\/media?parent=3743"}],"curies":[{"name":"wp","href":"https:\/\/api.w.org\/{rel}","templated":true}]}}