{"id":4360,"date":"2019-07-24T01:38:53","date_gmt":"2019-07-24T01:38:53","guid":{"rendered":"https:\/\/icwpredflag.org\/wp\/wordpress\/wps\/?page_id=4360"},"modified":"2019-07-24T01:40:47","modified_gmt":"2019-07-24T01:40:47","slug":"el-comunismo-triunfara","status":"publish","type":"page","link":"https:\/\/icwpredflag.org\/wp\/wordpress\/wps\/volumen-10-numero-9\/el-comunismo-triunfara\/","title":{"rendered":"El Comunismo Triunfar\u00e1"},"content":{"rendered":"<p style=\"text-align: justify;\">\u00a1Saludos a todos los trabajadores, especialmente a aquellos que luchan para hacer algunos cambios para nuestro Partido Comunista Obrero Internacional, PCOI!<\/p>\n<p style=\"text-align: justify;\">Queremos ganar \u00edmpetu y fortalecer a nuestro Partido desafiando el sistema inservible que vamos a vencer un d\u00eda. Estoy seguro de que triunfaremos.<\/p>\n<p style=\"text-align: justify;\">Soy miembro del PCOI, comunista por naturaleza, si puedo decirlo. Trabajo para una de las compa\u00f1\u00edas automotrices en Sud\u00e1frica, tengo un a\u00f1o haci\u00e9ndolo, para ser preciso. La descripci\u00f3n de mi trabajo es \u201caprendiz\u201d. Dice que trabajo mientras estoy aprendiendo en el trabajo al mismo tiempo. Aunque trabajo igual que otros obreros, me pagan menos porque soy considerado un \u201ctrabajador en entrenamiento\u201d. No hay ninguna garant\u00eda de que califique para un trabajo permanente despu\u00e9s del per\u00edodo de aprendizaje. Es ir\u00f3nico, \u00bfverdad?<\/p>\n<p style=\"text-align: justify;\">Porque soy comunista, no les tengo miedo a los patrones. Les gusta intimidar a los obreros. Quieren que pensemos que no somos nada sin ellos. Pero este no es el caso. Es la clase obrera la que hace todo el trabajo.<\/p>\n<p style=\"text-align: justify;\">Los patrones est\u00e1n interesados \u200b\u200ben obtener ganancias en lugar de hacer autos seguros. Debido a que poseen f\u00e1bricas para hacer productos, piensan que controlan c\u00f3mo piensan los obreros. Esta es su ilusi\u00f3n. Con lucha, podemos ganar a los trabajadores a la perspectiva comunista revolucionaria y eso es lo que estoy haciendo con mis compa\u00f1eros de trabajo.<\/p>\n<p style=\"text-align: justify;\">Obrero Automotriz Rojo<\/p>\n<h4><a href=\"https:\/\/icwpredflag.org\/wp\/wordpress\/wps\/volumen-10-numero-9\/\">Primera p\u00e1gina de esta edici\u00f3n<\/a><\/h4>\n","protected":false},"excerpt":{"rendered":"<p>\u00a1Saludos a todos los trabajadores, especialmente a aquellos que luchan para hacer algunos cambios para nuestro Partido Comunista Obrero Internacional, PCOI! Queremos ganar \u00edmpetu y fortalecer a nuestro Partido desafiando el sistema inservible que vamos a vencer un d\u00eda. Estoy seguro de que triunfaremos. Soy miembro del PCOI, comunista por naturaleza, si puedo decirlo. Trabajo &hellip; <a href=\"https:\/\/icwpredflag.org\/wp\/wordpress\/wps\/volumen-10-numero-9\/el-comunismo-triunfara\/\" class=\"more-link\">Sigue leyendo <span class=\"screen-reader-text\">El Comunismo Triunfar\u00e1<\/span><\/a><\/p>\n","protected":false},"author":1,"featured_media":3638,"parent":4335,"menu_order":0,"comment_status":"closed","ping_status":"closed","template":"","meta":{"footnotes":""},"class_list":["post-4360","page","type-page","status-publish","has-post-thumbnail","hentry"],"_links":{"self":[{"href":"https:\/\/icwpredflag.org\/wp\/wordpress\/wps\/wp-json\/wp\/v2\/pages\/4360","targetHints":{"allow":["GET"]}}],"collection":[{"href":"https:\/\/icwpredflag.org\/wp\/wordpress\/wps\/wp-json\/wp\/v2\/pages"}],"about":[{"href":"https:\/\/icwpredflag.org\/wp\/wordpress\/wps\/wp-json\/wp\/v2\/types\/page"}],"author":[{"embeddable":true,"href":"https:\/\/icwpredflag.org\/wp\/wordpress\/wps\/wp-json\/wp\/v2\/users\/1"}],"replies":[{"embeddable":true,"href":"https:\/\/icwpredflag.org\/wp\/wordpress\/wps\/wp-json\/wp\/v2\/comments?post=4360"}],"version-history":[{"count":3,"href":"https:\/\/icwpredflag.org\/wp\/wordpress\/wps\/wp-json\/wp\/v2\/pages\/4360\/revisions"}],"predecessor-version":[{"id":4363,"href":"https:\/\/icwpredflag.org\/wp\/wordpress\/wps\/wp-json\/wp\/v2\/pages\/4360\/revisions\/4363"}],"up":[{"embeddable":true,"href":"https:\/\/icwpredflag.org\/wp\/wordpress\/wps\/wp-json\/wp\/v2\/pages\/4335"}],"wp:featuredmedia":[{"embeddable":true,"href":"https:\/\/icwpredflag.org\/wp\/wordpress\/wps\/wp-json\/wp\/v2\/media\/3638"}],"wp:attachment":[{"href":"https:\/\/icwpredflag.org\/wp\/wordpress\/wps\/wp-json\/wp\/v2\/media?parent=4360"}],"curies":[{"name":"wp","href":"https:\/\/api.w.org\/{rel}","templated":true}]}}