{"id":4673,"date":"2019-10-04T03:27:35","date_gmt":"2019-10-04T03:27:35","guid":{"rendered":"https:\/\/icwpredflag.org\/wp\/wordpress\/wps\/?page_id=4673"},"modified":"2019-10-04T03:33:45","modified_gmt":"2019-10-04T03:33:45","slug":"contestemos-la-violencia-xenofoba-movilizandonos-para-el-comunismo","status":"publish","type":"page","link":"https:\/\/icwpredflag.org\/wp\/wordpress\/wps\/volumen-10-numero-12\/contestemos-la-violencia-xenofoba-movilizandonos-para-el-comunismo\/","title":{"rendered":"Contestemos la Violencia Xen\u00f3foba Moviliz\u00e1ndonos para el Comunismo"},"content":{"rendered":"<h3 style=\"text-align: center;\"><span style=\"color: #ff0000;\">Ataquemos a nuestro Enemigo de Clase, no a Nuestra Familia Obrera<\/span><\/h3>\n<p style=\"text-align: justify;\">Sud\u00e1frica \u2014 Recientemente, algunos sudafricanos han atacado a trabajadores procedentes de otros pa\u00edses africanos, en particular Nigeria y Zimbabwe. Comenzaron en Pretoria y se extendieron a Johannesburgo. Los inmigrantes africanos han sido atacados f\u00edsicamente y han destrozado sus peque\u00f1as tiendas y hogares. \u00a1Siete personas fueron asesinadas!<\/p>\n<p style=\"text-align: justify;\">Algunas personas de Nigeria y otros pa\u00edses han respondido de la misma manera en Sud\u00e1frica, as\u00ed como en otros pa\u00edses. El equipo nacional de f\u00fatbol de Zambia cancel\u00f3 un partido amistoso contra Sud\u00e1frica. Los nigerianos han comenzado a atacar a las empresas sudafricanas y amenazar a los sudafricanos que viven en su pa\u00eds con violencia, exacerbando las divisiones de la clase trabajadora.<\/p>\n<p style=\"text-align: justify;\">La crisis del capitalismo, con su creciente explotaci\u00f3n y desempleo, est\u00e1 creando un sufrimiento masivo para la clase obrera en todo el mundo. La explotaci\u00f3n del capitalismo de los trabajadores no hace excepciones basadas en el color de la piel. Solo beneficia a la clase capitalista a expensas de las masas. Los capitalistas compiten entre s\u00ed pero tienen en com\u00fan la explotaci\u00f3n de la clase trabajadora.<\/p>\n<p style=\"text-align: justify;\">Su necesidad de competir y dividir a la clase trabajadora los llev\u00f3 a crear fronteras y pa\u00edses modernos. Las fronteras africanas fueron trazadas en la Conferencia de Berl\u00edn en Alemania por las principales potencias imperialistas hace 130 a\u00f1os.<\/p>\n<p style=\"text-align: justify;\">La crisis capitalista y la explotaci\u00f3n han obligado a los trabajadores a trasladarse a otras \u00e1reas o pa\u00edses para mantener a sus familias. Ning\u00fan pa\u00eds se escapa a esta explotaci\u00f3n. Las dificultades est\u00e1n empeorando en todas partes, aunque con diversos grados. Esto produce la migraci\u00f3n.<\/p>\n<p style=\"text-align: justify;\">Hay 2.3 millones de inmigrantes en Sud\u00e1frica. La mayor\u00eda son trabajadores de otros pa\u00edses africanos, principalmente de Zimbabwe. La propaganda de los capitalistas quiere que los trabajadores dom\u00e9sticos (nativos) piensen que los inmigrantes son diferentes simplemente porque provienen de otro lugar, para dividir a la clase trabajadora y echarle la culpa de las dificultades a los \u201cextranjeros\u201d.<\/p>\n<p style=\"text-align: justify;\">Esta propaganda ha sido promovida para que los trabajadores piensen que si no tienen trabajo es porque \u201cestos extranjeros\u201d los han tomado. Esto empuja a los trabajadores a luchar entre ellos de una manera fea, como los recientes ataques violentos xen\u00f3fobos contra ciudadanos extranjeros.<\/p>\n<p style=\"text-align: justify;\">Resolver este problema significa destruir el nacionalismo, las fronteras y las naciones. La causa es el sistema salarial capitalista que antepone trabajador contra trabajador para competir por menos empleos existentes y por salarios m\u00e1s bajos. Su automatizaci\u00f3n significa que menos trabajadores producen m\u00e1s mercanc\u00edas mientras el desempleo masivo se dispara.<\/p>\n<p style=\"text-align: justify;\">Para luchar contra estos ataques, debemos luchar contra el capitalismo. Los obreros deben unirse contra los patrones y pelear por una sociedad comunista sin explotaci\u00f3n, donde los medios de producci\u00f3n sean propiedad colectiva. Todos los trabajadores ser\u00e1n bienvenidos en todas partes para ayudar a planificar, producir y distribuir todo lo que las masas necesitan. Nadie ser\u00e1 un \u201cextranjero\u201d.<\/p>\n<p style=\"text-align: justify;\">Esto requiere cooperaci\u00f3n, no divisi\u00f3n; colectividad no salarios o dinero. La posibilidad y la necesidad de lucha de una clase obrera unida contra la explotaci\u00f3n existen ahora. Los trabajadores somos m\u00e1s similares que diferentes.<\/p>\n<p style=\"text-align: justify;\">Es fundamental para acabar con el capitalismo ver que la propaganda racista y xen\u00f3foba de los capitalistas es una mentira.<\/p>\n<p style=\"text-align: justify;\">El PCOI invita a los trabajadores a un\u00edrsenos para acabar con el capitalismo luchando por una revoluci\u00f3n comunista. Movilizamos a las masas mediante la distribuci\u00f3n de las ideas y luchas comunistas de los trabajadores mediante nuestro peri\u00f3dico <strong><em>Bandera Roja<\/em><\/strong> en todos los pa\u00edses posibles. Los avances realizados en muchos pa\u00edses muestran el potencial de la clase obrera unida internacionalmente.<\/p>\n<p style=\"text-align: justify;\">En Sud\u00e1frica estamos luchando contra estos ataques xen\u00f3fobos y propaganda capitalista reclutando estudiantes extranjeros. Un estudiante de Lesotho es parte de nuestra lectura colectiva de <strong><em>Bandera Roja<\/em><\/strong>. Buscamos reclutar a nuestros hermanos y hermanas de clase trabajadora de otros pa\u00edses como Zimbabwe. Una pareja lee <strong><em>Bandera Roja<\/em><\/strong>.<\/p>\n<p style=\"text-align: justify;\">\u00a1Condenamos la violencia dirigida a la gente trabajadora! Hacemos un llamado para que esta sea dirigida a nuestro enemigo de clase, los capitalistas. Eso comienza con unirse a la lucha por el comunismo.<\/p>\n<h4 style=\"text-align: justify;\"><a href=\"https:\/\/icwpredflag.org\/wp\/wordpress\/wps\/volumen-10-numero-12\/\">Primera p\u00e1gina de esta edici\u00f3n<\/a><\/h4>\n","protected":false},"excerpt":{"rendered":"<p>Ataquemos a nuestro Enemigo de Clase, no a Nuestra Familia Obrera Sud\u00e1frica \u2014 Recientemente, algunos sudafricanos han atacado a trabajadores procedentes de otros pa\u00edses africanos, en particular Nigeria y Zimbabwe. Comenzaron en Pretoria y se extendieron a Johannesburgo. Los inmigrantes africanos han sido atacados f\u00edsicamente y han destrozado sus peque\u00f1as tiendas y hogares. \u00a1Siete personas &hellip; <a href=\"https:\/\/icwpredflag.org\/wp\/wordpress\/wps\/volumen-10-numero-12\/contestemos-la-violencia-xenofoba-movilizandonos-para-el-comunismo\/\" class=\"more-link\">Sigue leyendo <span class=\"screen-reader-text\">Contestemos la Violencia Xen\u00f3foba Moviliz\u00e1ndonos para el Comunismo<\/span><\/a><\/p>\n","protected":false},"author":1,"featured_media":3638,"parent":4639,"menu_order":0,"comment_status":"closed","ping_status":"closed","template":"","meta":{"footnotes":""},"class_list":["post-4673","page","type-page","status-publish","has-post-thumbnail","hentry"],"_links":{"self":[{"href":"https:\/\/icwpredflag.org\/wp\/wordpress\/wps\/wp-json\/wp\/v2\/pages\/4673","targetHints":{"allow":["GET"]}}],"collection":[{"href":"https:\/\/icwpredflag.org\/wp\/wordpress\/wps\/wp-json\/wp\/v2\/pages"}],"about":[{"href":"https:\/\/icwpredflag.org\/wp\/wordpress\/wps\/wp-json\/wp\/v2\/types\/page"}],"author":[{"embeddable":true,"href":"https:\/\/icwpredflag.org\/wp\/wordpress\/wps\/wp-json\/wp\/v2\/users\/1"}],"replies":[{"embeddable":true,"href":"https:\/\/icwpredflag.org\/wp\/wordpress\/wps\/wp-json\/wp\/v2\/comments?post=4673"}],"version-history":[{"count":3,"href":"https:\/\/icwpredflag.org\/wp\/wordpress\/wps\/wp-json\/wp\/v2\/pages\/4673\/revisions"}],"predecessor-version":[{"id":4678,"href":"https:\/\/icwpredflag.org\/wp\/wordpress\/wps\/wp-json\/wp\/v2\/pages\/4673\/revisions\/4678"}],"up":[{"embeddable":true,"href":"https:\/\/icwpredflag.org\/wp\/wordpress\/wps\/wp-json\/wp\/v2\/pages\/4639"}],"wp:featuredmedia":[{"embeddable":true,"href":"https:\/\/icwpredflag.org\/wp\/wordpress\/wps\/wp-json\/wp\/v2\/media\/3638"}],"wp:attachment":[{"href":"https:\/\/icwpredflag.org\/wp\/wordpress\/wps\/wp-json\/wp\/v2\/media?parent=4673"}],"curies":[{"name":"wp","href":"https:\/\/api.w.org\/{rel}","templated":true}]}}