{"id":4794,"date":"2019-10-18T00:03:38","date_gmt":"2019-10-18T00:03:38","guid":{"rendered":"https:\/\/icwpredflag.org\/wp\/wordpress\/wps\/?page_id=4794"},"modified":"2019-10-18T00:15:28","modified_gmt":"2019-10-18T00:15:28","slug":"deshacerse-de-trump-deshagamonos-del-capitalismo","status":"publish","type":"page","link":"https:\/\/icwpredflag.org\/wp\/wordpress\/wps\/volumen-10-numero-13\/deshacerse-de-trump-deshagamonos-del-capitalismo\/","title":{"rendered":"\u00bfDeshacerse de Trump? \u00a1Deshag\u00e1monos del Capitalismo!"},"content":{"rendered":"<h3 style=\"text-align: center;\"><span style=\"color: #ff0000;\"><strong>Trabajadores y Soldados Necesitan Luchar por el Poder Comunista<\/strong><\/span><\/h3>\n<p style=\"text-align: justify;\">LOS \u00c1NGELES (EE. UU.), 6 de octubre: \u201c\u00bfPor qu\u00e9 ahora?\u201d, Pregunt\u00f3 un chofer de autobuses de Los \u00c1ngeles. \u201c\u00bfPor qu\u00e9 ellos [los dem\u00f3cratas] no le hicieron un juicio pol\u00edtico a Trump despu\u00e9s del reporte de Mueller?\u201d<\/p>\n<p style=\"text-align: justify;\">Buena pregunta.<\/p>\n<p style=\"text-align: justify;\">\u00bfY por qu\u00e9 no despu\u00e9s de que el gobierno de Trump puso a los ni\u00f1os en jaulas? \u00bfLes prohibiera a los musulmanes ingresar a los Estados Unidos? \u00bfLes diera exenciones de impuestos a las grandes corporaciones y a las personas m\u00e1s ricas al mismo tiempo que reduc\u00eda los programas que ayudaban a trabajadores con problemas de vivienda, comida y atenci\u00f3n m\u00e9dica?<\/p>\n<p style=\"text-align: justify;\">\u00bfPor qu\u00e9 no despu\u00e9s de que Trump dijo que hab\u00eda \u201cbuenas personas de ambos lados\u201d de la confrontaci\u00f3n de Charlottesville cuando un lado consist\u00eda en racistas y neonazis declarados?<\/p>\n<p style=\"text-align: justify;\">Trump puede atacar a la clase obrera y no es enjuiciado pol\u00edticamente, pero si se tira con Joe Biden, la cosa cambia.<\/p>\n<p style=\"text-align: justify;\">El operador del autob\u00fas respondi\u00f3 a su propia pregunta: \u201cEl reporte Mueller parec\u00eda complicado. Pero Trump le pidi\u00f3 al presidente de Ucrania ayuda contra Biden en las elecciones de 2020. La gente puede entender eso\u201d.<\/p>\n<p style=\"text-align: justify;\">Pero el Partido Dem\u00f3crata no estaba enojado solamente porque Trump atacaba a \u201cuno de los suyos\u201d. O incluso porque piensan que los capitalistas rusos le ayudaron a Trump a robarse las elecciones de 2016. O porque est\u00e1 tratando abiertamente de conseguir que capitalistas extranjeros roben para \u00e9l las elecciones de 2020.<\/p>\n<p style=\"text-align: justify;\">Los art\u00edculos \u201creales\u201d de juicio pol\u00edtico ser\u00edan:<\/p>\n<ol style=\"text-align: justify;\">\n<li>La pol\u00edtica exterior err\u00e1tica y ego\u00edsta de Trump est\u00e1 contribuyendo al declive del imperio y poder global de los EE. UU.<\/li>\n<li>Sus pol\u00edticas econ\u00f3micas inconsistentes (incluidas las guerras comerciales) est\u00e1n desestabilizando el entorno empresarial y magnificando la crisis actual del capitalismo.<\/li>\n<li>Su corrupci\u00f3n desvergonzada socava la confianza p\u00fablica en el sistema pol\u00edtico capitalista y el \u201cestado de derecho\u201d capitalista.<\/li>\n<\/ol>\n<p style=\"text-align: justify;\"><strong>El Enemigo de Tu Enemigo No es Siempre Tu Amigo<\/strong><\/p>\n<p style=\"text-align: justify;\">El racista de Trump le puso una recompensa a las cabezas de los 5 del Parque Central (adolescentes negros y latinos los cuales despu\u00e9s de pasar a\u00f1os en la c\u00e1rcel fueron exonerados por la violaci\u00f3n\/asesinato de una mujer blanca) y exigi\u00f3 su ejecuci\u00f3n. Pero el enemigo de Trump, Joe Biden, no es amigo de la clase trabajadora.<\/p>\n<p style=\"text-align: justify;\">Por ejemplo, Biden desempe\u00f1\u00f3 un papel dirigente en la aprobaci\u00f3n de las leyes que crearon el sistema estadounidense de encarcelamiento racista masivo. La candidata presidencial Kamala Harris tambi\u00e9n hizo su parte como fiscal y fiscal general del estado de California.<\/p>\n<p style=\"text-align: justify;\">Hoy, los Estados Unidos (con el 5% de la poblaci\u00f3n mundial) tiene el 25% de los presos del mundo. Los negros son el 12% de la poblaci\u00f3n estadounidense, pero el 33% de los encarcelados.<\/p>\n<p style=\"text-align: justify;\">El sexismo es una herramienta poderosa que los capitalistas usan para dividir a la clase trabajadora. Trump se jact\u00f3 de que pod\u00eda salirse con la suya amarr\u00e1ndoles los genitales a las mujeres. Claramente considera a las mujeres como objetos sexuales o sirvientas.<\/p>\n<p style=\"text-align: justify;\">Pero Biden escribi\u00f3 en 1981 que las guarder\u00edas infantiles eran \u201cmonumentos a nuestra creciente falta de voluntad para aceptar la responsabilidad personal\u201d. En 2006 dijo que no ve\u00eda el aborto como \u201cuna opci\u00f3n y un derecho&#8230; es siempre una tragedia\u201d.<\/p>\n<p style=\"text-align: justify;\">Las mujeres en Estados Unidos tienen un 35 por ciento m\u00e1s de probabilidades que los hombres de caer por debajo de la muy baja \u201cl\u00ednea de pobreza\u201d oficial. Las madres solteras enfrentan el mayor riesgo.<\/p>\n<p style=\"text-align: justify;\">Sin embargo, el candidato dem\u00f3crata Andrew Yang dice que la \u201cmejor manera\u201d de ayudarlas ser\u00eda darles un cheque mensual de mil d\u00f3lares. Aunque ese cheque no reemplazara otra asistencia del gobierno, \u00a1es menos que el costo promedio de la guarder\u00eda!<\/p>\n<p style=\"text-align: justify;\">\u201cSoy capitalista\u201d, declar\u00f3 la dem\u00f3crata Elizabeth Warren. \u201cCreo en los mercados. &#8230; Son los que nos hacen ricos, son los que crean oportunidades. Pero solo mercados justos, mercados con reglas\u201d.<\/p>\n<p style=\"text-align: justify;\">Trabajadores y j\u00f3venes, no miremos al Partido Dem\u00f3crata para asegurar nuestro futuro.<\/p>\n<p style=\"text-align: justify;\">El comunismo, no el capitalismo, crear\u00e1 oportunidades para nosotros. Terminar\u00e1 los mercados, especialmente el \u201cmercado laboral\u201d, donde nos vemos obligados a vender nuestra fuerza de trabajo por d\u00eda o por hora. En cambio, contribuiremos nuestro trabajo libremente por el bien colectivo. Obtendremos lo que necesitamos sin requerir salarios para pagarlo.<\/p>\n<p style=\"text-align: justify;\"><strong>\u00bfOtra Guerra Civil en Estados Unidos?<\/strong><\/p>\n<p style=\"text-align: justify;\">Trump retuite\u00f3 una declaraci\u00f3n de que acusarlo crear\u00eda una \u201cdivisi\u00f3n tipo Guerra Civil en esta Naci\u00f3n\u201d. M\u00e1s tarde agreg\u00f3 que \u201clo que est\u00e1 ocurriendo no es un juicio pol\u00edtico, es un Golpe de Estado, destinado a quitarle el Poder al Pueblo, su VOTO \u201c, etc., etc.<\/p>\n<p style=\"text-align: justify;\">La representante Maxine Waters y otros advierten que los partidarios incondicionales de Trump podr\u00edan no aceptar su juicio pol\u00edtico o incluso una derrota electoral. Muchos tienen armas y algunos est\u00e1n organizados en milicias. Seg\u00fan los informes, estas milicias est\u00e1n tomando los tweets de Trump literalmente.<\/p>\n<p style=\"text-align: justify;\">\u00bfD\u00f3nde se ubicar\u00eda el ej\u00e9rcito estadounidense? No somos los \u00fanicos que estamos pensando en eso y no tenemos una respuesta.<\/p>\n<p style=\"text-align: justify;\">Pero s\u00ed sabemos esto: si nuestro Partido tuviera una base comunista mucho m\u00e1s amplia y profunda en el Ej\u00e9rcito y la Guardia Nacional de los EE. UU., el conflicto cada vez m\u00e1s agudo dentro de la clase dominante de EE. UU. crear\u00eda una apertura para la revoluci\u00f3n comunista.<\/p>\n<p style=\"text-align: justify;\">Debemos tomar mucho m\u00e1s en serio nuestra responsabilidad de construir esa base, comenzando ahora.<\/p>\n<div class=\"grey\">\n<h4 style=\"text-align: center;\"><span style=\"color: #ff0000;\"><strong>\u00bfSer\u00e1 Enjuiciado Trump por Sabotear el Imperialismo<\/strong><\/span><\/h4>\n<h4 style=\"text-align: center;\"><span style=\"color: #ff0000;\"><strong>Estadounidense?<\/strong><\/span><\/h4>\n<p style=\"text-align: justify;\">9 de octubre: Trump, cediendo a la presi\u00f3n del presidente de Turqu\u00eda, Erdogan, dijo que permitir\u00eda que Turqu\u00eda expulse a las fuerzas kurdas del norte de Siria. Este ataque sangriento ya comenz\u00f3. De repente, toda la clase dominante de EEUU., desde la congresista \u201cradical\u201d Ilhan Omar hasta el l\u00edder de la mayor\u00eda del Senado, Mitch McConnell, parece concordar.<\/p>\n<p style=\"text-align: justify;\">Los gobernantes estadounidenses han traicionado a sus aliados kurdos muchas veces antes. Esta vez, la propuesta de Trump de retirar todas las tropas estadounidenses de Siria fue un gran regalo para el presidente Assad y sus partidarios rusos. El Estado Isl\u00e1mico (ISIS) tambi\u00e9n debe estar festejando.<\/p>\n<p style=\"text-align: justify;\">Pueda que Trump cambie su opini\u00f3n de nuevo, como lo hizo cuando cambi\u00f3 de opini\u00f3n en el \u00faltimo minuto de bombardear a Ir\u00e1n. Pero \u201cqu\u00e9 aliado puede ver a EE.UU. ahora y ver a un socio incondicional\u201d, pregunt\u00f3 el diario New York Times. \u201c\u00bfQu\u00e9 enemigo puede mirarlo y temer a un adversario decidido?\u201d<\/p>\n<p style=\"text-align: justify;\">Un columnista lo resumi\u00f3: \u201cOtro ejemplo de la pol\u00edtica exterior [que Trump] ha manejado desde la Casa Blanca, que ha abandonado en gran medida los elaborados sistemas creados desde los d\u00edas del presidente Harry Truman\u201d.<\/p>\n<p style=\"text-align: justify;\">Es decir, Trump est\u00e1 destruyendo las bases de 70 a\u00f1os del imperialismo estadounidense.<\/p>\n<p style=\"text-align: justify;\">A diferencia de Omar, McConnell y el New York Times, no derramamos l\u00e1grimas por este imperio asesino, guerreador y hambriento de ganancias. No tenemos ilusiones de que las tropas estadounidenses hacen que el mundo sea m\u00e1s seguro para los trabajadores.<\/p>\n<p style=\"text-align: justify;\">Nosotros, la clase obrera internacional, debemos destruir a todos los capitalistas e imperialistas con la revoluci\u00f3n comunista. Su crisis es nuestra oportunidad.<\/p>\n<\/div>\n<h4><a href=\"https:\/\/icwpredflag.org\/wp\/wordpress\/wps\/volumen-10-numero-13\/\">Primera p\u00e1gina de esta edici\u00f3n<\/a><\/h4>\n<div id=\"gtx-trans\" style=\"position: absolute; left: 28px; top: 3215px;\">\n<div class=\"gtx-trans-icon\"><\/div>\n<\/div>\n","protected":false},"excerpt":{"rendered":"<p>Trabajadores y Soldados Necesitan Luchar por el Poder Comunista LOS \u00c1NGELES (EE. UU.), 6 de octubre: \u201c\u00bfPor qu\u00e9 ahora?\u201d, Pregunt\u00f3 un chofer de autobuses de Los \u00c1ngeles. \u201c\u00bfPor qu\u00e9 ellos [los dem\u00f3cratas] no le hicieron un juicio pol\u00edtico a Trump despu\u00e9s del reporte de Mueller?\u201d Buena pregunta. \u00bfY por qu\u00e9 no despu\u00e9s de que el &hellip; <a href=\"https:\/\/icwpredflag.org\/wp\/wordpress\/wps\/volumen-10-numero-13\/deshacerse-de-trump-deshagamonos-del-capitalismo\/\" class=\"more-link\">Sigue leyendo <span class=\"screen-reader-text\">\u00bfDeshacerse de Trump? \u00a1Deshag\u00e1monos del Capitalismo!<\/span><\/a><\/p>\n","protected":false},"author":1,"featured_media":5655,"parent":4760,"menu_order":0,"comment_status":"closed","ping_status":"closed","template":"","meta":{"footnotes":""},"class_list":["post-4794","page","type-page","status-publish","has-post-thumbnail","hentry"],"_links":{"self":[{"href":"https:\/\/icwpredflag.org\/wp\/wordpress\/wps\/wp-json\/wp\/v2\/pages\/4794","targetHints":{"allow":["GET"]}}],"collection":[{"href":"https:\/\/icwpredflag.org\/wp\/wordpress\/wps\/wp-json\/wp\/v2\/pages"}],"about":[{"href":"https:\/\/icwpredflag.org\/wp\/wordpress\/wps\/wp-json\/wp\/v2\/types\/page"}],"author":[{"embeddable":true,"href":"https:\/\/icwpredflag.org\/wp\/wordpress\/wps\/wp-json\/wp\/v2\/users\/1"}],"replies":[{"embeddable":true,"href":"https:\/\/icwpredflag.org\/wp\/wordpress\/wps\/wp-json\/wp\/v2\/comments?post=4794"}],"version-history":[{"count":5,"href":"https:\/\/icwpredflag.org\/wp\/wordpress\/wps\/wp-json\/wp\/v2\/pages\/4794\/revisions"}],"predecessor-version":[{"id":4799,"href":"https:\/\/icwpredflag.org\/wp\/wordpress\/wps\/wp-json\/wp\/v2\/pages\/4794\/revisions\/4799"}],"up":[{"embeddable":true,"href":"https:\/\/icwpredflag.org\/wp\/wordpress\/wps\/wp-json\/wp\/v2\/pages\/4760"}],"wp:featuredmedia":[{"embeddable":true,"href":"https:\/\/icwpredflag.org\/wp\/wordpress\/wps\/wp-json\/wp\/v2\/media\/5655"}],"wp:attachment":[{"href":"https:\/\/icwpredflag.org\/wp\/wordpress\/wps\/wp-json\/wp\/v2\/media?parent=4794"}],"curies":[{"name":"wp","href":"https:\/\/api.w.org\/{rel}","templated":true}]}}