{"id":5707,"date":"2020-04-11T20:18:07","date_gmt":"2020-04-11T20:18:07","guid":{"rendered":"https:\/\/icwpredflag.org\/wp\/wordpress\/wps\/?page_id=5707"},"modified":"2020-04-12T00:18:16","modified_gmt":"2020-04-12T00:18:16","slug":"luchemos-por-el-poder-obrero-comunista-ahora","status":"publish","type":"page","link":"https:\/\/icwpredflag.org\/wp\/wordpress\/wps\/volumen-11-numero-4\/luchemos-por-el-poder-obrero-comunista-ahora\/","title":{"rendered":"Luchemos por el Poder Obrero Comunista Ahora"},"content":{"rendered":"<p><img loading=\"lazy\" decoding=\"async\" class=\"wp-image-5664 aligncenter\" src=\"https:\/\/icwpredflag.org\/wp\/wordpress\/wps\/wp-content\/uploads\/sites\/2\/2020\/04\/chicagocarav-300x223.jpg\" alt=\"\" width=\"704\" height=\"523\" srcset=\"https:\/\/icwpredflag.org\/wp\/wordpress\/wps\/wp-content\/uploads\/sites\/2\/2020\/04\/chicagocarav-300x223.jpg 300w, https:\/\/icwpredflag.org\/wp\/wordpress\/wps\/wp-content\/uploads\/sites\/2\/2020\/04\/chicagocarav.jpg 375w\" sizes=\"auto, (max-width: 704px) 100vw, 704px\" \/><\/p>\n<p style=\"text-align: justify;\"><strong>Chicago, EE.UU. Caravana de solidaridad con los prisioneros del Cook County, demandando que los liberen debido a que es uno de los lugares de mayor contaminaci\u00f3n del Covid-19.<\/strong><\/p>\n<h3 style=\"text-align: center;\"><span style=\"color: #ff0000;\"><strong>\u201c\u00a1Todos Nosotros o Nadie!\u201d El Comunismo Significa \u201cPersonas, No Ganancias\u201d<\/strong><\/span><\/h3>\n<p style=\"text-align: justify;\">El mundo ya ha cambiado. Incluso antes de que la lucha contra el coronavirus alcanzara su punto \u00e1lgido nuestras perspectivas hab\u00edan cambiado dr\u00e1sticamente. Y cambiar\u00e1n a\u00fan m\u00e1s en los pr\u00f3ximos d\u00edas y semanas.<\/p>\n<p style=\"text-align: justify;\">Hoy, como ayer y anteayer, millones de trabajadores de la salud, desde m\u00e9dicos hasta conserjes, ingresaron a trabajar \u201cen las l\u00edneas de combate\u201d en el esfuerzo primero de contener y eventualmente derrotar el virus mortal.<\/p>\n<p style=\"text-align: justify;\">Su compromiso es aplaudido por millones con ollas y sartenes o manifestaciones de aplausos desde sus lugares de \u201cencierro domestico\u201d.<\/p>\n<p style=\"text-align: justify;\">Independientemente de lo que est\u00e9n haciendo, los pies de estos trabajadores de la salud, apresur\u00e1ndose a trabajar, est\u00e1n pisoteando la \u201csagrada\u201d noci\u00f3n de que la b\u00fasqueda de ganancias privadas es la fuerza motriz de la humanidad. Conscientemente o no, est\u00e1n desechando una idea central de la cultura capitalista (trabaja duro y avanza mas que tu clase) y est\u00e1n planteando una idea central de la cultura comunista (todos nosotros o nadie).<\/p>\n<p style=\"text-align: justify;\">Est\u00e1n anteponiendo las personas a las ganancias. Eso es un comienzo. Sus pies y manos siguen sus sentimientos. Sin embargo, tenemos que seguir adelante. Tenemos que avanzar de la idea hermosa pero idealista de personas antes que las ganancias a la idea revolucionaria y realista de personas, no ganancias.<\/p>\n<p style=\"text-align: justify;\">Durante los \u00faltimos 30 a\u00f1os o m\u00e1s, las principales econom\u00edas del mundo han estado batallando para revertir la ca\u00edda de la tasa de ganancia. Cualquier victoria obtenida ha sido de corta duraci\u00f3n. Peor a\u00fan, cada estrategia adoptada ha profundizado la crisis que enfrentamos hoy.<\/p>\n<p style=\"text-align: justify;\">En el cuidado de la salud, por ejemplo, recortaron las camas de hospital. 90% de ocupaci\u00f3n significa m\u00e1s ganancias. Reducen los suministros (como los ventiladores, por ejemplo) justo a tiempo, obteniendo m\u00e1s ganancias. Reducen el personal para obtener m\u00e1s ganancias. Y los gobiernos cortaron servicios como los de los centros de control y prevenci\u00f3n de enfermedades. Reducen al m\u00e1ximo los gastos de los hogares para ancianos para obtener m\u00e1s ganancias. Los grandes laboratorios reh\u00fasan desarrollar vacunas porque fabricar p\u00edldoras recetadas genera m\u00e1s ganancias<\/p>\n<p style=\"text-align: justify;\">Treinta a\u00f1os de recortes y ardides para obtener m\u00e1s ganancias. Treinta a\u00f1os debilitando las defensas contra una amenaza viral que sab\u00edan llegar\u00eda tan seguramente como terremotos en Chile o California.<\/p>\n<p style=\"text-align: justify;\">Como resultado, 1,700 millones de personas viven ahora bajo alguna forma de autoaislamiento. Eso es casi una cuarta parte de la poblaci\u00f3n mundial. Sin embargo, la verdadera amenaza de este virus yace las 3 cuartas partes de la poblaci\u00f3n mundial que no vive bajo el autoaislamiento.<\/p>\n<p style=\"text-align: justify;\">Viven en favelas y barriadas tan abarrotadas que el autoaislamiento es imposible. Viven en municipios o campamentos de refugiados donde agua potable est\u00e1 a kil\u00f3metro y medio de distancia. Cuando el virus penetre esos vecindarios, ser\u00e1 imparable.<\/p>\n<p style=\"text-align: justify;\">Estas \u00e1reas densamente pobladas y mal atendidas no son accidentales. Son el resultado de la b\u00fasqueda implacable, de mano de obra cada vez m\u00e1s barata, por capitalistas multinacionales y globales para obtener m\u00e1s ganancias.<\/p>\n<p style=\"text-align: justify;\">Por lo tanto, conforme estos millones de trabajadores de la salud caminan hacia su cambio de turno, protestan contra el mundo creado por los fabricantes de ganancias privadas. \u201cLas ideas\u201d, escribi\u00f3 una vez Marx, \u201cuna vez tomadas por las masas se convierten en una fuerza material\u201d.<\/p>\n<p style=\"text-align: justify;\">Cu\u00e1n poderosa ser\u00e1 esa fuerza est\u00e1 a\u00fan por verse. Sin embargo, tenemos algunas ideas. Los trabajadores saben que es una larga batalla que han decidido pelear. No han decidido solos sino con familiares y compa\u00f1eros de trabajo. No solo van a trabajar. \u00a1Ahora son una fuerza social que en este mundo capitalista de perro-come-perro antepone sobre todo no las ganancias sino la vida humana!<\/p>\n<p style=\"text-align: justify;\">Ya han cambiado los l\u00edmites del debate pol\u00edtico. \u00a1De esta lucha es donde vendr\u00e1n los futuros l\u00edderes de nuestra revoluci\u00f3n comunista!<\/p>\n<h3 style=\"text-align: center;\"><span style=\"color: #ff0000;\"><strong>Los Trabajadores Tienen el Poder para Destruir este Sistema Racista<\/strong><\/span><\/h3>\n<p style=\"text-align: justify;\">Le\u00ed recientemente que \u201cel virus est\u00e1 mejorando lo que ya est\u00e1 dentro de cada persona\u201d. Lo mismo es cierto cuando destacamos el ineficiente sistema de atenci\u00f3n m\u00e9dica. Las grandes diferencias en el cuidado de salud no son el resultado del descuido de los trabajadores de la salud, sino un sistema lleno de capas y barreras.<\/p>\n<p style=\"text-align: justify;\">Siempre he pensado en el Gobierno como el Gran Mago de Oz, pero igual que Oz es una tierra imaginaria que realmente no existe y no est\u00e1 construida para ayudar a nadie. Cuando abres el tel\u00f3n, lo que encuentras es que lo que crees que es grandeza simplemente es una persona en busca del poder para ayudarse personalmente.<\/p>\n<p style=\"text-align: justify;\">La buena noticia es que Dorothy descubre que ella ten\u00eda el poder todo el tiempo de tomar decisiones y hacer cambios donde ella quiera. La pandemia actual nos ha permitido abrirle el tel\u00f3n del gobierno, resaltar la falsa sensaci\u00f3n de seguridad y reexaminar nuestro papel en impulsar el cambio.<\/p>\n<p style=\"text-align: justify;\">Recientemente presenci\u00e9 personalmente c\u00f3mo un grupo de trabajadores de laboratorio decidi\u00f3 hacer a un lado la burocracia y usar sus conocimientos para impulsar el cambio. Se unieron para innovar como proporcionar pruebas de Covid-19 y distribuir recursos por cuenta propia.<\/p>\n<p style=\"text-align: justify;\">La capacidad, el equipo y el conocimiento siempre han existido para proporcionar m\u00e1s de lo que se est\u00e1 haciendo actualmente, pero los obst\u00e1culos de la burocracia han creado un cuello de botella en llevar recursos donde m\u00e1s se necesitan. Algunos jefes se han hecho de la vista gorda ante esta iniciativa porque saben que es lo correcto pero no pueden arriesgar sus puestos apoyando abiertamente el cambio. Como resultado, fingen no verlo y el esfuerzo contin\u00faa.<\/p>\n<p style=\"text-align: justify;\">Los expertos en atenci\u00f3n m\u00e9dica han reconocido que las comunidades no-blancas en \u00e1reas de bajos ingresos son las m\u00e1s afectadas. No solo por el volumen de personas, sino por un sistema en bancarrota que no ofrece acceso a la atenci\u00f3n medica. Como resultado, estas comunidades sufren muchos problemas de salud subyacentes. El coronavirus junto con un problema subyacente como la diabetes, el asma y las enfermedades card\u00edacas, que prevalecen en estas comunidades, crean una tormenta perfecta para Covid-19. Mucha gente morir\u00e1.<\/p>\n<p style=\"text-align: justify;\">Aqu\u00ed en Chicago, donde solo el 30% de las personas son negras, el 52% de los casos positivos de Covid-19 son personas negras. Un impactante 72% de los que han muerto son negros.<\/p>\n<p style=\"text-align: justify;\">Pero actualmente hay un movimiento liderado por quienes ignoran los obst\u00e1culos y las capas de la burocracia para ayudar y maximizar el acceso al cuidado medico para ayudar a los m\u00e1s vulnerables. La gente se da cuenta y se incorpora y est\u00e1 funcionando.<\/p>\n<p style=\"text-align: justify;\">Necesitamos continuar difundiendo la conciencia de que nosotros tenemos el poder para hacer cambios. Tenemos el conocimiento y podemos decidir usarlo. Todos podemos hacer nuestra parte reconociendo que el sistema est\u00e1 en bancarrota y deseando querer m\u00e1s y hacer m\u00e1s.<\/p>\n<p style=\"text-align: justify;\">Trabajadora del hospital en Chicago, EE. UU.<\/p>\n<h3 style=\"text-align: center;\"><span style=\"color: #ff0000;\"><strong>Ahora es el Momento<\/strong><\/span><\/h3>\n<p style=\"text-align: justify;\">Cuando Macron se convirti\u00f3 en presidente de Francia, hizo todo lo posible para insultar a los trabajadores. Los llam\u00f3 analfabetos, \u201clos que no son nada\u201d en contraste con su propia clase, \u201clos primeros de todos\u201d (los que triunfan). Ahora, este desprecio por los trabajadores y el desprecio por sus vidas es evidente.<\/p>\n<p style=\"text-align: justify;\">Para Boris Johnson (Reino Unido) y Bolsonaro (Brasil), la soluci\u00f3n a la pandemia es dejar que millones de personas mueran para adquirir inmunidad para el resto de la poblaci\u00f3n. De esa manera, reducir\u00edan el costo monetario de tratar y erradicar el virus.<\/p>\n<p style=\"text-align: justify;\">En cuanto a los otros gobernantes, postergaron todo el tiempo que pudieron tomar las medidas necesarias por temor a perder sus ganancias. Crearon la crisis actual, y estos llamados \u201ccapitanes de la industria que asumen riesgos\u201d se muestran como realmente son. In\u00fatil. Peligrosamente in\u00fatil. Lo \u00fanico que a\u00fan son capaces de hacer es mentir para ocultar su incompetencia y su necedad. Con todos sus contactos y su valiosa experiencia que supuestamente valen millones de d\u00f3lares, ni siquiera pueden conseguir que una f\u00e1brica produzca m\u00e1scaras de papel o hisopos simples.<\/p>\n<p style=\"text-align: justify;\">\u00bfQui\u00e9nes son realmente \u201cel primero de todos\u201d en este momento? Los m\u00e9dicos, por supuesto, pero tambi\u00e9n las enfermeras, los limpiadores, los camioneros, las personas que trabajan en los almacenes, los cajeros. Van a trabajar todos los d\u00edas, a menudo sin protecci\u00f3n, porque necesitan el dinero, pero tambi\u00e9n porque es su trabajo y lo hacen de buena gana y con orgullo. Sin ellos, todo se habr\u00eda detenido.<\/p>\n<p style=\"text-align: justify;\">Y la \u00e9lite (como piensan de s\u00ed mismos) no pod\u00eda hacer nada al respecto. Necesitan a los trabajadores. No los necesitamos Podemos manejar el mundo porque sabemos c\u00f3mo hacerlo. Lo hacemos todos los d\u00edas.<\/p>\n<p style=\"text-align: justify;\">Sin embargo, como los miembros del partido saben muy bien, es dif\u00edcil convencer a los trabajadores de unirse a nuestra lucha. \u00bfPor qu\u00e9?<\/p>\n<p style=\"text-align: justify;\">Quiz\u00e1s una raz\u00f3n es que nuestros amigos carecen de confianza en otros trabajadores. Se desaniman. Piensan que es demasiado dif\u00edcil, no alcanzable. Pero mira la situaci\u00f3n actual. Qu\u00e9 tan r\u00e1pido sucede. \u00bfQui\u00e9n lo hubiera predicho? \u00bfQui\u00e9n es atrapado sin preparaci\u00f3n? \u00bfQui\u00e9n est\u00e1 tomando la iniciativa y salvando vidas?<\/p>\n<p style=\"text-align: justify;\">Los m\u00e9dicos, las enfermeras que fabrican ventiladores con m\u00e1scaras de buceo cuando los especuladores los venden a precios exorbitantes. \u00bfQui\u00e9n se junta y cose m\u00e1scaras cuando los pol\u00edticos pasaron tres meses fingiendo que no eran \u00fatiles?<\/p>\n<p style=\"text-align: justify;\">\u00bfQui\u00e9n va todos los d\u00edas a la casa de retiro sin una m\u00e1scara porque no hay nadie m\u00e1s para cuidar a las personas mayores? Las mujeres que Macron llama analfabetas para justificar sus bajos salarios y sus p\u00e9simas condiciones de trabajo. \u00bfQui\u00e9n ayud\u00f3 a los ancianos en los guetos franceses? La juventud abandonada por un gobierno racista. \u00bfQui\u00e9n piensa en las personas sin hogar y las ayuda?<\/p>\n<p style=\"text-align: justify;\">Hacemos todo lo \u00fatil y de valor para la humanidad. nosotros cuidamos de cada uno. Ellos no hacen nada. Simplemente toman descaradamente.<\/p>\n<p style=\"text-align: justify;\">\u00a0 Recordemos el himno comunista, La Internacional:<\/p>\n<p style=\"text-align: justify;\">\u201cLos nada de hoy, todo han de ser\u201d.<\/p>\n<p style=\"text-align: justify;\">Ahora es el momento.<\/p>\n<h4><a href=\"https:\/\/icwpredflag.org\/wp\/wordpress\/wps\/volumen-11-numero-4\/\">Primera p\u00e1gina de esta edici\u00f3n<\/a><\/h4>\n","protected":false},"excerpt":{"rendered":"<p>Chicago, EE.UU. Caravana de solidaridad con los prisioneros del Cook County, demandando que los liberen debido a que es uno de los lugares de mayor contaminaci\u00f3n del Covid-19. \u201c\u00a1Todos Nosotros o Nadie!\u201d El Comunismo Significa \u201cPersonas, No Ganancias\u201d El mundo ya ha cambiado. Incluso antes de que la lucha contra el coronavirus alcanzara su punto &hellip; <a href=\"https:\/\/icwpredflag.org\/wp\/wordpress\/wps\/volumen-11-numero-4\/luchemos-por-el-poder-obrero-comunista-ahora\/\" class=\"more-link\">Sigue leyendo <span class=\"screen-reader-text\">Luchemos por el Poder Obrero Comunista Ahora<\/span><\/a><\/p>\n","protected":false},"author":1,"featured_media":5655,"parent":5669,"menu_order":0,"comment_status":"closed","ping_status":"closed","template":"","meta":{"footnotes":""},"class_list":["post-5707","page","type-page","status-publish","has-post-thumbnail","hentry"],"_links":{"self":[{"href":"https:\/\/icwpredflag.org\/wp\/wordpress\/wps\/wp-json\/wp\/v2\/pages\/5707","targetHints":{"allow":["GET"]}}],"collection":[{"href":"https:\/\/icwpredflag.org\/wp\/wordpress\/wps\/wp-json\/wp\/v2\/pages"}],"about":[{"href":"https:\/\/icwpredflag.org\/wp\/wordpress\/wps\/wp-json\/wp\/v2\/types\/page"}],"author":[{"embeddable":true,"href":"https:\/\/icwpredflag.org\/wp\/wordpress\/wps\/wp-json\/wp\/v2\/users\/1"}],"replies":[{"embeddable":true,"href":"https:\/\/icwpredflag.org\/wp\/wordpress\/wps\/wp-json\/wp\/v2\/comments?post=5707"}],"version-history":[{"count":4,"href":"https:\/\/icwpredflag.org\/wp\/wordpress\/wps\/wp-json\/wp\/v2\/pages\/5707\/revisions"}],"predecessor-version":[{"id":5747,"href":"https:\/\/icwpredflag.org\/wp\/wordpress\/wps\/wp-json\/wp\/v2\/pages\/5707\/revisions\/5747"}],"up":[{"embeddable":true,"href":"https:\/\/icwpredflag.org\/wp\/wordpress\/wps\/wp-json\/wp\/v2\/pages\/5669"}],"wp:featuredmedia":[{"embeddable":true,"href":"https:\/\/icwpredflag.org\/wp\/wordpress\/wps\/wp-json\/wp\/v2\/media\/5655"}],"wp:attachment":[{"href":"https:\/\/icwpredflag.org\/wp\/wordpress\/wps\/wp-json\/wp\/v2\/media?parent=5707"}],"curies":[{"name":"wp","href":"https:\/\/api.w.org\/{rel}","templated":true}]}}