{"id":7086,"date":"2021-01-09T01:41:33","date_gmt":"2021-01-09T01:41:33","guid":{"rendered":"https:\/\/icwpredflag.org\/wp\/wordpress\/wps\/?page_id=7086"},"modified":"2021-01-09T01:54:50","modified_gmt":"2021-01-09T01:54:50","slug":"docentes-de-seattle-luchan-contra-las-inseguras-ordenes-capitalistas-de-reabrir-las-escuelas","status":"publish","type":"page","link":"https:\/\/icwpredflag.org\/wp\/wordpress\/wps\/volumen-11-numero-17\/docentes-de-seattle-luchan-contra-las-inseguras-ordenes-capitalistas-de-reabrir-las-escuelas\/","title":{"rendered":"Docentes de Seattle Luchan Contra las Inseguras \u00d3rdenes Capitalistas de Reabrir  las Escuelas"},"content":{"rendered":"<h3 style=\"text-align: center;\"><span style=\"color: #ff0000;\"><strong>Apoyamos a los Maestros Que Quieren Lanzarse a Huelga por la Seguridad: <\/strong><strong>La Justificaci\u00f3n para Reabrir las Escuelas Expone la Necesidad de una Educaci\u00f3n Comunista<\/strong><\/span><\/h3>\n<p><img loading=\"lazy\" decoding=\"async\" class=\"wp-image-7056 aligncenter\" src=\"https:\/\/icwpredflag.org\/wp\/wordpress\/wps\/wp-content\/uploads\/sites\/2\/2021\/01\/Seattle-sch-strike-2015-300x175.jpeg\" alt=\"\" width=\"693\" height=\"404\" srcset=\"https:\/\/icwpredflag.org\/wp\/wordpress\/wps\/wp-content\/uploads\/sites\/2\/2021\/01\/Seattle-sch-strike-2015-300x175.jpeg 300w, https:\/\/icwpredflag.org\/wp\/wordpress\/wps\/wp-content\/uploads\/sites\/2\/2021\/01\/Seattle-sch-strike-2015.jpeg 573w\" sizes=\"auto, (max-width: 693px) 100vw, 693px\" \/><\/p>\n<p class=\"p1\" style=\"text-align: center;\"><b>Seattle, EE.UU. Huelga de Maestros, 2015<\/b><\/p>\n<p style=\"text-align: justify;\">SEATTLE, EE. UU., 3 de enero: Cuando se enteraron de las directrices relajadas del estado y del deseo del distrito escolar de Seattle de abrir las escuelas prematuramente, mis compa\u00f1eros maestros estaban listos para la huelga. La seguridad es crucial, pero \u00bfhay problemas a\u00fan mayores en juego?<\/p>\n<p style=\"text-align: justify;\">En todo Estados Unidos, los distritos escolares, inclin\u00e1ndose ante la voluntad de los capitalistas, est\u00e1n forzando la reapertura de las aulas f\u00edsicas. Por ejemplo, la sobrina de un camarada es consejera en una escuela primaria de la costa este. Su situaci\u00f3n econ\u00f3mica la obligan a volver a asesorar en persona. Tiene tres hijos en la escuela y debe considerar su seguridad. Este dilema tambi\u00e9n afecta a los abuelos. Aunque hasta ahora la mayor\u00eda de los ni\u00f1os no parecen estar muy enfermos, reunirlos en un aula cerrada aumenta el potencial de propagar el virus en toda la comunidad.<\/p>\n<p style=\"text-align: justify;\">La pandemia ha puesto al descubierto el papel de las escuelas posibilitando que los obreros produzcan ganancias para los capitalistas. La clase dominante quiere que la gente vuelva a trabajar y quiere que las escuelas se abran como almacenes para los estudiantes, independientemente del sufrimiento que esto cause.<\/p>\n<p style=\"text-align: justify;\">La sociedad capitalista, enfocada en maximizar las ganancias, ha permitido 1.8 millones de muertes confirmadas en todo el mundo. Hay m\u00e1s de 350,000 muertes solo en los EE. UU. Las escuelas exponen las fallas del capitalismo en tiempos no pand\u00e9micos; las amplifican durante la pandemia.<\/p>\n<p style=\"text-align: justify;\">La clase dominante est\u00e1 trabajando tiempo extra para voltear la opini\u00f3n p\u00fablica contra los maestros y el personal escolar. En lugar de ser elogiados como los h\u00e9roes que fueron en la primavera, ahora dicen de ellos que son privilegiados y ego\u00edstas por exigir condiciones de trabajo y de ense\u00f1anza seguras. Hay gritos de \u00abp\u00e9rdida de aprendizaje\u00bb y \u00abestudiantes se quedan atr\u00e1s\u00bb. Los educadores conocen bien estos ataques. Pero suenan huecos despu\u00e9s de a\u00f1os de las escuelas ser desfinanciadas y todo intento de hacer la educaci\u00f3n s\u00f3lida y significativa para los estudiantes siendo socavado.<\/p>\n<p style=\"text-align: justify;\"><strong>Las Escuelas Capitalistas Refuerzan la Desigualdad de Clase, G\u00e9nero y \u201cRaza\u201d<\/strong><\/p>\n<p style=\"text-align: justify;\">Las escuelas son presentadas como las \u00abgrandes emparejadoras.\u00bb Para todos los estudiantes, el camino hacia la oportunidad. Pero bajo el capitalismo, funcionan como un mecanismo de clasificaci\u00f3n social. En el transcurso de 12-16 a\u00f1os o m\u00e1s, reproducen y justifican la reproducci\u00f3n de la desigualdad de clase, g\u00e9nero y \u201craza\u201d. Reproducen el racismo y el sexismo mediante los planes de estudios. Justifican las desigualdades utilizando los resultados de los ex\u00e1menes y las calificaciones, clasificando a los estudiantes seg\u00fan su potencial percibido para producir ganancias capitalistas.<\/p>\n<p style=\"text-align: justify;\">En EE.UU., los salarios reales de los trabajadores han estado estancados durante 40 a\u00f1os, pero las ganancias de Wall Street han creado 56 nuevos multimillonarios desde el comienzo de la pandemia. Las escuelas reproducen y justifican esas desigualdades.<\/p>\n<p style=\"text-align: justify;\">Los padres que tienen que trabajar buscan un alivio. Se les ha impuesto una carga adicional durante la pandemia. Esto tiene un impacto negativo especialmente grande en las mujeres y en las madres solteras en particular. Este ataque sexista expone a\u00fan m\u00e1s las fallas del capitalismo.<\/p>\n<p style=\"text-align: justify;\"><strong>La Educaci\u00f3n Comunista Es la Verdadera Igualadora;<\/strong> <strong>Promueve el Bienestar Colectivo<\/strong><\/p>\n<p style=\"text-align: justify;\">En una sociedad comunista, la educaci\u00f3n estar\u00e1 enfocada en desarrollar a cada alumno para contribuir al bienestar colectivo, para reproducir la igualdad y la unidad. Una crisis como esta ser\u00eda una oportunidad para aprender m\u00e1s sobre la ciencia y salud p\u00fablica. La sociedad se centrar\u00eda en movilizar a las personas de la forma m\u00e1s r\u00e1pida y segura posible para erradicar la pandemia, pensando colectivamente eficazmente proteger vidas.<\/p>\n<p style=\"text-align: justify;\">Apoyamos a los maestros que quieren irse a la huelga por la seguridad de sus compa\u00f1eros instructores, del personal, de estudiantes y de sus familias. Pero el capitalismo no puede proveer seguridad. Entonces, \u00bfpor qu\u00e9 deber\u00edamos de hacer huelga? Deber\u00edamos hacer huelga para sumar nuestras voces a la movilizaci\u00f3n por el comunismo.<\/p>\n<p style=\"text-align: justify;\">Prepar\u00e9monos para este tipo de huelga pol\u00edtica haciendo circular ampliamente este art\u00edculo de <strong><em>Bandera Roja<\/em><\/strong>. Podemos hacer un seguimiento discutiendo las ideas comunistas del art\u00edculo con nuestros compa\u00f1eros maestros, el personal y los estudiantes. De costa a costa y en todo el mundo, construyamos un movimiento revolucionario por la educaci\u00f3n comunista.<\/p>\n<p style=\"text-align: justify;\"><strong>\u00bfQui\u00e9n Controlar\u00e1 la Educaci\u00f3n: Los Capitalistas M\u00e1s Grandes o la Clase Obrera?<\/strong><\/p>\n<p style=\"text-align: justify;\">SEATTLE, EE. UU., 3 de enero \u2014 Hace aproximadamente un mes, el gobernador dem\u00f3crata del estado de Washington anunci\u00f3 sus directrices relajadas para reabrir las escuelas. De hecho, estas fueron hechas en secreto por un grupo de expertos llamado \u201cChallenge Seattle\u201d. Estas directrices relajadas obligar\u00e1n a los estudiantes, el personal y los maestros a regresar prematuramente a las aulas.<\/p>\n<p style=\"text-align: justify;\">Challenge Seattle est\u00e1 formado por 19 de los principales capitalistas del estado. Entre ellos se encuentran los directores ejecutivos de Boeing, Amazon, Microsoft, Costco, Starbucks, Nordstrom y la Fundaci\u00f3n Bill y Melinda Gates. Tambi\u00e9n se incluyen Washington Kaiser Permanente Medical Group y Pacific Northwest JP Morgan Chase, subsidiarias del mayor grupo m\u00e9dico y banco del pa\u00eds.<\/p>\n<p style=\"text-align: justify;\">Casi todos los trabajadores saben que los capitalistas conspiran constantemente para maximizar sus ganancias. Los empresarios siempre est\u00e1n buscando m\u00e1s formas de explotarnos.<\/p>\n<p style=\"text-align: justify;\">Pero va m\u00e1s all\u00e1 de ser solo negocios. El sistema salarial es la base material de toda sociedad capitalista. En tiempos de crisis, los grandes capitalistas toman control directo de todos los aspectos del orden social.<\/p>\n<p style=\"text-align: justify;\">En este caso, Challenge Seattle tom\u00f3 el control directo de la educaci\u00f3n. Esa es la verdadera naturaleza de la democracia capitalista.<\/p>\n<p style=\"text-align: justify;\">En una sociedad comunista, la educaci\u00f3n atender\u00e1 las necesidades colectivas de las masas e involucrar\u00e1 directamente a la clase trabajadora. Durante la Revoluci\u00f3n Cultural China, los trabajadores de las plantaciones comunistas criticaron las viejas escuelas por estar divorciadas de la pol\u00edtica proletaria, de los trabajadores y campesinos, del trabajo y la realidad. En una reuni\u00f3n del partido, un maestro veterano de Seattle describi\u00f3 c\u00f3mo los estudiantes de secundaria pod\u00edan aprender mucho m\u00e1s sobre escritura, hablar, historia, matem\u00e1ticas y ciencias con la ayuda de los obreros de las f\u00e1bricas locales.<\/p>\n<p style=\"text-align: justify;\">La pandemia ha mostrado la absoluta necesidad de que la clase obrera tome el control directo de la educaci\u00f3n y todo lo dem\u00e1s quit\u00e1ndoselos a los capitalistas. \u00danete al PCOI para construir la revoluci\u00f3n comunista que lo har\u00e1 posible.<\/p>\n<p style=\"text-align: center;\"><strong>Lee nuestro folleto: <\/strong><\/p>\n<h4 style=\"text-align: center;\"><span style=\"color: #ff0000;\"><strong>Educaci\u00f3n Comunista para una Sociedad Sin Clases<\/strong><\/span><\/h4>\n<p style=\"text-align: center;\"><strong>Disponible en: <a class=\"icwp-emph\" href=\"http:\/\/icwpredflag.org\/EDU\/EdPamS.pdf\">aqu\u00ed <\/a><\/strong><\/p>\n<h4 style=\"text-align: justify;\"><strong>\u00a0<a href=\"https:\/\/icwpredflag.org\/wp\/wordpress\/wps\/volumen-11-numero-17\/\">Primera p\u00e1gina de esta edici\u00f3n<\/a><\/strong><\/h4>\n<p style=\"text-align: justify;\">\n<div id=\"gtx-trans\" style=\"position: absolute; left: 396px; top: 3991px;\">\n<div class=\"gtx-trans-icon\"><\/div>\n<\/div>\n","protected":false},"excerpt":{"rendered":"<p>Apoyamos a los Maestros Que Quieren Lanzarse a Huelga por la Seguridad: La Justificaci\u00f3n para Reabrir las Escuelas Expone la Necesidad de una Educaci\u00f3n Comunista Seattle, EE.UU. Huelga de Maestros, 2015 SEATTLE, EE. UU., 3 de enero: Cuando se enteraron de las directrices relajadas del estado y del deseo del distrito escolar de Seattle de &hellip; <a href=\"https:\/\/icwpredflag.org\/wp\/wordpress\/wps\/volumen-11-numero-17\/docentes-de-seattle-luchan-contra-las-inseguras-ordenes-capitalistas-de-reabrir-las-escuelas\/\" class=\"more-link\">Sigue leyendo <span class=\"screen-reader-text\">Docentes de Seattle Luchan Contra las Inseguras \u00d3rdenes Capitalistas de Reabrir  las Escuelas<\/span><\/a><\/p>\n","protected":false},"author":1,"featured_media":5655,"parent":7064,"menu_order":0,"comment_status":"closed","ping_status":"closed","template":"","meta":{"footnotes":""},"class_list":["post-7086","page","type-page","status-publish","has-post-thumbnail","hentry"],"_links":{"self":[{"href":"https:\/\/icwpredflag.org\/wp\/wordpress\/wps\/wp-json\/wp\/v2\/pages\/7086","targetHints":{"allow":["GET"]}}],"collection":[{"href":"https:\/\/icwpredflag.org\/wp\/wordpress\/wps\/wp-json\/wp\/v2\/pages"}],"about":[{"href":"https:\/\/icwpredflag.org\/wp\/wordpress\/wps\/wp-json\/wp\/v2\/types\/page"}],"author":[{"embeddable":true,"href":"https:\/\/icwpredflag.org\/wp\/wordpress\/wps\/wp-json\/wp\/v2\/users\/1"}],"replies":[{"embeddable":true,"href":"https:\/\/icwpredflag.org\/wp\/wordpress\/wps\/wp-json\/wp\/v2\/comments?post=7086"}],"version-history":[{"count":7,"href":"https:\/\/icwpredflag.org\/wp\/wordpress\/wps\/wp-json\/wp\/v2\/pages\/7086\/revisions"}],"predecessor-version":[{"id":7093,"href":"https:\/\/icwpredflag.org\/wp\/wordpress\/wps\/wp-json\/wp\/v2\/pages\/7086\/revisions\/7093"}],"up":[{"embeddable":true,"href":"https:\/\/icwpredflag.org\/wp\/wordpress\/wps\/wp-json\/wp\/v2\/pages\/7064"}],"wp:featuredmedia":[{"embeddable":true,"href":"https:\/\/icwpredflag.org\/wp\/wordpress\/wps\/wp-json\/wp\/v2\/media\/5655"}],"wp:attachment":[{"href":"https:\/\/icwpredflag.org\/wp\/wordpress\/wps\/wp-json\/wp\/v2\/media?parent=7086"}],"curies":[{"name":"wp","href":"https:\/\/api.w.org\/{rel}","templated":true}]}}