{"id":7225,"date":"2021-01-30T02:45:40","date_gmt":"2021-01-30T02:45:40","guid":{"rendered":"https:\/\/icwpredflag.org\/wp\/wordpress\/wps\/?page_id=7225"},"modified":"2021-01-30T02:55:12","modified_gmt":"2021-01-30T02:55:12","slug":"cartas-a-bandera-roja","status":"publish","type":"page","link":"https:\/\/icwpredflag.org\/wp\/wordpress\/wps\/volumen-12-numero-1\/cartas-a-bandera-roja\/","title":{"rendered":"Cartas a Bandera Roja"},"content":{"rendered":"<p><strong>Polic\u00eda Racista de Nueva York Ataca en MLK <a class=\"icwp-emph\" href=\"#1\">aqu\u00ed \u2666<\/a> Experiencias de Camarada en El Salvador en el ejercito guerrillero <a class=\"icwp-emph\" href=\"#2\">aqu\u00ed \u2666<\/a> Colectivos del Partido claves para el trabajo comunista <a class=\"icwp-emph\" href=\"#3\">aqu\u00ed <\/a><\/strong><\/p>\n<p><img loading=\"lazy\" decoding=\"async\" class=\"wp-image-7176 aligncenter\" src=\"https:\/\/icwpredflag.org\/wp\/wordpress\/wps\/wp-content\/uploads\/sites\/2\/2021\/01\/NYPDBikes-300x156.jpg\" alt=\"\" width=\"692\" height=\"360\" srcset=\"https:\/\/icwpredflag.org\/wp\/wordpress\/wps\/wp-content\/uploads\/sites\/2\/2021\/01\/NYPDBikes-300x156.jpg 300w, https:\/\/icwpredflag.org\/wp\/wordpress\/wps\/wp-content\/uploads\/sites\/2\/2021\/01\/NYPDBikes.jpg 477w\" sizes=\"auto, (max-width: 692px) 100vw, 692px\" \/><\/p>\n<h3 style=\"text-align: center;\" id=\"1\"><span style=\"color: #ff0000;\"><strong>La Polic\u00eda Racista de la ciudad de Nueva York (Nuevamente) Usa Fuerza Excesiva: Arresta Docenas en el Feriado de M.L.K<\/strong><\/span><\/h3>\n<p style=\"text-align: justify;\">El 18 de enero de 2021, con la naci\u00f3n a\u00fan recuper\u00e1ndose del incidente donde los derechistas, partidarios de Trump hab\u00edan pisoteado y se hab\u00edan amotinado en el edificio del Capitolio de la naci\u00f3n en Washington, DC, Nueva York vio a decenas de personas arrestadas en Manhattan la noche del feriado del cumplea\u00f1os de Mart\u00edn Luther King.<\/p>\n<p style=\"text-align: justify;\">Seg\u00fan la polic\u00eda y los testigos, su \u201ccrimen\u201d fue haber participado en una marcha organizada por grupos activistas negros.<\/p>\n<p style=\"text-align: justify;\">Quiz\u00e1s de manera poco ir\u00f3nica, esto sucedi\u00f3 poco despu\u00e9s de que la fiscal general del Estado de Nueva York, Leticia James, demandara al Departamento de Polic\u00eda de Nueva York y a la Oficina del Alcalde por su manejo de las protestas el verano pasado, luego de la muerte de George Floyd.<\/p>\n<p style=\"text-align: justify;\">Los videos publicados en l\u00ednea por testigos y participantes mostraron a agentes del Departamento de Polic\u00eda de Nueva York con cascos, porras y bridas empujando contra los manifestantes que se hab\u00edan reunido en las calles y aceras cerca del Ayuntamiento.<\/p>\n<p style=\"text-align: justify;\">Este ataque racista apenas fue cubierto por los principales medios de comunicaci\u00f3n. Pero las im\u00e1genes de oficiales sacando a manifestantes individuales de una multitud comenzaron a circular ampliamente en Twitter y TikTok. Las im\u00e1genes eran casi copias de las del verano pasado, cuando manifestantes de Las Vidas Negra Importan inundaron las calles de Nueva York y otras ciudades importantes de Estados Unidos.<\/p>\n<p style=\"text-align: justify;\">La demanda de la fiscal James pide que se le quite al alcalde el control del Departamento de Polic\u00eda y se le entregue a un panel independiente. La Fiscal General del Estado dijo que su oficina hab\u00eda encontrado \u201cun abuso atroz del poder policial; uso desenfrenado y excesivo de la fuerza; y liderazgo incapaz y dispuesto a detenerlo\u201d.<\/p>\n<p style=\"text-align: justify;\">Ella continu\u00f3: \u201cHab\u00eda una gran capacidad y oportunidad para que el liderato de la ciudad y del departamento de polic\u00eda realizara cambios importantes en la forma en que los oficiales interact\u00faan con los manifestantes pac\u00edficos, pero una y otra vez, no lo hicieron\u201d<\/p>\n<p style=\"text-align: justify;\">Las acciones de la fiscal James son admirables. Pero el litigio civil, incluida la supervisi\u00f3n y las reformas, no acabar\u00e1 con el prejuicio racial y la presentaci\u00f3n innecesariamente militarizada de las agencias de aplicaci\u00f3n de la ley en los EE.UU.<\/p>\n<p style=\"text-align: justify;\">S\u00f3lo la completa abolici\u00f3n de la polic\u00eda y su reemplazo por personal desarmado, de bienestar social y seguridad humana, bajo un sistema de y para el pueblo, como el comunismo, erradicar\u00e1 la crisis del racismo y la violencia policial.<\/p>\n<p style=\"text-align: justify;\">(Informaci\u00f3n e imagen del New York <em>Times<\/em>, 18 de enero de 2021)<\/p>\n<p style=\"text-align: justify;\">Camarada en Los \u00c1ngeles, EE.UU.<\/p>\n<h3 style=\"text-align: center;\" id=\"2\"><span style=\"color: #ff0000;\"><strong>Camarada en El Salvador Habla de Su Experiencia en el Ejercito Guerrillero<\/strong><\/span><\/h3>\n<p style=\"text-align: justify;\">El Salvador\u2014Mi padre me mand\u00f3 al ej\u00e9rcito nacional en 1974 y sal\u00ed a finales del 1975. Mi hermano ya estaba organizado en los Comit\u00e9s de Base del Frente (FMLN). \u00c9l fue mi primer contacto con la organizaci\u00f3n que estaba creciendo entre los campesinos y algunos j\u00f3venes obreros y estudiantes de la ciudad. \u00c9l me preguntaba cuando iba salir con licencia y me organizaba a los grupos de campesinos para ense\u00f1arles como armar y desarmar las armas largas, Carabinas y pistolas, as\u00ed como las t\u00e1cticas de guerra que me ense\u00f1aban en el cuartel. Nos \u00edbamos por las noches y los llev\u00e1bamos al campo.<\/p>\n<p style=\"text-align: justify;\">Este es un ejemplo claro de la importancia de organizar dentro de las fuerzas armadas patronales.<\/p>\n<p style=\"text-align: justify;\">En el ej\u00e9rcito gubernamental tambi\u00e9n trabaje en sanidad militar. Cuando termin\u00f3 mi periodo de dos a\u00f1os en el ej\u00e9rcito mi padre quer\u00eda que siguiera la carrera militar. Pero mi madre se opuso, ella se daba cuenta de c\u00f3mo el ej\u00e9rcito y los mal llamados cuerpos de seguridad como la Polic\u00eda Nacional, Guardia Nacional y Polic\u00eda de Hacienda, capturaban a los trabajadores por cualquier cosa torturaban y asesinaban.<\/p>\n<p style=\"text-align: justify;\">Aplique por una plaza en el Ministerio de Salud y me la otorgaron por la experiencia que hab\u00eda adquirido en el ej\u00e9rcito. Pero mi objetivo era organizar a los trabajadores para que no siguieran siendo oprimidos y explotados por los ricos. Siendo promotor de salud, no pod\u00eda dejar de lado los problemas que nos enfrent\u00e1bamos como personas pobres y en cada charla que impart\u00eda hacia ver la necesidad de organizarse en contra de los patrones.<\/p>\n<p style=\"text-align: justify;\">Pero me denunciaron y me llamaron los paramilitares derechistas varias veces para interrogarme y que les diera informaci\u00f3n, pero no les dije nada. Me amenazaron me dijeron que era rojo comunista. Me encerraron en un cuarto oscuro, pusieron un fusil en mi cabeza, pero nunca acept\u00e9 los cargos que me dec\u00edan tener contra m\u00ed y la organizaci\u00f3n.<\/p>\n<p style=\"text-align: justify;\">La guardia me andaba buscando para matarme, pero como no me encontraron fueron a la casa de mis padres y los torturaron. Mis padres se salvaron esa vez y los enviamos al refugio en Honduras y as\u00ed mis familiares y yo entramos de lleno en la guerra civil.<\/p>\n<p style=\"text-align: justify;\">Nos fuimos a la monta\u00f1a, estuvimos en la frontera con Honduras, nos dispersamos en medio de los trabajadores aserradores y ah\u00ed organizamos a varios j\u00f3venes para la organizaci\u00f3n. Hicimos un grupo musical para atraer m\u00e1s j\u00f3venes. Despu\u00e9s de varias experiencias, me encomendaron la misi\u00f3n de ser brigadista y tuve m\u00e9dicos internacionalistas bajo mi mando, aprend\u00ed hacer diferentes tipos de trabajos sanitarios.<\/p>\n<p style=\"text-align: justify;\">Me alegra mucho que vengan a visitarme y a dejarme el peri\u00f3dico <strong><em>Bandera Roja<\/em><\/strong>. Estoy convencido que el comunismo es la \u00fanica soluci\u00f3n. Los j\u00f3venes tienen que seguir la l\u00ednea del partido y distribuir <strong><em>Bandera Roja<\/em><\/strong> para lograr el cambio de sistema por el Cu\u00e1l luchamos. Voy a dar que lleven queso, quesillo para pupusas; que yo hago, para que se lo coman en el camino.<\/p>\n<p style=\"text-align: justify;\">Camarada Ex-Guerrillero<\/p>\n<h3 style=\"text-align: center;\" id=\"3\"><span style=\"color: #ff0000;\"><strong>Cultivando Colectivos del Partido: Clave para el Trabajo Comunista<\/strong><\/span><\/h3>\n<p style=\"text-align: justify;\">El d\u00eda despu\u00e9s de los disturbios en el Capitolio de Estados Unidos, nuestro colectivo del Partido dio la bienvenida a un nuevo miembro. Se hab\u00eda unido a nuestro grupo de discusi\u00f3n semanal de Zoom, a los chats en l\u00ednea y a los foros internacionales de Zoom durante casi cinco meses. Ella estaba asumiendo la responsabilidad de ciertas tareas.<\/p>\n<p style=\"text-align: justify;\">Luego le pregunt\u00f3 a un camarada: \u201c\u00bfC\u00f3mo puede alguien convertirse oficialmente en miembro del PCOI? \u00bfSoy miembro todav\u00eda? \u00ab<\/p>\n<p style=\"text-align: justify;\">\u201cClaro que si, te consideramos miembro\u201d, respondi\u00f3. \u201cNo hay protocolo. Solo la decisi\u00f3n de que quieres luchar por una sociedad comunista y contribuir como puedas. No importa si todav\u00eda hay desacuerdos o el deseo de entender mejor algunas cosas. Las cosas se aclaran a medida que avanzamos\u00bb.<\/p>\n<p style=\"text-align: justify;\">Antes de sumergirnos en lo del intento de golpe fascista, intentamos aclarar lo que significa pertenecer a un colectivo de Partido.<\/p>\n<p style=\"text-align: justify;\">Entendemos que el trabajo del Partido depende de \u00abredes\u00bb de amigos, familiares, compa\u00f1eros de trabajo. Les animamos a leer <strong><em>Bandera Roja<\/em><\/strong> y otra literatura. Discutimos ideas comunistas con ellos y les pedimos que hagan circular <strong><em>Bandera Roja<\/em><\/strong> en sus propias redes. Nuestro nuevo miembro acababa de enviarlo a 40 personas.<\/p>\n<p style=\"text-align: justify;\">Acordamos que el Partido necesita \u201cconcentraciones\u201d estrat\u00e9gicamente claves para movilizar para el comunismo.<\/p>\n<p style=\"text-align: justify;\">Pero todav\u00eda estamos luchando por tener claridad sobre los grupos que organiza el Partido. Una idea, presentada en un foro internacional, es que los \u201ccolectivos del Partido\u201d deber\u00edan ser principalmente grupos de discusi\u00f3n donde nos conectamos con personas reci\u00e9n interesadas. Esta idea ve a los \u00abgrupos de estudio-acci\u00f3n\u00bb, en contraste, como compuestos por \u00abtodas las personas que llevan el trabajo al mundo\u00bb.<\/p>\n<p style=\"text-align: justify;\">La l\u00edder de nuestro colectivo present\u00f3 una idea diferente y contradictoria. Ella dijo que los colectivos del Partido (a veces llamados c\u00e9lulas o clubes) son tanto para discutir como para realizar el trabajo. Estos est\u00e1n interrelacionados. Los miembros de los colectivos del Partido se comprometen a discutir temas de actualidad, teor\u00eda y pr\u00e1ctica. De estas discusiones surgen planes de acci\u00f3n concretos.<\/p>\n<p style=\"text-align: justify;\">Los diferentes miembros contribuyen de diferentes maneras, seg\u00fan su voluntad y capacidad, a implementar estos planes. Nos comprometemos a evaluar este trabajo de la manera m\u00e1s franca y objetiva posible, a trav\u00e9s de la cr\u00edtica y la autocr\u00edtica. Mejoramos nuestros planes y nuestro trabajo.<\/p>\n<p style=\"text-align: justify;\">Estos planes a menudo incluyen grupos de discusi\u00f3n o de estudio que satisfacen las necesidades de los miembros y amigos en un momento determinado. El grupo Zoom semanal de nuestro colectivo fue un ejemplo. Adem\u00e1s, solemos invitar a algunos amigos (que a\u00fan no son miembros) a participar en las reuniones del colectivo del Partido.<\/p>\n<p style=\"text-align: justify;\">El colectivo, no el miembro individual, es la unidad b\u00e1sica del Partido. Cada colectivo debe tener responsabilidades espec\u00edficas relacionadas con una o m\u00e1s concentraciones. Los miembros de nuestro colectivo han ayudado \u00abdesde el exterior\u00bb con la concentraci\u00f3n de tr\u00e1nsito. La mayor\u00eda de nosotros tenemos responsabilidades en la producci\u00f3n de <strong><em>Bandera Roja<\/em><\/strong>. Pero todav\u00eda estamos buscando un lugar de trabajo, una organizaci\u00f3n comunitaria u otra concentraci\u00f3n donde podamos trabajar juntos para construir el Partido.<\/p>\n<p style=\"text-align: justify;\">Nuestro colectivo generalmente est\u00e1 de acuerdo con esta (segunda) opini\u00f3n. Se volver\u00e1 m\u00e1s clara en la pr\u00e1ctica. Hablamos de lo que estamos y no estamos dispuestos o podemos hacer. Planeamos que tres miembros comenzaran un nuevo club de lectura de \u201cLiberaci\u00f3n Colectiva\u201d, y que el grupo de discusi\u00f3n continuara cada dos semanas.<\/p>\n<p style=\"text-align: justify;\">Vivimos en tiempos cr\u00edticos. Necesitamos conseguir que m\u00e1s j\u00f3venes trabajen con nosotros en lugar de ELLOS depender del Partido Dem\u00f3crata.<\/p>\n<p style=\"text-align: justify;\">Las agudizantes contradicciones del capitalismo, incluida la lucha pol\u00edtica en EE. UU., hacen que sea cada vez m\u00e1s importante que cada miembro del Partido participe activamente en un colectivo del Partido que construye el Partido y expande nuestro trabajo. Damos la bienvenida a m\u00e1s discusiones sobre lo que esto significa y requiere.<\/p>\n<p style=\"text-align: justify;\">Colectivo del Partido en Los \u00c1ngeles (EE. UU.)<\/p>\n<h4><a href=\"https:\/\/icwpredflag.org\/wp\/wordpress\/wps\/volumen-12-numero-1\/\">Primera p\u00e1gina de esta edici\u00f3n<\/a><\/h4>\n<p>&nbsp;<\/p>\n","protected":false},"excerpt":{"rendered":"<p>Polic\u00eda Racista de Nueva York Ataca en MLK aqu\u00ed \u2666 Experiencias de Camarada en El Salvador en el ejercito guerrillero aqu\u00ed \u2666 Colectivos del Partido claves para el trabajo comunista aqu\u00ed La Polic\u00eda Racista de la ciudad de Nueva York (Nuevamente) Usa Fuerza Excesiva: Arresta Docenas en el Feriado de M.L.K El 18 de enero &hellip; <a href=\"https:\/\/icwpredflag.org\/wp\/wordpress\/wps\/volumen-12-numero-1\/cartas-a-bandera-roja\/\" class=\"more-link\">Sigue leyendo <span class=\"screen-reader-text\">Cartas a Bandera Roja<\/span><\/a><\/p>\n","protected":false},"author":1,"featured_media":5655,"parent":7186,"menu_order":0,"comment_status":"closed","ping_status":"closed","template":"","meta":{"footnotes":""},"class_list":["post-7225","page","type-page","status-publish","has-post-thumbnail","hentry"],"_links":{"self":[{"href":"https:\/\/icwpredflag.org\/wp\/wordpress\/wps\/wp-json\/wp\/v2\/pages\/7225","targetHints":{"allow":["GET"]}}],"collection":[{"href":"https:\/\/icwpredflag.org\/wp\/wordpress\/wps\/wp-json\/wp\/v2\/pages"}],"about":[{"href":"https:\/\/icwpredflag.org\/wp\/wordpress\/wps\/wp-json\/wp\/v2\/types\/page"}],"author":[{"embeddable":true,"href":"https:\/\/icwpredflag.org\/wp\/wordpress\/wps\/wp-json\/wp\/v2\/users\/1"}],"replies":[{"embeddable":true,"href":"https:\/\/icwpredflag.org\/wp\/wordpress\/wps\/wp-json\/wp\/v2\/comments?post=7225"}],"version-history":[{"count":5,"href":"https:\/\/icwpredflag.org\/wp\/wordpress\/wps\/wp-json\/wp\/v2\/pages\/7225\/revisions"}],"predecessor-version":[{"id":7230,"href":"https:\/\/icwpredflag.org\/wp\/wordpress\/wps\/wp-json\/wp\/v2\/pages\/7225\/revisions\/7230"}],"up":[{"embeddable":true,"href":"https:\/\/icwpredflag.org\/wp\/wordpress\/wps\/wp-json\/wp\/v2\/pages\/7186"}],"wp:featuredmedia":[{"embeddable":true,"href":"https:\/\/icwpredflag.org\/wp\/wordpress\/wps\/wp-json\/wp\/v2\/media\/5655"}],"wp:attachment":[{"href":"https:\/\/icwpredflag.org\/wp\/wordpress\/wps\/wp-json\/wp\/v2\/media?parent=7225"}],"curies":[{"name":"wp","href":"https:\/\/api.w.org\/{rel}","templated":true}]}}