{"id":7495,"date":"2021-04-03T22:11:50","date_gmt":"2021-04-03T22:11:50","guid":{"rendered":"https:\/\/icwpredflag.org\/wp\/wordpress\/wps\/?page_id=7495"},"modified":"2021-04-03T22:18:46","modified_gmt":"2021-04-03T22:18:46","slug":"contestemos-el-racismo-anti-inmigrantes-construyendo-colectivos-comunistas","status":"publish","type":"page","link":"https:\/\/icwpredflag.org\/wp\/wordpress\/wps\/volumen-12-numero-4\/contestemos-el-racismo-anti-inmigrantes-construyendo-colectivos-comunistas\/","title":{"rendered":"Contestemos el Racismo Anti-Inmigrantes Construyendo Colectivos Comunistas"},"content":{"rendered":"<p><img loading=\"lazy\" decoding=\"async\" class=\"wp-image-7450 aligncenter\" src=\"https:\/\/icwpredflag.org\/wp\/wordpress\/wps\/wp-content\/uploads\/sites\/2\/2021\/04\/ReleaseKids-300x275.jpeg\" alt=\"\" width=\"709\" height=\"650\" srcset=\"https:\/\/icwpredflag.org\/wp\/wordpress\/wps\/wp-content\/uploads\/sites\/2\/2021\/04\/ReleaseKids-300x275.jpeg 300w, https:\/\/icwpredflag.org\/wp\/wordpress\/wps\/wp-content\/uploads\/sites\/2\/2021\/04\/ReleaseKids.jpeg 400w\" sizes=\"auto, (max-width: 709px) 100vw, 709px\" \/><\/p>\n<p><strong>\u00ab\u00a1Libera a los ni\u00f1os! \u00a1Todos son nuestros hijos! El comunismo unir\u00e1 a nuestra familia global sin fronteras.\u00bb<\/strong><\/p>\n<h3 style=\"text-align: center;\"><span style=\"color: #ff0000;\"><strong>Organicemos Colectivos Comunistas para un Mundo sin Fronteras<\/strong><\/span><\/h3>\n<p style=\"text-align: justify;\">\u201cNo encierren a los ni\u00f1os en jaulas\u201d, es el grito desesperado de mucha gente indignada con el trato que reciben los ni\u00f1os que son detenidos por la guardia fronteriza de EE.UU.<\/p>\n<p style=\"text-align: justify;\">Son desgarradoras las historias de los miles de ni\u00f1os separados de sus padres. Algunos padres, debido al racismo y descuido burocr\u00e1tico, no saben a d\u00f3nde fueron a parar. Pero esto es normal en un mundo capitalista, que a ni\u00f1os y adultos se nos trate como desechables.<\/p>\n<p style=\"text-align: justify;\">Estos ni\u00f1os y adultos est\u00e1n huyendo de la miseria y crisis creadas por los patrones locales e imperialistas. Fronteras y muros son creadas tanto por capitalistas dem\u00f3cratas como republicanos a nivel mundial.<\/p>\n<p style=\"text-align: justify;\">Un camarada coment\u00f3, \u201cmi prima pag\u00f3 $20,000 d\u00f3lares para traerla a ella y sus 3 hijos menores a los EE.UU. Pero la dejaron en Matamoros, M\u00e9xico. Solo 2 de sus hijos lograron pasar. Ahora esta endeudada y sin poder pasar\u201d.<\/p>\n<p style=\"text-align: justify;\">Esta situaci\u00f3n se seguir\u00e1 repitiendo, millones de veces en el mundo. En un mundo comunista sin fronteras, nadie, ni los ni\u00f1os estar\u00e1n cometiendo crimen al buscar una mejor vida.<\/p>\n<p style=\"text-align: justify;\">El mundo bajo el capitalismo no ser\u00e1 mejor si unos cuantos miles logran mejorar su situaci\u00f3n individual al encontrar un empleo en esta sociedad dise\u00f1ada para producir por ganancias. Miles de millones m\u00e1s seguir\u00e1n siendo asesinados por el hambre, bombas, balas o enfermedades prevenibles.<\/p>\n<p style=\"text-align: justify;\">Este sistema capitalista de ganancias representa la buena vida para pocos millonarios y la muerte para los miles de millones de esclavos asalariados.<\/p>\n<p style=\"text-align: justify;\">El sue\u00f1o americano es solo eso, un sue\u00f1o. Solo en un mundo donde no exista el capitalismo se podr\u00e1n realizar todos nuestros anhelos de ver un mundo m\u00e1s armonioso que funcione para el bienestar de cada ser viviente. No solo del ser humano, sino de todas las especies animales y vegetales.<\/p>\n<p style=\"text-align: justify;\">Pero ese futuro de una vida mejor para todos debe empezar ahora. Debemos organizarnos en colectivos comunistas, donde podamos discutir, planear y escribir en pensar como cada uno puede ayudar a resolver un problema, que soluci\u00f3n proponemos a cada situaci\u00f3n que se nos presente en la vida.<\/p>\n<p style=\"text-align: justify;\">Estos colectivos son solo el inicio de decisiones m\u00e1s grandes que se tendr\u00e1 que tomar adelante, como cu\u00e1ndo es el momento de tomar el poder y eliminar el sistema capitalista.<\/p>\n<p style=\"text-align: justify;\">La visi\u00f3n de un nuevo mundo comunista sin fronteras ni explotaci\u00f3n nos da fuerza para continuar y hacer realidad la revoluci\u00f3n comunista.<\/p>\n<p style=\"text-align: justify;\">Camarada en Los \u00c1ngeles, EE.UU.<\/p>\n<h3 style=\"text-align: center;\"><span style=\"color: #ff0000;\"><strong>Un Poquito de Historia<\/strong><\/span><\/h3>\n<p style=\"text-align: justify;\">Recientemente volv\u00ed a leer <em>Cool Grey City of Love<\/em>, de Gary Kamiya. Este libro explora la ciudad de San Francisco (EE. UU.) No solo por lugares de inter\u00e9s y hermosas vistas, pero tambi\u00e9n por su historia.<\/p>\n<p style=\"text-align: justify;\">Kamiya cuenta la historia de la Adici\u00f3n Occidental. Antes del terremoto y el incendio de 1906, este barrio era en su mayor\u00eda descendientes de inmigrantes de Europa de clase media. Cuando los trabajadores m\u00e1s pobres y sus familias fueron desplazados por el fuego, muchos se mudaron a la Adici\u00f3n Occidental. Las casas victorianas fueron divididas en habitaciones que se alquilaron a trabajadores filipinos, mexicoamericanos, afroamericanos y japoneses. La Adici\u00f3n Occidental se convirti\u00f3 en uno de los barrios m\u00e1s diversos de EE. UU.<\/p>\n<p style=\"text-align: justify;\">Eso cambi\u00f3 durante la Segunda Guerra Mundial. Despu\u00e9s de Pearl Harbor, todos los japoneses en San Francisco fueron arrestados y reubicados por la fuerza en campos de prisioneros por todo el oeste de Estados Unidos.<\/p>\n<p style=\"text-align: justify;\">Al mismo tiempo, los astilleros del \u00c1rea de la Bah\u00eda necesitaban obreros para construir buques de guerra. Miles de obreros negros y sus familias se mudaron a San Francisco para ocupar esos empleos. Debido a la escasez de viviendas y a los propietarios racistas de San Francisco que no alquilaban a los negros, las viviendas que las familias japonesas fueron obligadas a abandonar se convirtieron en los hogares de estos obreros.<\/p>\n<p style=\"text-align: justify;\">La poblaci\u00f3n negra de San Francisco creci\u00f3 de 4,846 en 1940 a 43,502 en 1950. El vecindario que sol\u00eda llamarse Ciudad Japonesa se convirti\u00f3 en el distrito Fillmore. Los negocios propiedad de negros florecieron, y los sonidos del jazz moderno y el bebop llenaron los clubes y tiendas de discos.<\/p>\n<p style=\"text-align: justify;\">Despu\u00e9s de la guerra, el racismo y el miedo impidieron que muchos internados japoneses regresaran a sus antiguos barrios. Un reporte del gobierno declar\u00f3 que \u00abla liberaci\u00f3n de los japoneses de los Campamentos de la Autoridad de Reubicaci\u00f3n de Guerra ser\u00e1 la causa de fricciones y enfrentamientos raciales cuando los japoneses regresen a California\u00bb.<\/p>\n<p style=\"text-align: justify;\">La Liga de Ciudadanos Japoneses Estadounidenses, que cooper\u00f3 con el gobierno delatando a los japoneses estadounidenses que lucharon contra el encarcelamiento, adopt\u00f3 la misma posici\u00f3n.<\/p>\n<p style=\"text-align: justify;\">En 1945, sesenta miembros del Sindicato de Maquinistas de la AFL amenazaron con irse a la huelga cuando se contrat\u00f3 en el Ferrocarril Municipal a un mec\u00e1nico estadounidense de origen japon\u00e9s. El d\u00eda que se present\u00f3 valientemente a trabajar, los maquinistas dejaron de trabajar.<\/p>\n<p style=\"text-align: justify;\">Sin embargo, dos conductores se levantaron para defenderlo. Uno era afroamericano y el otro indio americano. Finalmente, otro obrero [probablemente blanco pero el libro no dice], un h\u00e9roe de guerra, habl\u00f3: \u201c\u00a1No fui a pelear al Pac\u00edfico para que personas con piel de diferente color fueran discriminadas cuando volvieran a casa! \u00bb Los maquinistas votaron para permanecer en el trabajo.<\/p>\n<p style=\"text-align: justify;\">A pesar de los planes de los patrones de enfrentar a un grupo de trabajadores contra el otro con racismo, en dos a\u00f1os, la poblaci\u00f3n de japoneses-estadounidenses que se reubicaron en el vecindario volvi\u00f3 a su tama\u00f1o anterior.<\/p>\n<p style=\"text-align: justify;\">La creciente membres\u00eda en el CIO liderado por la izquierda y el Partido Comunista jug\u00f3 un papel importante en la organizaci\u00f3n laboral y las reformas sociales en San Francisco y Oakland. En 1946 se llev\u00f3 a cabo una huelga general en Oakland, encabezada principalmente por mujeres.<\/p>\n<p style=\"text-align: justify;\">Por favor, contribuye si sabes m\u00e1s sobre el papel de los comunistas en el \u00c1rea de la Bah\u00eda durante este per\u00edodo.<\/p>\n<p style=\"text-align: justify;\">Camarada en los Estados Unidos<\/p>\n<h4><a href=\"https:\/\/icwpredflag.org\/wp\/wordpress\/wps\/volumen-12-numero-4\/\">Primera p\u00e1gina de esta edici\u00f3n<\/a><\/h4>\n<p style=\"text-align: justify;\">\n<p style=\"text-align: justify;\"><strong>\u00a0<\/strong><\/p>\n<p style=\"text-align: justify;\">\n","protected":false},"excerpt":{"rendered":"<p>\u00ab\u00a1Libera a los ni\u00f1os! \u00a1Todos son nuestros hijos! El comunismo unir\u00e1 a nuestra familia global sin fronteras.\u00bb Organicemos Colectivos Comunistas para un Mundo sin Fronteras \u201cNo encierren a los ni\u00f1os en jaulas\u201d, es el grito desesperado de mucha gente indignada con el trato que reciben los ni\u00f1os que son detenidos por la guardia fronteriza de &hellip; <a href=\"https:\/\/icwpredflag.org\/wp\/wordpress\/wps\/volumen-12-numero-4\/contestemos-el-racismo-anti-inmigrantes-construyendo-colectivos-comunistas\/\" class=\"more-link\">Sigue leyendo <span class=\"screen-reader-text\">Contestemos el Racismo Anti-Inmigrantes Construyendo Colectivos Comunistas<\/span><\/a><\/p>\n","protected":false},"author":1,"featured_media":5655,"parent":7435,"menu_order":0,"comment_status":"closed","ping_status":"closed","template":"","meta":{"footnotes":""},"class_list":["post-7495","page","type-page","status-publish","has-post-thumbnail","hentry"],"_links":{"self":[{"href":"https:\/\/icwpredflag.org\/wp\/wordpress\/wps\/wp-json\/wp\/v2\/pages\/7495","targetHints":{"allow":["GET"]}}],"collection":[{"href":"https:\/\/icwpredflag.org\/wp\/wordpress\/wps\/wp-json\/wp\/v2\/pages"}],"about":[{"href":"https:\/\/icwpredflag.org\/wp\/wordpress\/wps\/wp-json\/wp\/v2\/types\/page"}],"author":[{"embeddable":true,"href":"https:\/\/icwpredflag.org\/wp\/wordpress\/wps\/wp-json\/wp\/v2\/users\/1"}],"replies":[{"embeddable":true,"href":"https:\/\/icwpredflag.org\/wp\/wordpress\/wps\/wp-json\/wp\/v2\/comments?post=7495"}],"version-history":[{"count":4,"href":"https:\/\/icwpredflag.org\/wp\/wordpress\/wps\/wp-json\/wp\/v2\/pages\/7495\/revisions"}],"predecessor-version":[{"id":7499,"href":"https:\/\/icwpredflag.org\/wp\/wordpress\/wps\/wp-json\/wp\/v2\/pages\/7495\/revisions\/7499"}],"up":[{"embeddable":true,"href":"https:\/\/icwpredflag.org\/wp\/wordpress\/wps\/wp-json\/wp\/v2\/pages\/7435"}],"wp:featuredmedia":[{"embeddable":true,"href":"https:\/\/icwpredflag.org\/wp\/wordpress\/wps\/wp-json\/wp\/v2\/media\/5655"}],"wp:attachment":[{"href":"https:\/\/icwpredflag.org\/wp\/wordpress\/wps\/wp-json\/wp\/v2\/media?parent=7495"}],"curies":[{"name":"wp","href":"https:\/\/api.w.org\/{rel}","templated":true}]}}