{"id":7560,"date":"2021-04-21T09:00:28","date_gmt":"2021-04-21T09:00:28","guid":{"rendered":"https:\/\/icwpredflag.org\/wp\/wordpress\/wps\/?page_id=7560"},"modified":"2021-04-24T16:48:39","modified_gmt":"2021-04-24T16:48:39","slug":"luchemos-por-un-mundo-comunista-sin-fronteras","status":"publish","type":"page","link":"https:\/\/icwpredflag.org\/wp\/wordpress\/wps\/volumen-12-numero-5\/luchemos-por-un-mundo-comunista-sin-fronteras\/","title":{"rendered":"Luchemos Por Un Mundo Comunista Sin Fronteras"},"content":{"rendered":"<p><img loading=\"lazy\" decoding=\"async\" class=\"wp-image-7543 aligncenter\" src=\"https:\/\/icwpredflag.org\/wp\/wordpress\/wps\/wp-content\/uploads\/sites\/2\/2021\/04\/SmashMay-300x205.jpg\" alt=\"\" width=\"711\" height=\"486\" srcset=\"https:\/\/icwpredflag.org\/wp\/wordpress\/wps\/wp-content\/uploads\/sites\/2\/2021\/04\/SmashMay-300x205.jpg 300w, https:\/\/icwpredflag.org\/wp\/wordpress\/wps\/wp-content\/uploads\/sites\/2\/2021\/04\/SmashMay.jpg 731w\" sizes=\"auto, (max-width: 711px) 100vw, 711px\" \/><\/p>\n<p style=\"text-align: justify;\">Los \u00c1ngeles-EE.UU. \u2014\u201cVer caer un ni\u00f1o de 3 a\u00f1os, desde el muro de 6 metros, para cruzar la frontera entre EE.UU. y M\u00e9xico, es devastador\u201d, dijo un camarada. \u201cO ver un ni\u00f1o ahogado tratando de llegar con su familia a las costas de Europa\u201d, dijo otro.<\/p>\n<p style=\"text-align: justify;\">Estas tragedias son suficientes para preguntarse \u00bfqu\u00e9 clase de sistema criminal causa estas crisis y nos divide con naciones y fronteras? &#8211; \u00bfQu\u00e9 sistema decide que una persona a la cual no se le saca ganancias debe morir? Este sistema es el capitalismo.<\/p>\n<p style=\"text-align: justify;\">Pero \u00bfcu\u00e1l es la alternativa? Nuestra tarea debe ser organizarnos y luchar por construir un mundo comunista sin explotaci\u00f3n, ni racismo, ni sexismo y sin fronteras. Donde todos seremos valiosos, necesarios y bienvenidos en cualquier parte del mundo.<\/p>\n<p style=\"text-align: justify;\">Una revoluci\u00f3n comunista en alguna parte del mundo pondr\u00e1 las bases para cambiar toda la sociedad donde todos trabajaremos para satisfacer las necesidades de toda la familia humana. Esto no solo llenar\u00e1 la necesidad de comida y albergue, si no que liberar\u00e1 nuestras mentes a crear nuevas formas de relaciones de vida para todos.<\/p>\n<p style=\"text-align: justify;\">La actual crisis capitalista e inter-imperialista ha hecho estragos en la clase obrera nunca antes visto. Ha obligado a millones a salir de sus lugares de origen, cruzando mares, desiertos y monta\u00f1as en busca de un trabajo para sobrevivir. Pero no todos llegan, muchos mueren y otros son deportados.<\/p>\n<p style=\"text-align: justify;\">La militarizaci\u00f3n de las fronteras de M\u00e9xico y Guatemala con miles de soldados y polic\u00edas para evitar que las caravanas avancen hacia el norte es producto de la presi\u00f3n y chantaje del gobierno de EE.UU. Seg\u00fan el diario New York Times, Biden ofreci\u00f3 20 millones de la vacuna AstraZeneca al presidente de M\u00e9xico para que no deje pasar las caravanas.<\/p>\n<p style=\"text-align: justify;\">En EE.UU., el gobierno de Biden al igual que Trump, restringen la cantidad de refugiados, ni\u00f1os y adultos. Hay cuotas limitadas para los inmigrantes. Ni dem\u00f3cratas ni republicanos tienen una respuesta satisfactoria a la crisis migratoria creada por su sistema capitalista.<\/p>\n<p style=\"text-align: justify;\">Desde el racismo mostrado por las leyes migratorias actuales a los grupos ultraderechistas que piden el disparar a los inmigrantes, todos los capitalistas se lucran pol\u00edtica y econ\u00f3micamente de estos. Ni\u00f1os y j\u00f3venes que logran llegar o estabilizar su residencia en EE.UU. como los del programa DACA les esperan la explotaci\u00f3n en las f\u00e1bricas o prepararse para las guerras en el ej\u00e9rcito.<\/p>\n<p style=\"text-align: justify;\">A nivel mundial, muchos culpan a la corrupci\u00f3n de los gobiernos, pero estos solo siguen las leyes del capitalismo, mantener la explotaci\u00f3n a trav\u00e9s de la esclavitud salarial.<\/p>\n<p style=\"text-align: justify;\">La solidaridad de clase mostrada por muchos en M\u00e9xico, EE.UU. y Europa a los inmigrantes centroamericanos, del Caribe, Asia y \u00c1frica ha dado un golpe al racismo y nacionalismo, eso muestra que la clase obrera somos una sola.<\/p>\n<p style=\"text-align: justify;\">Los y las inmigrantes no son v\u00edctimas pasivas o pasivos, pueden convertirse en l\u00edderes comunistas de la clase obrera a nivel mundial, en las f\u00e1bricas, cuarteles y vecindarios.<\/p>\n<p style=\"text-align: justify;\">En el pasado han dado liderato a las luchas contra este sistema asesino y opresor. En el siglo 19, los inmigrantes fueron claves en las luchas que fundaron el 1 de Mayo. Desde los obreros inmigrantes europeos a principios del siglo 20 y sus luchas a los inmigrantes centroamericanos y mexicanos a finales de ese mismo siglo, muchos ayudaron a organizar partidos comunistas con la visi\u00f3n de un mundo sin explotaci\u00f3n.<\/p>\n<p style=\"text-align: justify;\">Somos una sola clase obrera, en un solo mundo y luchamos por un mundo comunista sin naciones ni fronteras. Estamos construyendo un Partido Comunista Obrero Internacional<\/p>\n<p style=\"text-align: justify;\">\u00a1\u00danete a PCOI!<\/p>\n<h4><a href=\"https:\/\/icwpredflag.org\/wp\/wordpress\/wps\/volumen-12-numero-5\/\">Primera p\u00e1gina de esta edici\u00f3n<\/a><\/h4>\n","protected":false},"excerpt":{"rendered":"<p>Los \u00c1ngeles-EE.UU. \u2014\u201cVer caer un ni\u00f1o de 3 a\u00f1os, desde el muro de 6 metros, para cruzar la frontera entre EE.UU. y M\u00e9xico, es devastador\u201d, dijo un camarada. \u201cO ver un ni\u00f1o ahogado tratando de llegar con su familia a las costas de Europa\u201d, dijo otro. Estas tragedias son suficientes para preguntarse \u00bfqu\u00e9 clase de &hellip; <a href=\"https:\/\/icwpredflag.org\/wp\/wordpress\/wps\/volumen-12-numero-5\/luchemos-por-un-mundo-comunista-sin-fronteras\/\" class=\"more-link\">Sigue leyendo <span class=\"screen-reader-text\">Luchemos Por Un Mundo Comunista Sin Fronteras<\/span><\/a><\/p>\n","protected":false},"author":1,"featured_media":5655,"parent":7529,"menu_order":0,"comment_status":"closed","ping_status":"closed","template":"","meta":{"footnotes":""},"class_list":["post-7560","page","type-page","status-publish","has-post-thumbnail","hentry"],"_links":{"self":[{"href":"https:\/\/icwpredflag.org\/wp\/wordpress\/wps\/wp-json\/wp\/v2\/pages\/7560","targetHints":{"allow":["GET"]}}],"collection":[{"href":"https:\/\/icwpredflag.org\/wp\/wordpress\/wps\/wp-json\/wp\/v2\/pages"}],"about":[{"href":"https:\/\/icwpredflag.org\/wp\/wordpress\/wps\/wp-json\/wp\/v2\/types\/page"}],"author":[{"embeddable":true,"href":"https:\/\/icwpredflag.org\/wp\/wordpress\/wps\/wp-json\/wp\/v2\/users\/1"}],"replies":[{"embeddable":true,"href":"https:\/\/icwpredflag.org\/wp\/wordpress\/wps\/wp-json\/wp\/v2\/comments?post=7560"}],"version-history":[{"count":3,"href":"https:\/\/icwpredflag.org\/wp\/wordpress\/wps\/wp-json\/wp\/v2\/pages\/7560\/revisions"}],"predecessor-version":[{"id":7563,"href":"https:\/\/icwpredflag.org\/wp\/wordpress\/wps\/wp-json\/wp\/v2\/pages\/7560\/revisions\/7563"}],"up":[{"embeddable":true,"href":"https:\/\/icwpredflag.org\/wp\/wordpress\/wps\/wp-json\/wp\/v2\/pages\/7529"}],"wp:featuredmedia":[{"embeddable":true,"href":"https:\/\/icwpredflag.org\/wp\/wordpress\/wps\/wp-json\/wp\/v2\/media\/5655"}],"wp:attachment":[{"href":"https:\/\/icwpredflag.org\/wp\/wordpress\/wps\/wp-json\/wp\/v2\/media?parent=7560"}],"curies":[{"name":"wp","href":"https:\/\/api.w.org\/{rel}","templated":true}]}}