{"id":777,"date":"2017-05-18T04:16:37","date_gmt":"2017-05-18T04:16:37","guid":{"rendered":"http:\/\/icwpredflag.org\/wp\/wordpress\/wps\/?page_id=777"},"modified":"2017-05-18T04:29:38","modified_gmt":"2017-05-18T04:29:38","slug":"cartas-vol-8-no-5","status":"publish","type":"page","link":"https:\/\/icwpredflag.org\/wp\/wordpress\/wps\/volumen-8-numero-5\/cartas-vol-8-no-5\/","title":{"rendered":"Cartas, Vol 8, No 5"},"content":{"rendered":"<p style=\"text-align: center;\"><strong>El Capitalismo Racista Nos Envenena y Encadena<\/strong><\/p>\n<p style=\"text-align: center;\"><strong>Los Trabajadores Necesitamos el Comunismo<\/strong><\/p>\n<p style=\"text-align: justify;\">La ciudad de Flint, (EE. UU.) Acaba de emitir 8,002 avisos de ejecuci\u00f3n hipotecaria a las residencias que no pudieron o se negaron a pagar sus cuentas de agua. El agua est\u00e1 envenenada con plomo y no se puede usar de todos modos. Le dije dos meses antes a mi amigo en el trabajo que esto iba a suceder.<\/p>\n<p style=\"text-align: justify;\">Cosas similares ocurrieron en Pittsburgh, Filadelfia y en mi ciudad natal de Detroit. La gente trabajadora ha sido obligada a abandonar sus casas para que construyan condominios lujosos para los ricos.<\/p>\n<p style=\"text-align: justify;\">En Flint, el gobierno hizo un gran alboroto con su plan de reemplazar las tuber\u00edas de plomo para 2020. Bajo el capitalismo, esto no beneficiar\u00e1 a los obreros que viven all\u00ed. Es para que los urbanizadores puedan obtener enormes ganancias.<\/p>\n<p style=\"text-align: justify;\">Yo sol\u00eda visitar a Flint para patinar cuando estaba creciendo. Pero s\u00f3lo pod\u00edamos ir a ciertas zonas y ten\u00edamos que regresar antes de oscurecer. El racismo era tan intenso.<\/p>\n<p style=\"text-align: justify;\">Viv\u00ed en los Proyectos Detroit Jeffries. Fueron nombrados por uno de los alcaldes m\u00e1s racistas en la historia de la ciudad. Los obreros negros, muchos en la industria automotriz, fueron obligados a vivir en estos proyectos. Esta ciudad industrial de los a\u00f1os 60 y 70 fue de las m\u00e1s segregadas.<\/p>\n<p style=\"text-align: justify;\">Despu\u00e9s de extraer miles de millones en ganancias de la fuerza laboral de la clase obrera y de superexplotar a obreros negros, latinos y extranjeros, la industria automotriz abandon\u00f3 la ciudad. Ahora el gobierno derribar\u00e1 los proyectos para construir apartamentos lujosos para \u201clos pudientes\u201d.<\/p>\n<p style=\"text-align: justify;\">No ten\u00eda que terminar de esta manera. Los fontaneros de Flint hicieron un llamado a los miembros del sindicato en todo el estado para que trabajaran gratis para deshacerse de las viejas y venenosas tuber\u00edas de plomo. Decenas respondieron.<\/p>\n<p style=\"text-align: justify;\">Imag\u00ednense lo que una sociedad comunista podr\u00eda hacer. Movilizar\u00eda a\u00fan m\u00e1s, terminando r\u00e1pidamente las reparaciones.<\/p>\n<p style=\"text-align: justify;\">De hecho, es poco probable que enfrent\u00e1ramos una tragedia como esta. Agua limpia, no ganancias y presupuestos, ser\u00eda nuestra prioridad.<\/p>\n<p style=\"text-align: justify;\">No habr\u00eda urbanizadores, ya que los hogares se proporcionar\u00edan seg\u00fan la necesidad, no lo que uno pueda pagar. Produciremos lo que necesitamos, no echar\u00edamos millones a las calles si las industrias no pudieran hacer ganancias.<\/p>\n<p style=\"text-align: justify;\">S\u00e9 que es dif\u00edcil para los trabajadores entender esto, pero nuestras vidas no tienen que estar encadenadas al pr\u00f3ximo cheque de paga. El comunismo basar\u00eda todo en las necesidades de nuestra clase.<\/p>\n<p style=\"text-align: justify;\">Obrero de Boeing criado en esos Estados arriba mencionados.<\/p>\n<p style=\"text-align: center;\"><strong>Tres J\u00f3venes de Preparatoria Ingresan al PCOI Despu\u00e9s de Su Primera Marcha<\/strong><\/p>\n<p style=\"text-align: justify;\">* La marcha del Primero de Mayo con PCOI fue sin duda una buena experiencia. La gente all\u00ed me abri\u00f3 los ojos. Conoc\u00ed a personas quienes inmediatamente me aceptaron como familia. Quiero marchar el pr\u00f3ximo a\u00f1o. Aunque no soy un comunista, creo que el comunismo es una buena vida porque me gusta la idea de que todo el mundo, venga lo que venga, trabajemos juntos para lo que necesitemos. Me gustar\u00eda ingresar al PCOI no como un firme creyente, porque todav\u00eda estoy aprendiendo, pero m\u00e1s como alguien que apoya. Ayudar\u00e9 a difundir el mensaje y estoy listo para otra marcha.<\/p>\n<p style=\"text-align: justify;\">* Como una joven comunista asist\u00ed a mi primera marcha del Primero de Mayo. Todos est\u00e1bamos all\u00ed poniendo en alto nuestros ideales comunistas enarbolando mantas y banderas rojas y coreando consignas. Hab\u00eda mucha gente mirando, pero la verdadera experiencia est\u00e1 en participar, as\u00ed que exhort\u00e9 a todos a ingresar a la marcha. Voy a asegurar mi participaci\u00f3n el pr\u00f3ximo a\u00f1o e invitar a todos los que pueda. Quiero ser una miembro del PCOI porque creo que todos podemos hacer el mundo un lugar mucho mejor sin dinero, sin fronteras y sin c\u00e1rceles.<\/p>\n<p style=\"text-align: justify;\">* El 1\u00ba de Mayo, particip\u00e9 por primera vez en la celebraci\u00f3n de la clase obrera internacional. El Primero de Mayo fue un \u00e9xito porque lleg\u00f3 mucha gente. Conoc\u00ed gente nueva y aprend\u00ed sobre el mundo comunista. M\u00e1s importante, aprend\u00ed que trabajamos juntos, luchamos juntos para tener un mundo sin dinero, sexismo, racismo, guerras ni fronteras. Esta fue una experiencia inolvidable. Me sent\u00ed muy empoderada y confiada. Me gustar\u00eda experimentar esto otra vez, y ser parte del cambio que quiero ver. Me considero una nueva miembro del PCOI.<\/p>\n<p style=\"text-align: justify;\">J\u00f3venes de Preparatoria en Los \u00c1ngeles<\/p>\n<div class=\"grey\">\n<p style=\"text-align: center;\"><strong>Crisis Pol\u00edtica en USA: Fascistas versus Fascistas<\/strong><\/p>\n<p style=\"text-align: justify;\">\u00daltima hora: <strong><em>Bandera Roja<\/em><\/strong> va a la imprenta en medio del furor por el despido del director del FBI, James Comey, por el presidente estadounidense Trump. Los comentarios de Comey con respecto a las investigaciones continuas de los correos electr\u00f3nicos de Hillary el oto\u00f1o pasado pudieron haber inclinado las elecciones a favor de Trump. Pero hace unos d\u00edas, Comey dej\u00f3 claro que estaba intensificando la investigaci\u00f3n de los v\u00ednculos entre la campa\u00f1a de Trump y el gobierno ruso. Obviamente, Trump despidi\u00f3 a Comey para obstruir esta investigaci\u00f3n.<\/p>\n<p style=\"text-align: justify;\">Algunos comparan esto con la \u201cMasacre de la Noche del S\u00e1bado\u201d de Nixon en 1973, que no impidi\u00f3 su renuncia obligada un a\u00f1o despu\u00e9s. Incre\u00edblemente, algunos activistas anti-Trump se est\u00e1n uniendo a la defensa fascista de Comey. Nos est\u00e1n mostrando lo bajo que puede llegar el argumento que el \u201cmal menor\u201d es mejor. Tal vez una mejor comparaci\u00f3n es con la \u201cnoche de los cuchillos largos\u201d de 1934 en Alemania, cuando la SS Nazi aniquil\u00f3 a la SA Nazi.<\/p>\n<p style=\"text-align: justify;\">La democracia estadounidense no es una excepci\u00f3n al descenso mundial del capitalismo hacia el fascismo y la flagrante corrupci\u00f3n. A medida que la crisis global del capitalismo se intensifica, las rivalidades entre los imperialistas se agudizan. Las pol\u00edticas nacionales reflejan estas contradicciones cada vez m\u00e1s agudas, desde la India a Sud\u00e1frica a Brasil a los Estados Unidos.<\/p>\n<p style=\"text-align: justify;\">Cuando los patrones se pelean entre s\u00ed, siempre es un error fatal que los trabajadores tomen partido. Nuestra lucha debe ser por el poder comunista de los trabajadores para acabar con todos los capitalistas fascistas. Debemos aprovechar la debilidad y la confusi\u00f3n de los capitalistas.<\/p>\n<\/div>\n<p style=\"text-align: justify;\"><img loading=\"lazy\" decoding=\"async\" class=\" wp-image-782 aligncenter\" src=\"http:\/\/icwpredflag.org\/wp\/wordpress\/wps\/wp-content\/uploads\/sites\/2\/2017\/05\/banglaS-300x200.jpg\" alt=\"\" width=\"474\" height=\"316\" srcset=\"https:\/\/icwpredflag.org\/wp\/wordpress\/wps\/wp-content\/uploads\/sites\/2\/2017\/05\/banglaS-300x200.jpg 300w, https:\/\/icwpredflag.org\/wp\/wordpress\/wps\/wp-content\/uploads\/sites\/2\/2017\/05\/banglaS.jpg 352w\" sizes=\"auto, (max-width: 474px) 100vw, 474px\" \/><\/p>\n<p style=\"text-align: justify;\"><strong>Miles de costureros\/as marcharon el 1\u00ba de Mayo en Bangladesh y Cambodia<\/strong>, donde cerca de 4 millones de ellos laboran en talleres de hambre. Nuestros camaradas repartieron <strong><em>Bandera Roja<\/em><\/strong>. Muchos exig\u00edan la ejecuci\u00f3n de Sohel Rana, el capitalista due\u00f1o del complejo de f\u00e1bricas que colaps\u00f3 hace cuatro a\u00f1os. Ese desastre creado por el capitalismo asesin\u00f3 a 1,138 costureras\/os e hiri\u00f3 a miles m\u00e1s. Rana y otros 40 est\u00e1n siendo supuestamente enjuiciados por asesinato.<\/p>\n<p style=\"text-align: justify;\">La madre de una v\u00edctima dijo: \u201cSi cuatro a\u00f1os no son suficientes para castigar a los culpables, tr\u00e1iganoslos, nosotros los ajusticiaremos\u201d. En el capitalismo No hay \u201cjusticia\u201d para los trabajadores. Nada revivir\u00e1 a las obreras\/os asesinadas en Rana Plaza.<\/p>\n<p style=\"text-align: justify;\">En vez lugar de luchar por \u201cjusticia\u201d debemos luchar por el poder comunista de los obreros. Nosotros mismos tenemos que ajusticiar todo el sistema de ganancias del capitalismo. En el comunismo, sin patrones ni dinero, los trabajadores organizamos la producci\u00f3n en funci\u00f3n a las necesidades de las masas. Trabajaremos en el ambiente m\u00e1s seguro y confortable que podamos imaginar y crear.<\/p>\n<p style=\"text-align: justify;\">En el 1\u00ba de Mayo en Cambodia, m\u00e1s de mil costureros\/as desafiaron la prohibici\u00f3n del gobierno y se enfrentaron a la polic\u00eda antidisturbios para marchar a la Asamblea Nacional. Sus demandas incluyeron aumentar el salario m\u00ednimo a $208 por mes. Estos trabajadores valientes, y sus hermanos y hermanas de clase en todas partes, necesitan luchar para ponerle fin a la esclavitud salarial.<\/p>\n<p style=\"text-align: center;\"><strong>Soy un So\u00f1ador y Creo en la Revoluci\u00f3n Pac\u00edfica<\/strong><\/p>\n<p style=\"text-align: justify;\">Hoy tuve la gran posibilidad de participar en la marcha del d\u00eda de los trabajadores en Barcelona. Primero que todo, gracias por permitirme participar de la distribuci\u00f3n del pensamiento de aquellos que creen en un mundo equitativo. Vamos a seguir creyendo y seguir hablando.<\/p>\n<p style=\"text-align: justify;\">Desde la ignorancia m\u00e1xima, sin saber a ciencia cierta fechas o nombres, solo puedo decir que mi padre tiene derechos, mi hermano tiene derechos, mi hija tiene derechos y yo tengo derechos. Y ese derecho es muy b\u00e1sico. Tenemos derecho a vivir y a vivir bien.<\/p>\n<p style=\"text-align: justify;\">No pido ni ofrezco nada que no sea posible, ni menos una quimera. Solo pido que se nos reconozca como seres humanos. No somos un engrane econ\u00f3mico y menos una pieza desechable de alguna fabrica. Somos todos iguales.<\/p>\n<p style=\"text-align: justify;\">No soy partidario de las revoluciones violentas. Soy un so\u00f1ador. Creo en la revoluci\u00f3n pac\u00edfica y para eso se necesita que la gente est\u00e9 informada. Una persona no informada es un dedo en un gatillo. Existen los caminos y las maneras, las v\u00edas pacificas. No quiero la sangre de mi hijo, o la de ning\u00fan hijo, en las calles o la lagrima de alguna madre o padre. Informaci\u00f3n es la palabra consecuencia, de acto es la forma. Gracias por permitirme expresar una idea.<\/p>\n<p style=\"text-align: justify;\">Lector y distribuidor de <strong><em>Bandera Roja<\/em><\/strong> en Espa\u00f1a.<\/p>\n<p style=\"text-align: justify;\"><strong>Comentario de <em>Bandera Roja<\/em><\/strong><\/p>\n<p style=\"text-align: justify;\">Estimado distribuidor, nos llena de inspiraci\u00f3n el escuchar que a pesar de algunas dificultades lograron realizar un productivo trabajo para expandir las ideas comunistas.<\/p>\n<p style=\"text-align: justify;\">En nuestra lucha por el comunismo y en contra de los patrones y su sistema capitalista, no solo tenemos que enfrentarnos y destruir sus armas ideol\u00f3gicas como el racismo, sexismo, nacionalismo y muchos otros trucos que los patrones utilizan para dividir a la clase trabajadora, sino tambi\u00e9n a aquellos que defienden esas ideas.<\/p>\n<p style=\"text-align: justify;\">Las peque\u00f1as concesiones y beneficios que los trabajadores hoy tienen mayormente en pa\u00edses industrializados, no ha sido por que los patrones capitalistas o sus pol\u00edticos decidieron compartir algunas migajas con los trabajadores. Estos peque\u00f1os logros han sido ganados atreves de luchas masivas violentas como la que le dio vida al 1ro de mayo.<\/p>\n<p style=\"text-align: justify;\">La historia nos ense\u00f1a que la \u00fanica manera de lograr un cambio real para la clase trabajadora es a trav\u00e9s de una revoluci\u00f3n comunista violenta. El capitalismo jam\u00e1s satisfar\u00e1 las necesidades de la clase trabajadora, ya que para ellos solo somos instrumentos para producirles riqueza. Todo lo que los patrones han conseguido ha sido a trav\u00e9s de la violencia en contra de nuestra clase, y de la misma manera la clase trabajadora construir\u00e1 un mundo nuevo.<\/p>\n<p style=\"text-align: justify;\">\u00a0<a class=\"icwp-emph\" href=\"http:\/\/icwpredflag.org\/wp\/wordpress\/wps\/volumen-8-numero-5\/\">Primera P\u00e1gina<\/a><\/p>\n<p style=\"text-align: justify;\">\n","protected":false},"excerpt":{"rendered":"<p>El Capitalismo Racista Nos Envenena y Encadena Los Trabajadores Necesitamos el Comunismo La ciudad de Flint, (EE. UU.) Acaba de emitir 8,002 avisos de ejecuci\u00f3n hipotecaria a las residencias que no pudieron o se negaron a pagar sus cuentas de agua. El agua est\u00e1 envenenada con plomo y no se puede usar de todos modos. &hellip; <a href=\"https:\/\/icwpredflag.org\/wp\/wordpress\/wps\/volumen-8-numero-5\/cartas-vol-8-no-5\/\" class=\"more-link\">Sigue leyendo <span class=\"screen-reader-text\">Cartas, Vol 8, No 5<\/span><\/a><\/p>\n","protected":false},"author":1,"featured_media":282,"parent":718,"menu_order":0,"comment_status":"closed","ping_status":"closed","template":"","meta":{"footnotes":""},"class_list":["post-777","page","type-page","status-publish","has-post-thumbnail","hentry"],"_links":{"self":[{"href":"https:\/\/icwpredflag.org\/wp\/wordpress\/wps\/wp-json\/wp\/v2\/pages\/777","targetHints":{"allow":["GET"]}}],"collection":[{"href":"https:\/\/icwpredflag.org\/wp\/wordpress\/wps\/wp-json\/wp\/v2\/pages"}],"about":[{"href":"https:\/\/icwpredflag.org\/wp\/wordpress\/wps\/wp-json\/wp\/v2\/types\/page"}],"author":[{"embeddable":true,"href":"https:\/\/icwpredflag.org\/wp\/wordpress\/wps\/wp-json\/wp\/v2\/users\/1"}],"replies":[{"embeddable":true,"href":"https:\/\/icwpredflag.org\/wp\/wordpress\/wps\/wp-json\/wp\/v2\/comments?post=777"}],"version-history":[{"count":10,"href":"https:\/\/icwpredflag.org\/wp\/wordpress\/wps\/wp-json\/wp\/v2\/pages\/777\/revisions"}],"predecessor-version":[{"id":788,"href":"https:\/\/icwpredflag.org\/wp\/wordpress\/wps\/wp-json\/wp\/v2\/pages\/777\/revisions\/788"}],"up":[{"embeddable":true,"href":"https:\/\/icwpredflag.org\/wp\/wordpress\/wps\/wp-json\/wp\/v2\/pages\/718"}],"wp:featuredmedia":[{"embeddable":true,"href":"https:\/\/icwpredflag.org\/wp\/wordpress\/wps\/wp-json\/wp\/v2\/media\/282"}],"wp:attachment":[{"href":"https:\/\/icwpredflag.org\/wp\/wordpress\/wps\/wp-json\/wp\/v2\/media?parent=777"}],"curies":[{"name":"wp","href":"https:\/\/api.w.org\/{rel}","templated":true}]}}