{"id":8531,"date":"2021-12-10T22:29:57","date_gmt":"2021-12-10T22:29:57","guid":{"rendered":"https:\/\/icwpredflag.org\/wp\/wordpress\/wps\/?page_id=8531"},"modified":"2021-12-11T08:22:39","modified_gmt":"2021-12-11T08:22:39","slug":"volumen-12-numero-16","status":"publish","type":"page","link":"https:\/\/icwpredflag.org\/wp\/wordpress\/wps\/volumen-12-numero-16\/","title":{"rendered":"Volumen 12, Num\u00e9ro 16"},"content":{"rendered":"<h4 style=\"text-align: center\"><span style=\"color: #ff0000\"><strong>Movilizando para el Comunismo en las Luchas de las Masas Produce L\u00edderes Comunistas <\/strong><\/span><\/h4>\n<p style=\"text-align: center\"><img loading=\"lazy\" decoding=\"async\" class=\"alignnone wp-image-8522\" src=\"https:\/\/icwpredflag.org\/wp\/wordpress\/wps\/wp-content\/uploads\/sites\/2\/2021\/12\/indiawomenprot-300x164.jpeg\" alt=\"\" width=\"795\" height=\"435\" srcset=\"https:\/\/icwpredflag.org\/wp\/wordpress\/wps\/wp-content\/uploads\/sites\/2\/2021\/12\/indiawomenprot-300x164.jpeg 300w, https:\/\/icwpredflag.org\/wp\/wordpress\/wps\/wp-content\/uploads\/sites\/2\/2021\/12\/indiawomenprot.jpeg 683w\" sizes=\"auto, (max-width: 795px) 100vw, 795px\" \/><\/p>\n<p style=\"text-align: center\">\n<!-- Page-list plugin v.5.22 wordpress.org\/plugins\/page-list\/ -->\n<div class=\"page-list page-list-ext \">\n<div class=\"page-list-ext-item\"><div class=\"page-list-ext-image\"><a href=\"https:\/\/icwpredflag.org\/wp\/wordpress\/wps\/volumen-12-numero-16\/india-la-lucha-antifascista-masiva-derrota-los-prejuicios-religiosos-y-de-genero\/\" title=\"India: La Lucha Antifascista Masiva Derrota los Prejuicios Religiosos y de G\u00e9nero\"><img decoding=\"async\" src=\"https:\/\/icwpredflag.org\/wp\/wordpress\/wps\/wp-content\/uploads\/sites\/2\/2021\/12\/indiaprot.jpeg\" width=\"150\" alt=\"India: La Lucha Antifascista Masiva Derrota los Prejuicios Religiosos y de G\u00e9nero\" \/><\/a><\/div> <strong class=\"page-list-ext-title\"><a class=\"icwp-emph\" href=\"https:\/\/icwpredflag.org\/wp\/wordpress\/wps\/volumen-12-numero-16\/india-la-lucha-antifascista-masiva-derrota-los-prejuicios-religiosos-y-de-genero\/\" title=\"India: La Lucha Antifascista Masiva Derrota los Prejuicios Religiosos y de G\u00e9nero\">India: La Lucha Antifascista Masiva Derrota los Prejuicios Religiosos y de G\u00e9nero<\/a><\/strong><div class=\"page-list-ext-item-content\">\u201cComenzando Nuestra Marcha por el Comunismo\u201d manta \u2666 \u00a0 Las Masas Necesitan el Comunismo \u2666   \r\n  \r\n\u201cComenzando Nuestra Marcha por el Comunismo\u201d   \r\nINDIA, 5 de diciembre: \u201cCuando m\u00e1s de medio mil...<\/div><\/div>\n<div class=\"page-list-ext-item\"><div class=\"page-list-ext-image\"><a href=\"https:\/\/icwpredflag.org\/wp\/wordpress\/wps\/volumen-12-numero-16\/conferencia-comunista-desarrollando-nuevos-lideres\/\" title=\"Conferencia Comunista: Desarrollando Nuevos Lideres\"><img decoding=\"async\" src=\"https:\/\/icwpredflag.org\/wp\/wordpress\/wps\/wp-content\/uploads\/sites\/2\/2021\/12\/Womrif.jpeg\" width=\"150\" alt=\"Conferencia Comunista: Desarrollando Nuevos Lideres\" \/><\/a><\/div> <strong class=\"page-list-ext-title\"><a class=\"icwp-emph\" href=\"https:\/\/icwpredflag.org\/wp\/wordpress\/wps\/volumen-12-numero-16\/conferencia-comunista-desarrollando-nuevos-lideres\/\" title=\"Conferencia Comunista: Desarrollando Nuevos Lideres\">Conferencia Comunista: Desarrollando Nuevos Lideres<\/a><\/strong><div class=\"page-list-ext-item-content\">Conferencia Internacional Comunista \u2666 \u00a0  Mujeres en Lucha Por el Comunismo \u2666  Que significa ser l\u00edder \u2666   \r\n\r\nConferencia Internacional Comunista   \r\nResolviendo Obst\u00e1culos, Rompiendo F...<\/div><\/div>\n<div class=\"page-list-ext-item\"><div class=\"page-list-ext-image\"><a href=\"https:\/\/icwpredflag.org\/wp\/wordpress\/wps\/volumen-12-numero-16\/trabajadores-unamonos-por-el-comunismo-dondequiera-que-estemos-y-de-donde-vengamos\/\" title=\"Trabajadores, Un\u00e1monos Por el Comunismo Dondequiera que Estemos y de Donde Vengamos\"><img decoding=\"async\" src=\"https:\/\/icwpredflag.org\/wp\/wordpress\/wps\/wp-content\/uploads\/sites\/2\/2021\/12\/eviction.jpeg\" width=\"150\" alt=\"Trabajadores, Un\u00e1monos Por el Comunismo Dondequiera que Estemos y de Donde Vengamos\" \/><\/a><\/div> <strong class=\"page-list-ext-title\"><a class=\"icwp-emph\" href=\"https:\/\/icwpredflag.org\/wp\/wordpress\/wps\/volumen-12-numero-16\/trabajadores-unamonos-por-el-comunismo-dondequiera-que-estemos-y-de-donde-vengamos\/\" title=\"Trabajadores, Un\u00e1monos Por el Comunismo Dondequiera que Estemos y de Donde Vengamos\">Trabajadores, Un\u00e1monos Por el Comunismo Dondequiera que Estemos y de Donde Vengamos<\/a><\/strong><div class=\"page-list-ext-item-content\">El Imperialismo Crea Fronteras y Refugiados \u2666 \u00a0Trabajadores Migrantes: Luchadores por Toda la Clase Obrera \u2666   \r\n\r\nEl imperialismo crea las Fronteras y los Refugiados   \r\nTrabajadores, Un\u00e1mon...<\/div><\/div>\n<div class=\"page-list-ext-item\"><div class=\"page-list-ext-image\"><a href=\"https:\/\/icwpredflag.org\/wp\/wordpress\/wps\/volumen-12-numero-16\/ola-huelgaria-comunismo-en-las-lineas-de-piquetes\/\" title=\"Ola Huelgaria: Comunismo en las L\u00edneas de Piquetes\"><img decoding=\"async\" src=\"https:\/\/icwpredflag.org\/wp\/wordpress\/wps\/wp-content\/uploads\/sites\/2\/2021\/12\/sawallmrt1.jpeg\" width=\"150\" alt=\"Ola Huelgaria: Comunismo en las L\u00edneas de Piquetes\" \/><\/a><\/div> <strong class=\"page-list-ext-title\"><a class=\"icwp-emph\" href=\"https:\/\/icwpredflag.org\/wp\/wordpress\/wps\/volumen-12-numero-16\/ola-huelgaria-comunismo-en-las-lineas-de-piquetes\/\" title=\"Ola Huelgaria: Comunismo en las L\u00edneas de Piquetes\">Ola Huelgaria: Comunismo en las L\u00edneas de Piquetes<\/a><\/strong><div class=\"page-list-ext-item-content\">Huelguistas Dan la Bienvenida a Conversaciones Comunistas \u2666 \u00a0Comunismo en las L\u00edneas de Piquetes de Kaiser \u2666   \r\n\r\nSud\u00e1frica, 6 de diciembre  - Cerca de 18.000 trabajadores de Massmart (propied...<\/div><\/div>\n<div class=\"page-list-ext-item\"><div class=\"page-list-ext-image\"><a href=\"https:\/\/icwpredflag.org\/wp\/wordpress\/wps\/volumen-12-numero-16\/la-revolucion-comunista-derrotara-al-capitalismo-fascista\/\" title=\"La Revoluci\u00f3n Comunista Derrotar\u00e1 al Capitalismo Fascista\"><img decoding=\"async\" src=\"https:\/\/icwpredflag.org\/wp\/wordpress\/wps\/wp-content\/uploads\/sites\/2\/2021\/12\/antimilprot.jpeg\" width=\"150\" alt=\"La Revoluci\u00f3n Comunista Derrotar\u00e1 al Capitalismo Fascista\" \/><\/a><\/div> <strong class=\"page-list-ext-title\"><a class=\"icwp-emph\" href=\"https:\/\/icwpredflag.org\/wp\/wordpress\/wps\/volumen-12-numero-16\/la-revolucion-comunista-derrotara-al-capitalismo-fascista\/\" title=\"La Revoluci\u00f3n Comunista Derrotar\u00e1 al Capitalismo Fascista\">La Revoluci\u00f3n Comunista Derrotar\u00e1 al Capitalismo Fascista<\/a><\/strong><div class=\"page-list-ext-item-content\"> \r\nYANGON (Myanmar) - Miles de personas desaf\u00edan a la polic\u00eda militar y luchan por ponerle fin a la dictadura militar instalada por el golpe de estado de febrero de 2021.  \r\n\r\nInvestigaci\u00f3n Estadounidense de...<\/div><\/div>\n<div class=\"page-list-ext-item\"><div class=\"page-list-ext-image\"><a href=\"https:\/\/icwpredflag.org\/wp\/wordpress\/wps\/volumen-12-numero-16\/lecciones-de-la-historia-revolucionaria\/\" title=\"Lecciones de la Historia Revolucionaria\"><img decoding=\"async\" src=\"https:\/\/icwpredflag.org\/wp\/wordpress\/wps\/wp-content\/uploads\/sites\/2\/2021\/12\/bwmachet.jpeg\" width=\"150\" alt=\"Lecciones de la Historia Revolucionaria\" \/><\/a><\/div> <strong class=\"page-list-ext-title\"><a class=\"icwp-emph\" href=\"https:\/\/icwpredflag.org\/wp\/wordpress\/wps\/volumen-12-numero-16\/lecciones-de-la-historia-revolucionaria\/\" title=\"Lecciones de la Historia Revolucionaria\">Lecciones de la Historia Revolucionaria<\/a><\/strong><div class=\"page-list-ext-item-content\">\r\nHistoria Revolucionaria: Agricultura y Organizaci\u00f3n Social -- Solidaridad Comunista, Trabajo e Ideolog\u00eda Deben Ser Primarios   \r\nEL SALVADOR\u2014Durante la d\u00e9cada de los 1980, los campesinos y obreros, orga...<\/div><\/div>\n<div class=\"page-list-ext-item\"><div class=\"page-list-ext-image\"><a href=\"https:\/\/icwpredflag.org\/wp\/wordpress\/wps\/volumen-12-numero-16\/cartas-derrotemos-al-capitalismo-racista-mortal\/\" title=\"Cartas: Derrotemos al Capitalismo Racista Mortal\"><img decoding=\"async\" src=\"https:\/\/icwpredflag.org\/wp\/wordpress\/wps\/wp-content\/uploads\/sites\/2\/2021\/12\/kenosha2.jpeg\" width=\"150\" alt=\"Cartas: Derrotemos al Capitalismo Racista Mortal\" \/><\/a><\/div> <strong class=\"page-list-ext-title\"><a class=\"icwp-emph\" href=\"https:\/\/icwpredflag.org\/wp\/wordpress\/wps\/volumen-12-numero-16\/cartas-derrotemos-al-capitalismo-racista-mortal\/\" title=\"Cartas: Derrotemos al Capitalismo Racista Mortal\">Cartas: Derrotemos al Capitalismo Racista Mortal<\/a><\/strong><div class=\"page-list-ext-item-content\">Veredicto Rittenhouse: Racismo, Rebeli\u00f3n uy Revoluci\u00f3n Comunista \u2666 \u00a0Derrotemos la Mafia Capitalista: Movilicemos a las Masas para el Comunismo \u2666   \r\n \r\nVeredicto de Rittenhouse: Racismo, Rebeli\u00f3n...<\/div><\/div>\n<div class=\"page-list-ext-item\"><div class=\"page-list-ext-image\"><a href=\"https:\/\/icwpredflag.org\/wp\/wordpress\/wps\/volumen-12-numero-16\/mas-cartas-crisis-climatica-sindicalismo\/\" title=\"Mas Cartas: Crisis Clim\u00e1tica, Sindicalismo\"><img decoding=\"async\" src=\"https:\/\/icwpredflag.org\/wp\/wordpress\/wps\/wp-content\/uploads\/sites\/2\/2021\/12\/cadiz.jpeg\" width=\"150\" alt=\"Mas Cartas: Crisis Clim\u00e1tica, Sindicalismo\" \/><\/a><\/div> <strong class=\"page-list-ext-title\"><a class=\"icwp-emph\" href=\"https:\/\/icwpredflag.org\/wp\/wordpress\/wps\/volumen-12-numero-16\/mas-cartas-crisis-climatica-sindicalismo\/\" title=\"Mas Cartas: Crisis Clim\u00e1tica, Sindicalismo\">Mas Cartas: Crisis Clim\u00e1tica, Sindicalismo<\/a><\/strong><div class=\"page-list-ext-item-content\">Cumbre Capitalista Sobre Cambio Clim\u00e1tico: Falso Radicalismo No nos Salvar\u00e1 \u2666 \u00a0Necesidad de Ir Mas Alla del Sindicalismo y la Reforma \u2666   \r\n  \r\nPie de foto: C\u00c1DIZ (Espa\u00f1a) - Veinte mil obrero...<\/div><\/div>\n\n<\/div><\/p>\n<ul>\n<li><a class=\"icwp-emph\" href=\"https:\/\/icwpredflag.org\/wp\/wordpress\/wps\/wp-content\/uploads\/sites\/2\/2021\/12\/BR010622.pdf\">Esta edici\u00f3n en PDF<\/a><\/li>\n<li><a class=\"icwp-emph\" href=\"https:\/\/icwpredflag.org\/wp\/wordpress\/wps\/volumen-12-numero-15\/\">La edici\u00f3n anterior<\/a><\/li>\n<li><a class=\"icwp-emph\" href=\"https:\/\/icwpredflag.org\/wp\/wordpress\/wps\/wp-content\/uploads\/sites\/2\/2021\/09\/SUPmassProtests.pdf\">India: Granjeros Luchan Masivamente Contra el Terror Fascista Capitalista<\/a><\/li>\n<li><a class=\"icwp-emph\" href=\"https:\/\/www.youtube.com\/watch?v=1bCY0PFqIqY\">El video posterior al Primero de Mayo destaca el potencial de crecimiento del PCOI en todo el mundo<\/a><\/li>\n<li><a class=\"icwp-emph\" href=\"http:\/\/icwpredflag.org\/wp\/wordpress\/wps\">P\u00e1gina principal<\/a><\/li>\n<\/ul>\n<p class=\"p1\" style=\"text-align: center\"><strong>\u00danete al Partido Comunista Obrero Internacional (PCOI)<br \/>\n<\/strong><\/p>\n<p><a class=\"icwp-menu\" href=\"mailto:icwp@nym.hush.com\">Contactar al PCOI (NUEVO EMAIL: icwp@nym.hush.com)<\/a><br \/>\nTwitter @RedFlagBandera Instagram: @icwprf<br \/>\nEscribir a: PMB 362 3006 S. Vermont Ave., Los Angeles, CA 90007, USA<\/p>\n","protected":false},"excerpt":{"rendered":"<p>Movilizando para el Comunismo en las Luchas de las Masas Produce L\u00edderes Comunistas Esta edici\u00f3n en PDF La edici\u00f3n anterior India: Granjeros Luchan Masivamente Contra el Terror Fascista Capitalista El video posterior al Primero de Mayo destaca el potencial de crecimiento del PCOI en todo el mundo P\u00e1gina principal \u00danete al Partido Comunista Obrero Internacional &hellip; <a href=\"https:\/\/icwpredflag.org\/wp\/wordpress\/wps\/volumen-12-numero-16\/\" class=\"more-link\">Sigue leyendo <span class=\"screen-reader-text\">Volumen 12, Num\u00e9ro 16<\/span><\/a><\/p>\n","protected":false},"author":1,"featured_media":5655,"parent":0,"menu_order":0,"comment_status":"closed","ping_status":"closed","template":"","meta":{"footnotes":""},"class_list":["post-8531","page","type-page","status-publish","has-post-thumbnail","hentry"],"_links":{"self":[{"href":"https:\/\/icwpredflag.org\/wp\/wordpress\/wps\/wp-json\/wp\/v2\/pages\/8531","targetHints":{"allow":["GET"]}}],"collection":[{"href":"https:\/\/icwpredflag.org\/wp\/wordpress\/wps\/wp-json\/wp\/v2\/pages"}],"about":[{"href":"https:\/\/icwpredflag.org\/wp\/wordpress\/wps\/wp-json\/wp\/v2\/types\/page"}],"author":[{"embeddable":true,"href":"https:\/\/icwpredflag.org\/wp\/wordpress\/wps\/wp-json\/wp\/v2\/users\/1"}],"replies":[{"embeddable":true,"href":"https:\/\/icwpredflag.org\/wp\/wordpress\/wps\/wp-json\/wp\/v2\/comments?post=8531"}],"version-history":[{"count":5,"href":"https:\/\/icwpredflag.org\/wp\/wordpress\/wps\/wp-json\/wp\/v2\/pages\/8531\/revisions"}],"predecessor-version":[{"id":8539,"href":"https:\/\/icwpredflag.org\/wp\/wordpress\/wps\/wp-json\/wp\/v2\/pages\/8531\/revisions\/8539"}],"wp:featuredmedia":[{"embeddable":true,"href":"https:\/\/icwpredflag.org\/wp\/wordpress\/wps\/wp-json\/wp\/v2\/media\/5655"}],"wp:attachment":[{"href":"https:\/\/icwpredflag.org\/wp\/wordpress\/wps\/wp-json\/wp\/v2\/media?parent=8531"}],"curies":[{"name":"wp","href":"https:\/\/api.w.org\/{rel}","templated":true}]}}