{"id":8548,"date":"2021-12-11T08:59:48","date_gmt":"2021-12-11T08:59:48","guid":{"rendered":"https:\/\/icwpredflag.org\/wp\/wordpress\/wps\/?page_id=8548"},"modified":"2021-12-11T16:59:30","modified_gmt":"2021-12-11T16:59:30","slug":"trabajadores-unamonos-por-el-comunismo-dondequiera-que-estemos-y-de-donde-vengamos","status":"publish","type":"page","link":"https:\/\/icwpredflag.org\/wp\/wordpress\/wps\/volumen-12-numero-16\/trabajadores-unamonos-por-el-comunismo-dondequiera-que-estemos-y-de-donde-vengamos\/","title":{"rendered":"Trabajadores, Un\u00e1monos Por el Comunismo Dondequiera que Estemos y de Donde Vengamos"},"content":{"rendered":"<p style=\"text-align: center;\"><strong>El Imperialismo Crea Fronteras y Refugiados <a class=\"icwp-emph\" href=\"#1\">aqu\u00ed \u2666<\/a>\u00a0Trabajadores Migrantes: Luchadores por Toda la Clase Obrera <a class=\"icwp-emph\" href=\"#2\">aqu\u00ed \u2666<\/a><\/strong><\/p>\n<p><img loading=\"lazy\" decoding=\"async\" class=\"aligncenter size-full wp-image-8517\" src=\"https:\/\/icwpredflag.org\/wp\/wordpress\/wps\/wp-content\/uploads\/sites\/2\/2021\/12\/eviction.jpeg\" alt=\"\" width=\"522\" height=\"283\" srcset=\"https:\/\/icwpredflag.org\/wp\/wordpress\/wps\/wp-content\/uploads\/sites\/2\/2021\/12\/eviction.jpeg 522w, https:\/\/icwpredflag.org\/wp\/wordpress\/wps\/wp-content\/uploads\/sites\/2\/2021\/12\/eviction-300x163.jpeg 300w\" sizes=\"auto, (max-width: 522px) 100vw, 522px\" \/><\/p>\n<h4 id=\"1\" style=\"text-align: center;\"><span style=\"color: #ff0000;\"><strong>El imperialismo crea las Fronteras y los Refugiados<\/strong><\/span><\/h4>\n<p style=\"text-align: center;\"><strong>Trabajadores, Un\u00e1monos Por el Comunismo Dondequiera que Estemos y de Donde Vengamos<\/strong><\/p>\n<p style=\"text-align: justify;\">LONDRES (Reino Unido), 4 de diciembre \u2014 Veintisiete migrantes m\u00e1s murieron la semana pasada tratando desesperadamente de cruzar el Canal de la Mancha. Tanto los guardacostas franceses como los brit\u00e1nicos ignoraron sus llamados de auxilio.<\/p>\n<p style=\"text-align: justify;\">Esto es por dise\u00f1o capitalista. La Ministra del Interior de Inglaterra, Priti Patel, ha declarado la guerra en el mar contra los refugiados, utilizando todo lo que est\u00e1 a disposici\u00f3n de Gran Breta\u00f1a, incluida la Naval Real. Los gobernantes brit\u00e1nicos est\u00e1n presionando para que la OTAN fortalezca las fronteras de Europa en el Mediterr\u00e1neo, \u00a1la misma OTAN que destruy\u00f3 Libia y desplaz\u00f3 a millones!<\/p>\n<p style=\"text-align: justify;\">Los migrantes son considerados sin patria y no ser la responsabilidad de nadie. Sin embargo, el estado brit\u00e1nico considera legales a quienes logran llegar por medios \u201cseguros y legales\u201d y aquellos que cruzan desesperadamente el Canal de la Mancha los considera \u201cilegales\u201d y criminales.<\/p>\n<p style=\"text-align: justify;\">La clase dominante brit\u00e1nica promueve la narrativa de que los \u201ctraficantes de personas\u201d causan la crisis de refugiados. Los pintan como malvados g\u00e1nsteres que buscan extorsionar y explotar a los migrantes econ\u00f3micamente dispuestos a hacerlo. Por supuesto, muchas empresas capitalistas ilegales se benefician del contrabando de personas a trav\u00e9s de las fronteras. Y la gente desesperada contrata con ellos para cruzar a sus familiares o amigos. Como cualquier empresa capitalista, algunas son m\u00e1s inescrupulosas que otras. Pero son los patrones quienes intencionalmente hacen peligroso el cruce, lo que obliga a los migrantes a utilizar contrabandistas mafiosos.<\/p>\n<p style=\"text-align: center;\"><strong>Esta narrativa disfraza la verdadera causa de la crisis: las guerras desatadas en las \u00faltimas d\u00e9cadas por los mayores mafiosos (g\u00e1nsteres): los imperialistas.<\/strong><\/p>\n<p style=\"text-align: justify;\">Las rivalidades interimperialistas han provocado destrucci\u00f3n en Afganist\u00e1n, Irak, Libia, Siria, Yemen y Etiopia. Su asesinatos y caos masivos han obligado a las masas a huir. Despu\u00e9s de bombardear estos pa\u00edses en pedazos, los capitalistas ven a los que huyen de la matanza como un inconveniente. Se niegan a recoger los pedazos y, en cambio, culpan a nuestros hermanos trabajadores que sufren estas atrocidades.<\/p>\n<p style=\"text-align: justify;\">El imperialismo ha desplazado actualmente a m\u00e1s de 82 millones de personas en el \u00faltimo a\u00f1o mediante sus guerras y terror econ\u00f3mico. Las personas desesperadas arriesgan sus vidas en busca de un lugar donde puedan ganarse la vida bajo la explotaci\u00f3n capitalista. Los capitalistas-imperialistas brit\u00e1nicos y franceses est\u00e1n ahora en desacuerdo sobre qu\u00e9 hacer con los refugiados.<\/p>\n<p><strong>Las fronteras nacionales nos encarcelan<\/strong><\/p>\n<p style=\"text-align: justify;\">El surgimiento del capitalismo trajo el estado-naci\u00f3n, que las clases capitalistas locales usaron para construir su industria y comercio. Se supon\u00eda que las naciones se basaban en un idioma, una cultura, una tradici\u00f3n y un territorio com\u00fan, pero en todas partes se inclu\u00edan grupos minoritarios.<\/p>\n<p style=\"text-align: justify;\">Con la naci\u00f3n llegaron fronteras artificiales que nunca han sido est\u00e1ticas o fijas y cambian con frecuencia. Basta con mirar a Francia, Alemania o Polonia para ver c\u00f3mo han cambiado sus fronteras en el \u00faltimo siglo.<\/p>\n<p style=\"text-align: justify;\">Estas fronteras protegieron a cada clase capitalista de los competidores externos y les permitieron reducir el valor de la obra de mano de los trabajadores residiendo fuera de sus fronteras como una fuente potencial de superexplotaci\u00f3n.<\/p>\n<p style=\"text-align: justify;\">Los trabajadores que huyen desesperadamente de la pobreza, el desempleo y la persecuci\u00f3n en sus pa\u00edses correr\u00e1n (y corren) grandes peligros para cruzar estas fronteras fortificadas, como la frontera entre M\u00e9xico y Estados Unidos. Entonces aceptan trabajar como trabajadores indocumentados por salarios m\u00e1s bajos y con poca protecci\u00f3n de los patrones. En el siglo 20, los trabajadores turcos jugaron un papel enorme en la prosperidad de Alemania. Esto significo m\u00e1s ganancias para la clase patronal.<\/p>\n<p style=\"text-align: justify;\">Sin embargo, este no es el caso en Europa hoy. Las clases dominantes no est\u00e1n interesadas en recibir una gran concentraci\u00f3n de personas desplazadas por sus guerras porque no ven c\u00f3mo sacar provecho de su mano de obra. Si bien el capitalismo tiene pocas restricciones y fronteras para su comercio, mercanc\u00edas y negocios, est\u00e1 restringiendo cada vez m\u00e1s a los refugiados de sus guerras.<\/p>\n<p style=\"text-align: justify;\">Gran Breta\u00f1a solo acepta el 1% de los refugiados que se dirigen a Europa. Quienes eligen Gran Breta\u00f1a lo hacen principalmente por conexiones familiares o porque hablan ingl\u00e9s. Los medios de comunicaci\u00f3n de la clase dominante publican historias de Gran Breta\u00f1a ser \u201cmuy tolerante\u201d o de repartirles generosos beneficios a refugiados que evaden trabajar.<\/p>\n<p style=\"text-align: justify;\">En realidad, a los refugiados y solicitantes de asilo se les proh\u00edbe trabajar y se les pone en centros de detenci\u00f3n similares a prisiones (campos de concentraci\u00f3n). Aquellos que tienen la suerte de ser considerados \u201clegales\u201d son recluidos en hoteles ruinosos que carecen de las comodidades b\u00e1sicas mientras esperan una decisi\u00f3n de residencia.<\/p>\n<p style=\"text-align: justify;\">La clase dominante brit\u00e1nica quiere deportar a Francia, donde llegan primero a los que hacen el peligroso viaje cruzando la frontera del Canal de la Mancha, llegando a Francia primero. La clase dominante francesa, a su vez, quiere enviarlos a Gran Breta\u00f1a. Seg\u00fan el acuerdo \u201cDubl\u00edn III\u201d de la Uni\u00f3n Europea, cualquier estado tiene derecho a enviar migrantes de regreso al estado miembro al que llegaron originalmente. Ahora que la clase dominante de Gran Breta\u00f1a ha abandonado la UE, no puede hacer esto y se le ha complicado las cosas.<\/p>\n<p style=\"text-align: center;\"><strong>Derroquemos a Todos los Capitalistas y sus Fronteras<\/strong><\/p>\n<p style=\"text-align: justify;\">Solo hay una forma de prevenir el desplazamiento, la superexplotaci\u00f3n, la muerte y la miseria que resultan de la guerra imperialista. Es unirse con todos los trabajadores de cualquier frontera en las que nacieron o est\u00e1n atrapados y organizarse para derrocar a la clase capitalista con la revoluci\u00f3n comunista. \u00a1Luchemos por un mundo con propiedad com\u00fan, igualdad y equidad, y por el fin de las fronteras artificiales y las fortificaciones!<\/p>\n<p style=\"text-align: justify;\">Los capitalistas no tienen fronteras para ellos, las usan contra nosotros, para impedir la unidad. \u00a1Los trabajadores no necesitamos sus fronteras ni sus naciones! \u00a1Obreros del mundo, un\u00edos!<\/p>\n<h4 id=\"2\" style=\"text-align: center;\"><span style=\"color: #ff0000;\"><strong>Trabajadores Migrantes: Luchadores por Toda La Clase Obrera<\/strong><\/span><\/h4>\n<p style=\"text-align: justify;\">Diciembre 6\u2014\u201cSi me arrestan y los dem\u00e1s pueden seguir, no me importa\u201d, dijo uno de los cientos de migrantes que se enfrentaron a efectivos de la Guardia Nacional y agentes de inmigraci\u00f3n que intentaban detener una caravana en el Estado de Veracruz.<\/p>\n<p style=\"text-align: justify;\">Con palos y pu\u00f1etazos los migrantes lograron romper el cerco y continuaron su traves\u00eda hacia la frontera del norte (EE. UU.)<\/p>\n<p style=\"text-align: justify;\">El \u00e9xodo masivo de migrantes haitianos, cubanos, sur americanos y centroamericanos muestran el colapso de las instituciones burguesas y la crueldad del sistema capitalista.<\/p>\n<p style=\"text-align: justify;\">Mientras que en M\u00e9xico vemos c\u00f3mo un gobierno \u201cprogresista\u201d no tiene reparos en crear y desplegar la nueva Guardia Nacional contra los migrantes por todo el pa\u00eds y su frontera sur.<\/p>\n<p style=\"text-align: justify;\">La situaci\u00f3n de los migrantes que logran llegar a Tapachula, Chiapas, M\u00e9xico es grave y de extrema crueldad. El gobierno mexicano ha creado en Tapachula una ciudad-c\u00e1rcel. El Instituto Nacional de Migraci\u00f3n no permite el tr\u00e1nsito de los migrantes y ha fracasado en cada intento de regularizar la situaci\u00f3n migratoria de estos. Nuevas caravanas surgen desde Tapachula, pero r\u00e1pidamente son atacadas y disueltas. Pocos logran pasar.<\/p>\n<p style=\"text-align: justify;\">En la ciudad-c\u00e1rcel Tapachula, las autoridades mexicanas han tratado de sofocar y deportar hacia otros pa\u00edses a los migrantes haitianos y otros. La crisis sanitaria y de vivienda la sufren miles de mujeres, ni\u00f1os, ni\u00f1as y hombres que carecen de los servicios b\u00e1sicos.<\/p>\n<p style=\"text-align: justify;\">Migraci\u00f3n ha prometido desplazar hacia otros estados del pa\u00eds a los migrantes para regularizar su situaci\u00f3n. Sin embargo, la gravedad de la situaci\u00f3n nos deber\u00eda advertir que no basta con una v\u00e1lvula de escape ante un colapso de la vida producido por todo el sistema.<\/p>\n<p style=\"text-align: justify;\">Los capitalistas ya no pueden ofrecer otra cosa que dolor y explotaci\u00f3n a la clase trabajadora. Los migrantes no son simples v\u00edctimas, son luchadores que buscan un futuro. Esa audacia y dedicaci\u00f3n a la sobrevivencia puede y debe ser canalizada a la destrucci\u00f3n del sistema capitalista.<\/p>\n<p style=\"text-align: justify;\">Los comunistas debemos luchar arduamente para constituir el poder necesario para crear esa sociedad donde ning\u00fan ser humano sea llamado ilegal o extranjero.<\/p>\n<p style=\"text-align: justify;\">La clase obrera, de la cu\u00e1l somos parte integra los migrantes tenemos el poder y potencial de hacer de este mundo, un mundo comunista sin fronteras.<\/p>\n<p>&#8211; Camarada Inmigrante en EE.UU.<\/p>\n<h4><a href=\"https:\/\/icwpredflag.org\/wp\/wordpress\/wps\/volumen-12-numero-16\/\">Primera p\u00e1gina de esta edici\u00f3n<\/a><\/h4>\n","protected":false},"excerpt":{"rendered":"<p>El Imperialismo Crea Fronteras y Refugiados aqu\u00ed \u2666\u00a0Trabajadores Migrantes: Luchadores por Toda la Clase Obrera aqu\u00ed \u2666 El imperialismo crea las Fronteras y los Refugiados Trabajadores, Un\u00e1monos Por el Comunismo Dondequiera que Estemos y de Donde Vengamos LONDRES (Reino Unido), 4 de diciembre \u2014 Veintisiete migrantes m\u00e1s murieron la semana pasada tratando desesperadamente de cruzar &hellip; <a href=\"https:\/\/icwpredflag.org\/wp\/wordpress\/wps\/volumen-12-numero-16\/trabajadores-unamonos-por-el-comunismo-dondequiera-que-estemos-y-de-donde-vengamos\/\" class=\"more-link\">Sigue leyendo <span class=\"screen-reader-text\">Trabajadores, Un\u00e1monos Por el Comunismo Dondequiera que Estemos y de Donde Vengamos<\/span><\/a><\/p>\n","protected":false},"author":6,"featured_media":5655,"parent":8531,"menu_order":0,"comment_status":"closed","ping_status":"closed","template":"","meta":{"footnotes":""},"class_list":["post-8548","page","type-page","status-publish","has-post-thumbnail","hentry"],"_links":{"self":[{"href":"https:\/\/icwpredflag.org\/wp\/wordpress\/wps\/wp-json\/wp\/v2\/pages\/8548","targetHints":{"allow":["GET"]}}],"collection":[{"href":"https:\/\/icwpredflag.org\/wp\/wordpress\/wps\/wp-json\/wp\/v2\/pages"}],"about":[{"href":"https:\/\/icwpredflag.org\/wp\/wordpress\/wps\/wp-json\/wp\/v2\/types\/page"}],"author":[{"embeddable":true,"href":"https:\/\/icwpredflag.org\/wp\/wordpress\/wps\/wp-json\/wp\/v2\/users\/6"}],"replies":[{"embeddable":true,"href":"https:\/\/icwpredflag.org\/wp\/wordpress\/wps\/wp-json\/wp\/v2\/comments?post=8548"}],"version-history":[{"count":5,"href":"https:\/\/icwpredflag.org\/wp\/wordpress\/wps\/wp-json\/wp\/v2\/pages\/8548\/revisions"}],"predecessor-version":[{"id":8583,"href":"https:\/\/icwpredflag.org\/wp\/wordpress\/wps\/wp-json\/wp\/v2\/pages\/8548\/revisions\/8583"}],"up":[{"embeddable":true,"href":"https:\/\/icwpredflag.org\/wp\/wordpress\/wps\/wp-json\/wp\/v2\/pages\/8531"}],"wp:featuredmedia":[{"embeddable":true,"href":"https:\/\/icwpredflag.org\/wp\/wordpress\/wps\/wp-json\/wp\/v2\/media\/5655"}],"wp:attachment":[{"href":"https:\/\/icwpredflag.org\/wp\/wordpress\/wps\/wp-json\/wp\/v2\/media?parent=8548"}],"curies":[{"name":"wp","href":"https:\/\/api.w.org\/{rel}","templated":true}]}}