{"id":9440,"date":"2022-07-17T05:50:49","date_gmt":"2022-07-17T05:50:49","guid":{"rendered":"https:\/\/icwpredflag.org\/wp\/wordpress\/wps\/?page_id=9440"},"modified":"2022-07-17T17:08:23","modified_gmt":"2022-07-17T17:08:23","slug":"todos-los-trabajadores-tienen-el-mismo-interes-de-clase-en-derrotar-el-racismo-con-la-revolucion-comunista","status":"publish","type":"page","link":"https:\/\/icwpredflag.org\/wp\/wordpress\/wps\/volumen-13-numero-9\/todos-los-trabajadores-tienen-el-mismo-interes-de-clase-en-derrotar-el-racismo-con-la-revolucion-comunista\/","title":{"rendered":"Todos los trabajadores tienen el mismo inter\u00e9s de clase en derrotar el racismo con la revoluci\u00f3n comunista"},"content":{"rendered":"<p style=\"text-align: center\"><strong>Akron (EEUU) Asesinato polic\u00edaco de Jaylon Walker <a class=\"icwp-emph\" href=\"#1\">aqu\u00ed \u2666<\/a> Mortal Teor\u00eda racista de reemplazo sirve\u00a0 al capitalismo <a class=\"icwp-emph\" href=\"#2\">aqu\u00ed \u2666<\/a><\/strong><\/p>\n<p><img loading=\"lazy\" decoding=\"async\" class=\"aligncenter wp-image-9398\" src=\"https:\/\/icwpredflag.org\/wp\/wordpress\/wps\/wp-content\/uploads\/sites\/2\/2022\/07\/blmdemo.jpeg\" alt=\"\" width=\"716\" height=\"402\" srcset=\"https:\/\/icwpredflag.org\/wp\/wordpress\/wps\/wp-content\/uploads\/sites\/2\/2022\/07\/blmdemo.jpeg 474w, https:\/\/icwpredflag.org\/wp\/wordpress\/wps\/wp-content\/uploads\/sites\/2\/2022\/07\/blmdemo-300x168.jpeg 300w\" sizes=\"auto, (max-width: 716px) 100vw, 716px\" \/><strong>Denunciando Asesinato Racista<\/strong><\/p>\n<h4 id=\"1\" style=\"text-align: center\"><\/h4>\n<p style=\"text-align: justify\">Akron (EE. UU.), 11 de julio \u2013 Las protestas contin\u00faan por el asesinato policial del desarmado Jayland Walker el 27 de junio. Walker, un repartidor negro de aplicaciones de comida de 25 a\u00f1os, muri\u00f3 bajo una lluvia de 90 balazos, despu\u00e9s de una persecuci\u00f3n en autom\u00f3vil. La polic\u00eda estadounidense mata un promedio de tres personas por d\u00eda. En promedio, una de estas personas es negra. Casi todos son de clase obrera.<\/p>\n<p style=\"text-align: justify\">La polic\u00eda nos mata con impunidad. Rara vez enfrentan consecuencias porque protegen los intereses de la clase dominante. Podemos ver que, como ya no podemos vivir como antes, ellos no pueden gobernarnos como antes.<\/p>\n<p style=\"text-align: justify\">En todo el mundo, las masas saben que el capitalismo no tiene nada que ofrecernos sino explotaci\u00f3n y miseria. Muchos est\u00e1n viendo, quiz\u00e1s por primera vez, que no podemos reformar o votar para eliminar el capitalismo. Es solo a trav\u00e9s de la revoluci\u00f3n comunista armada que terminaremos con nuestro sufrimiento y construiremos el mundo que necesitamos y merecemos.<\/p>\n<h4 id=\"2\" style=\"text-align: center\"><span style=\"color: #ff0000\"><strong>La Mortal Teor\u00eda Racista del Reemplazo Sirve a los Intereses Capitalistas<\/strong><\/span><\/h4>\n<p><strong>Todos los Trabajadores Tenemos el Mismo Inter\u00e9s Clasista de Combatir el Racismo con la Revoluci\u00f3n Comunista<\/strong><\/p>\n<p style=\"text-align: justify\">La teor\u00eda del reemplazo tiene sus ra\u00edces en el nacionalismo blanco. Es un producto de la clase capitalista principalmente blanca. Incita a los trabajadores blancos a identificarse \u00e9tnica y nacionalmente con los capitalistas blancos, su enemigo de clase que los explota.<\/p>\n<p style=\"text-align: justify\">La teor\u00eda del reemplazo se basa en la mentira de que los europeos blancos y sus descendientes poseen y habitan leg\u00edtimamente sus \u201cpatrias\u201d.<\/p>\n<p style=\"text-align: justify\">En las Am\u00e9ricas, Australia y Nueva Zelanda, los colonos coloniales reclamando \u201cderechos a la patria\u201d basados en raza, religi\u00f3n y cultura, expulsaron a los pueblos ind\u00edgenas de sus tierras ancestrales.<\/p>\n<p style=\"text-align: justify\">En \u00c1frica y Asia, los imperialistas europeos intentaron estrategias similares en Rhodesia (Zimbabue), Sud\u00e1frica, Timor, Goa, Macao y otros lugares. Esos intentos fracasaron por la resistencia armada y rebeliones. Pero los colonialistas a\u00fan ejerc\u00edan un incre\u00edble poder econ\u00f3mico, social, cultural y pol\u00edtico.<\/p>\n<p style=\"text-align: justify\">La teor\u00eda del reemplazo se remonta a casi 200 a\u00f1os. El Destino Manifiesto, una ideolog\u00eda pol\u00edtica y social de supremac\u00eda blanca, negaba la existencia de los pueblos ind\u00edgenas en las Am\u00e9ricas. Los gobernantes europeos emprendieron guerras devastadoras contra ellos las cuales rehicieron completamente las vastas franjas de territorio. Esclavizaron a los trabajadores africanos en campos de tabaco y algod\u00f3n reci\u00e9n creados.<\/p>\n<p style=\"text-align: justify\">Las mentiras del \u201cpeligro amarillo\u201d impulsadas por los peri\u00f3dicos de los patrones estadounidenses generaron un movimiento racista contra los inmigrantes chinos. Turbas blancas lincharon a miles despu\u00e9s de que los patrones les dijeran a los obreros blancos que los obreros chinos les estaban \u201cquitando sus empleos\u201d.<\/p>\n<p><strong>La Fascista \u201cTeor\u00eda del Reemplazo\u201d Incita a Asesinatos Racistas<\/strong><\/p>\n<p style=\"text-align: justify\">En Francia, la fascista LePen obtuvo victorias parlamentarias este a\u00f1o despu\u00e9s de hacer campa\u00f1a usando la ideolog\u00eda del reemplazo. La teor\u00eda del reemplazo, juntamente con la pol\u00edtica antiinmigrante y el nacionalismo blanco, ha establecido los movimientos pol\u00edticos de derecha y ha desencadenado ataques mortales en Francia, Rusia, Ucrania, el Reino Unido y otros pa\u00edses.<\/p>\n<p style=\"text-align: justify\">Algunos cristianos evang\u00e9licos de EE. UU. promueven mentiras fascistas sobre una supuesta conspiraci\u00f3n para reemplazar a los cristianos estadounidenses blancos \u201cnativos\u201d. El hecho es que los estadounidenses y europeos blancos que difunden el nacionalismo, el patriotismo y las teor\u00edas del reemplazo son ellos mismos los perpetradores.<\/p>\n<p style=\"text-align: justify\">Su ret\u00f3rica basada en el miedo est\u00e1 detr\u00e1s de muchos tiroteos masivos recientes. El tirador de Buffalo (EE. UU.) mat\u00f3 solo a estadounidenses negros. El asesino de Christchurch (Nueva Zelanda) atac\u00f3 a los musulmanes. En El Paso, fueron los latinos\/as. En Utoya (Noruega) eran j\u00f3venes que asist\u00edan a un campamento de verano de izquierda. Dylan Roof asesin\u00f3 a sangre fr\u00eda a feligreses negros durante las oraciones. Jud\u00edos fueron atacados en Pittsburgh, los sikhs en Wisconsin, las mujeres asi\u00e1ticas en Atlanta.<\/p>\n<p style=\"text-align: justify\">La teor\u00eda del reemplazo culpa a los jud\u00edos, socialistas, comunistas y liberales por supuestamente traer m\u00e1s inmigrantes para ganar las elecciones. En el mitin Unite the Right (Unificar la Derecha) de 2017 en Charlottesville, Virginia, los supremacistas blancos corearon: \u201cLos jud\u00edos no nos reemplazar\u00e1n\u201d.<\/p>\n<p><strong>El Racismo es una Cuesti\u00f3n de Clase<\/strong><\/p>\n<p style=\"text-align: justify\">La Teor\u00eda del Reemplazo promueve la mentira de que los trabajadores blancos y los trabajadores de color tienen intereses opuestos. Muchos liberales tambi\u00e9n hacen esto. La verdad es que nuestros intereses de clase son los mismos: aplastar el podrido sistema capitalista que nos tiene a todos atados a la esclavitud asalariada.<\/p>\n<p style=\"text-align: justify\">Toda forma de prejuicio y superexplotaci\u00f3n tiene sus ra\u00edces en la sociedad de clases. La esclavitud asalariada capitalista penaliza, no privilegia, a todos los trabajadores. La superexplotaci\u00f3n de los trabajadores, estudiantes y soldados de color no niega la explotaci\u00f3n de los trabajadores, estudiantes y soldados blancos.<\/p>\n<p><strong>Solo podemos ganar si estamos todos juntos en esta lucha.<\/strong><\/p>\n<p style=\"text-align: justify\">Los que organizamos para una revoluci\u00f3n comunista somos camaradas, no simplemente aliados, cualquiera que sea nuestra \u201craza\u201d o etnia. Como comunistas, movilizamos masivamente contra las ideas racistas y para destruir todas las pr\u00e1cticas racistas.<\/p>\n<p style=\"text-align: justify\">Podemos erradicar el racismo, el sexismo, la xenofobia, el castismo y el resto mediante la construcci\u00f3n de un Partido Comunista Obrero Internacional masivo para acabar con la esclavitud asalariada capitalista y crear un sistema que desate el verdadero poder de las masas.<\/p>\n<p><strong>Aplastar la Teor\u00eda del Reemplazo con la Revoluci\u00f3n Comunista<\/strong><\/p>\n<p style=\"text-align: justify\">Los patrones capitalistas saben que estar\u00e1n en problemas cuando la clase obrera se una para derrocarlos. La teor\u00eda del reemplazo es otra forma m\u00e1s de dividir a la clase trabajadora. Solo la revoluci\u00f3n comunista mundial terminar\u00e1 permanentemente con el dominio del imperialismo capitalista.<\/p>\n<p style=\"text-align: justify\">Los comunistas sab\u00edan hace m\u00e1s de un siglo que el internacionalismo ser\u00eda el \u00fanico ant\u00eddoto contra el nacionalismo y todas sus derivaciones, como el racismo, la teor\u00eda del reemplazo y la xenofobia. El PCOI promueve el internacionalismo mediante la construcci\u00f3n de un partido comunista mundial del mismo modo que un mundo comunista no tendr\u00e1 fronteras.<\/p>\n<p style=\"text-align: justify\">No podemos dejarnos enga\u00f1ar por una ret\u00f3rica deshonesta y divisiva, cualquiera que sea su origen. Los capitalistas desesperados necesitan nuestro miedo, p\u00e1nico y cinismo para su supervivencia y superganancias.<\/p>\n<p style=\"text-align: justify\">Podemos derrotarlos uni\u00e9ndonos como clase obrera internacional para organizar y abogar por la revoluci\u00f3n comunista. Solo la victoria del comunismo crear\u00e1 la base material para acabar con el racismo para siempre.<\/p>\n<p style=\"text-align: justify\">Debemos conocer nuestra verdadera historia: que el capitalismo colonial dirigi\u00f3 la sustituci\u00f3n de los ind\u00edgenas y el robo de la tierra, la esclavitud y el genocidio.<\/p>\n<p style=\"text-align: justify\">Debemos saber que los intereses reales de todos los trabajadores son los mismos.<\/p>\n<p style=\"text-align: justify\">Debemos encontrar fuerza en el movimiento comunista internacional y en el Partido Comunista Obrero Internacional.<\/p>\n<h4><a href=\"https:\/\/icwpredflag.org\/wp\/wordpress\/wps\/volumen-13-numero-9\/\">Primera p\u00e1gina de esta edici\u00f3n<\/a><\/h4>\n","protected":false},"excerpt":{"rendered":"<p>Akron (EEUU) Asesinato polic\u00edaco de Jaylon Walker aqu\u00ed \u2666 Mortal Teor\u00eda racista de reemplazo sirve\u00a0 al capitalismo aqu\u00ed \u2666 Denunciando Asesinato Racista Akron (EE. UU.), 11 de julio \u2013 Las protestas contin\u00faan por el asesinato policial del desarmado Jayland Walker el 27 de junio. Walker, un repartidor negro de aplicaciones de comida de 25 a\u00f1os, &hellip; <a href=\"https:\/\/icwpredflag.org\/wp\/wordpress\/wps\/volumen-13-numero-9\/todos-los-trabajadores-tienen-el-mismo-interes-de-clase-en-derrotar-el-racismo-con-la-revolucion-comunista\/\" class=\"more-link\">Sigue leyendo <span class=\"screen-reader-text\">Todos los trabajadores tienen el mismo inter\u00e9s de clase en derrotar el racismo con la revoluci\u00f3n comunista<\/span><\/a><\/p>\n","protected":false},"author":6,"featured_media":5655,"parent":9409,"menu_order":0,"comment_status":"closed","ping_status":"closed","template":"","meta":{"footnotes":""},"class_list":["post-9440","page","type-page","status-publish","has-post-thumbnail","hentry"],"_links":{"self":[{"href":"https:\/\/icwpredflag.org\/wp\/wordpress\/wps\/wp-json\/wp\/v2\/pages\/9440","targetHints":{"allow":["GET"]}}],"collection":[{"href":"https:\/\/icwpredflag.org\/wp\/wordpress\/wps\/wp-json\/wp\/v2\/pages"}],"about":[{"href":"https:\/\/icwpredflag.org\/wp\/wordpress\/wps\/wp-json\/wp\/v2\/types\/page"}],"author":[{"embeddable":true,"href":"https:\/\/icwpredflag.org\/wp\/wordpress\/wps\/wp-json\/wp\/v2\/users\/6"}],"replies":[{"embeddable":true,"href":"https:\/\/icwpredflag.org\/wp\/wordpress\/wps\/wp-json\/wp\/v2\/comments?post=9440"}],"version-history":[{"count":2,"href":"https:\/\/icwpredflag.org\/wp\/wordpress\/wps\/wp-json\/wp\/v2\/pages\/9440\/revisions"}],"predecessor-version":[{"id":9442,"href":"https:\/\/icwpredflag.org\/wp\/wordpress\/wps\/wp-json\/wp\/v2\/pages\/9440\/revisions\/9442"}],"up":[{"embeddable":true,"href":"https:\/\/icwpredflag.org\/wp\/wordpress\/wps\/wp-json\/wp\/v2\/pages\/9409"}],"wp:featuredmedia":[{"embeddable":true,"href":"https:\/\/icwpredflag.org\/wp\/wordpress\/wps\/wp-json\/wp\/v2\/media\/5655"}],"wp:attachment":[{"href":"https:\/\/icwpredflag.org\/wp\/wordpress\/wps\/wp-json\/wp\/v2\/media?parent=9440"}],"curies":[{"name":"wp","href":"https:\/\/api.w.org\/{rel}","templated":true}]}}